Last updated on 2025-01-19 05:49:23 CET.
Flavor | Version | Tinstall | Tcheck | Ttotal | Status | Flags |
---|---|---|---|---|---|---|
r-devel-linux-x86_64-debian-clang | 1.0.2 | 18.07 | 481.27 | 499.34 | NOTE | |
r-devel-linux-x86_64-debian-gcc | 1.0.2 | 10.40 | 295.84 | 306.24 | NOTE | |
r-devel-linux-x86_64-fedora-clang | 1.0.2 | 879.68 | OK | |||
r-devel-linux-x86_64-fedora-gcc | 1.0.2 | 806.90 | OK | |||
r-devel-windows-x86_64 | 1.0.2 | 21.00 | 412.00 | 433.00 | NOTE | |
r-patched-linux-x86_64 | 1.0.2 | 23.26 | 460.82 | 484.08 | OK | |
r-release-linux-x86_64 | 1.0.2 | 18.93 | 461.15 | 480.08 | OK | |
r-release-macos-arm64 | 1.0.2 | 193.00 | OK | |||
r-release-macos-x86_64 | 1.0.2 | 320.00 | OK | |||
r-release-windows-x86_64 | 1.0.2 | 21.00 | 421.00 | 442.00 | OK | |
r-oldrel-macos-arm64 | 1.0.2 | 205.00 | OK | |||
r-oldrel-macos-x86_64 | 1.0.2 | 535.00 | NOTE | |||
r-oldrel-windows-x86_64 | 1.0.2 | 25.00 | 566.00 | 591.00 | OK |
Version: 1.0.2
Check: Rd cross-references
Result: NOTE
Found the following Rd file(s) with Rd \link{} targets missing package
anchors:
predict.SL.glmnet.interaction.Rd: SL.glmnet
Please provide package anchors for all Rd \link{} targets not in the
package itself and the base packages.
Flavors: r-devel-linux-x86_64-debian-clang, r-devel-linux-x86_64-debian-gcc, r-devel-windows-x86_64
Version: 1.0.2
Check: package dependencies
Result: NOTE
Package suggested but not available for checking: ‘ggplot2’
Flavor: r-oldrel-macos-x86_64