Last updated on 2025-01-19 05:49:23 CET.
Flavor | Version | Tinstall | Tcheck | Ttotal | Status | Flags |
---|---|---|---|---|---|---|
r-devel-linux-x86_64-debian-clang | 0.8.0 | 27.87 | 262.43 | 290.30 | NOTE | |
r-devel-linux-x86_64-debian-gcc | 0.8.0 | 17.23 | 176.37 | 193.60 | NOTE | |
r-devel-linux-x86_64-fedora-clang | 0.8.0 | 400.90 | OK | |||
r-devel-linux-x86_64-fedora-gcc | 0.8.0 | 473.65 | OK | |||
r-devel-windows-x86_64 | 0.8.0 | 25.00 | 241.00 | 266.00 | NOTE | |
r-patched-linux-x86_64 | 0.8.0 | 33.54 | 237.92 | 271.46 | OK | |
r-release-linux-x86_64 | 0.8.0 | 24.67 | 237.35 | 262.02 | OK | |
r-release-macos-arm64 | 0.8.0 | 122.00 | NOTE | |||
r-release-macos-x86_64 | 0.8.0 | 184.00 | OK | |||
r-release-windows-x86_64 | 0.8.0 | 26.00 | 233.00 | 259.00 | OK | |
r-oldrel-macos-arm64 | 0.8.0 | 118.00 | NOTE | |||
r-oldrel-macos-x86_64 | 0.8.0 | 283.00 | NOTE | |||
r-oldrel-windows-x86_64 | 0.8.0 | 35.00 | 304.00 | 339.00 | OK |
Version: 0.8.0
Check: Rd cross-references
Result: NOTE
Found the following Rd file(s) with Rd \link{} targets missing package
anchors:
formatting.Rd: tbl_format_setup
Please provide package anchors for all Rd \link{} targets not in the
package itself and the base packages.
Flavors: r-devel-linux-x86_64-debian-clang, r-devel-linux-x86_64-debian-gcc, r-devel-windows-x86_64
Version: 0.8.0
Check: package dependencies
Result: NOTE
Package suggested but not available for checking: ‘SingleR’
Flavors: r-release-macos-arm64, r-oldrel-macos-arm64, r-oldrel-macos-x86_64