Last updated on 2025-01-19 05:49:23 CET.
Flavor | Version | Tinstall | Tcheck | Ttotal | Status | Flags |
---|---|---|---|---|---|---|
r-devel-linux-x86_64-debian-clang | 1.2.3 | 362.78 | 84.33 | 447.11 | OK | |
r-devel-linux-x86_64-debian-gcc | 1.2.3 | 219.75 | 59.95 | 279.70 | OK | |
r-devel-linux-x86_64-fedora-clang | 1.2.3 | 743.51 | OK | |||
r-devel-linux-x86_64-fedora-gcc | 1.2.3 | 793.26 | OK | |||
r-devel-windows-x86_64 | 1.2.3 | 270.00 | 142.00 | 412.00 | OK | |
r-patched-linux-x86_64 | 1.2.3 | 306.33 | 80.37 | 386.70 | OK | |
r-release-linux-x86_64 | 1.2.3 | 315.18 | 78.39 | 393.57 | OK | |
r-release-macos-arm64 | 1.2.3 | 222.00 | NOTE | |||
r-release-macos-x86_64 | 1.2.3 | 242.00 | NOTE | |||
r-release-windows-x86_64 | 1.2.3 | 267.00 | 138.00 | 405.00 | OK | |
r-oldrel-macos-arm64 | 1.2.3 | 221.00 | NOTE | |||
r-oldrel-macos-x86_64 | 1.2.3 | 231.00 | NOTE | |||
r-oldrel-windows-x86_64 | 1.2.3 | 315.00 | 169.00 | 484.00 | OK |
Version: 1.2.3
Check: installed package size
Result: NOTE
installed size is 46.4Mb
sub-directories of 1Mb or more:
libs 45.5Mb
Flavors: r-release-macos-arm64, r-release-macos-x86_64, r-oldrel-macos-arm64, r-oldrel-macos-x86_64