CRAN Package Check Results for Package tidystats

Last updated on 2020-06-02 12:48:59 CEST.

Flavor Version Tinstall Tcheck Ttotal Status Flags
r-devel-linux-x86_64-debian-clang 0.4 4.17 34.12 38.29 ERROR
r-devel-linux-x86_64-debian-gcc 0.4 3.53 26.46 29.99 ERROR
r-devel-linux-x86_64-fedora-clang 0.4 59.58 ERROR
r-devel-linux-x86_64-fedora-gcc 0.4 45.19 ERROR
r-devel-windows-ix86+x86_64 0.4 16.00 56.00 72.00 OK
r-patched-linux-x86_64 0.4 4.05 33.85 37.90 ERROR
r-patched-solaris-x86 0.4 71.60 ERROR
r-release-linux-x86_64 0.4 4.65 33.81 38.46 ERROR
r-release-osx-x86_64 0.4 NOTE
r-release-windows-ix86+x86_64 0.4 11.00 47.00 58.00 ERROR
r-oldrel-osx-x86_64 0.4 NOTE
r-oldrel-windows-ix86+x86_64 0.4 10.00 46.00 56.00 OK

Check Details

Version: 0.4
Check: examples
Result: ERROR
    Running examples in 'tidystats-Ex.R' failed
    The error most likely occurred in:
    
    > base::assign(".ptime", proc.time(), pos = "CheckExEnv")
    > ### Name: describe_data
    > ### Title: Calculate common descriptive statistics
    > ### Aliases: describe_data
    >
    > ### ** Examples
    >
    > # Load the dplyr package for access to the %>% operator and group_by()
    > library(dplyr)
    
    Attaching package: 'dplyr'
    
    The following objects are masked from 'package:stats':
    
     filter, lag
    
    The following objects are masked from 'package:base':
    
     intersect, setdiff, setequal, union
    
    >
    > # Inspect descriptives of the response column from the 'quote_source' data
    > # frame included in tidystats
    > describe_data(quote_source, response)
    # A tibble: 1 x 13
     variable missing N M SD SE min max range median mode
     <chr> <int> <int> <dbl> <dbl> <dbl> <dbl> <dbl> <dbl> <dbl> <dbl>
    1 response 18 6325 5.59 2.19 0.0275 1 9 8 5 5
    # ... with 2 more variables: skew <dbl>, kurtosis <dbl>
    >
    > # Repeat the former, now for each level of the source column
    > quote_source %>%
    + group_by(source) %>%
    + describe_data(response)
    Error: `x` must be a vector, not a `grouped_df/tbl_df/tbl/data.frame/tidystats_descriptives` object.
    Backtrace:
     x
     1. +-(function (x, ...) ...
     2. \-tibble:::print.tbl(x)
     3. +-cli::cat_line(format(x, ..., n = n, width = width, n_extra = n_extra))
     4. | \-base::paste0(..., collapse = "\n")
     5. +-base::format(x, ..., n = n, width = width, n_extra = n_extra)
     6. \-tibble:::format.tbl(x, ..., n = n, width = width, n_extra = n_extra)
     7. \-tibble::trunc_mat(x, n = n, width = width, n_extra = n_extra)
     8. +-base::as.data.frame(head(x, n))
     9. +-utils::head(x, n)
     10. \-utils:::head.data.frame(x, n)
     11. +-base::do.call("[", args)
     12. +-x[1:2, , drop = FALSE]
     13. \-dplyr:::`[.grouped_df`(x, 1:2, , drop = FALSE)
     14. \-dplyr::grouped_df(out, groups, group_by_drop_default(x))
     15. \-dplyr:::compute_groups(data, vars, drop = drop)
     16. +-tibble::as_tibble(data)
     17. \-dplyr::
    Execution halted
Flavor: r-devel-linux-x86_64-debian-clang

Version: 0.4
Check: examples
Result: ERROR
    Running examples in ‘tidystats-Ex.R’ failed
    The error most likely occurred in:
    
    > base::assign(".ptime", proc.time(), pos = "CheckExEnv")
    > ### Name: describe_data
    > ### Title: Calculate common descriptive statistics
    > ### Aliases: describe_data
    >
    > ### ** Examples
    >
    > # Load the dplyr package for access to the %>% operator and group_by()
    > library(dplyr)
    
    Attaching package: ‘dplyr’
    
    The following objects are masked from ‘package:stats’:
    
     filter, lag
    
    The following objects are masked from ‘package:base’:
    
     intersect, setdiff, setequal, union
    
    >
    > # Inspect descriptives of the response column from the 'quote_source' data
    > # frame included in tidystats
    > describe_data(quote_source, response)
    # A tibble: 1 x 13
     variable missing N M SD SE min max range median mode
     <chr> <int> <int> <dbl> <dbl> <dbl> <dbl> <dbl> <dbl> <dbl> <dbl>
    1 response 18 6325 5.59 2.19 0.0275 1 9 8 5 5
    # … with 2 more variables: skew <dbl>, kurtosis <dbl>
    >
    > # Repeat the former, now for each level of the source column
    > quote_source %>%
    + group_by(source) %>%
    + describe_data(response)
    Error: `x` must be a vector, not a `grouped_df/tbl_df/tbl/data.frame/tidystats_descriptives` object.
    Backtrace:
     █
     1. ├─(function (x, ...) ...
     2. └─tibble:::print.tbl(x)
     3. ├─cli::cat_line(format(x, ..., n = n, width = width, n_extra = n_extra))
     4. │ └─base::paste0(..., collapse = "\n")
     5. ├─base::format(x, ..., n = n, width = width, n_extra = n_extra)
     6. └─tibble:::format.tbl(x, ..., n = n, width = width, n_extra = n_extra)
     7. └─tibble::trunc_mat(x, n = n, width = width, n_extra = n_extra)
     8. ├─base::as.data.frame(head(x, n))
     9. ├─utils::head(x, n)
     10. └─utils:::head.data.frame(x, n)
     11. ├─base::do.call("[", args)
     12. ├─x[1:2, , drop = FALSE]
     13. └─dplyr:::`[.grouped_df`(x, 1:2, , drop = FALSE)
     14. └─dplyr::grouped_df(out, groups, group_by_drop_default(x))
     15. └─dplyr:::compute_groups(data, vars, drop = drop)
     16.
    Execution halted
Flavors: r-devel-linux-x86_64-debian-gcc, r-patched-linux-x86_64, r-release-linux-x86_64

Version: 0.4
Check: dependencies in R code
Result: NOTE
    Namespace in Imports field not imported from: ‘tidyr’
     All declared Imports should be used.
Flavors: r-devel-linux-x86_64-fedora-clang, r-devel-linux-x86_64-fedora-gcc, r-patched-solaris-x86, r-release-osx-x86_64, r-oldrel-osx-x86_64

Version: 0.4
Check: data for non-ASCII characters
Result: NOTE
     Note: found 113 marked UTF-8 strings
Flavors: r-devel-linux-x86_64-fedora-clang, r-devel-linux-x86_64-fedora-gcc, r-patched-solaris-x86, r-release-osx-x86_64, r-oldrel-osx-x86_64

Version: 0.4
Check: examples
Result: ERROR
    Running examples in ‘tidystats-Ex.R’ failed
    The error most likely occurred in:
    
    > ### Name: describe_data
    > ### Title: Calculate common descriptive statistics
    > ### Aliases: describe_data
    >
    > ### ** Examples
    >
    > # Load the dplyr package for access to the %>% operator and group_by()
    > library(dplyr)
    
    Attaching package: ‘dplyr’
    
    The following objects are masked from ‘package:stats’:
    
     filter, lag
    
    The following objects are masked from ‘package:base’:
    
     intersect, setdiff, setequal, union
    
    >
    > # Inspect descriptives of the response column from the 'quote_source' data
    > # frame included in tidystats
    > describe_data(quote_source, response)
    # A tibble: 1 x 13
     variable missing N M SD SE min max range median mode
     <chr> <int> <int> <dbl> <dbl> <dbl> <dbl> <dbl> <dbl> <dbl> <dbl>
    1 response 18 6325 5.59 2.19 0.0275 1 9 8 5 5
    # … with 2 more variables: skew <dbl>, kurtosis <dbl>
    >
    > # Repeat the former, now for each level of the source column
    > quote_source %>%
    + group_by(source) %>%
    + describe_data(response)
    Error: `x` must be a vector, not a `grouped_df/tbl_df/tbl/data.frame/tidystats_descriptives` object.
    Backtrace:
     █
     1. ├─(function (x, ...) ...
     2. └─tibble:::print.tbl(x)
     3. ├─cli::cat_line(format(x, ..., n = n, width = width, n_extra = n_extra))
     4. │ └─base::paste0(..., collapse = "\n")
     5. ├─base::format(x, ..., n = n, width = width, n_extra = n_extra)
     6. └─tibble:::format.tbl(x, ..., n = n, width = width, n_extra = n_extra)
     7. └─tibble::trunc_mat(x, n = n, width = width, n_extra = n_extra)
     8. ├─base::as.data.frame(head(x, n))
     9. ├─utils::head(x, n)
     10. └─utils:::head.data.frame(x, n)
     11. ├─base::do.call("[", args)
     12. ├─x[1:2, , drop = FALSE]
     13. └─dplyr:::`[.grouped_df`(x, 1:2, , drop = FALSE)
     14. └─dplyr::grouped_df(out, groups, group_by_drop_default(x))
     15. └─dplyr:::compute_groups(data, vars, drop = drop)
     16.
    Execution halted
Flavors: r-devel-linux-x86_64-fedora-clang, r-devel-linux-x86_64-fedora-gcc, r-patched-solaris-x86

Version: 0.4
Check: examples
Result: ERROR
    Running examples in 'tidystats-Ex.R' failed
    The error most likely occurred in:
    
    > ### Name: describe_data
    > ### Title: Calculate common descriptive statistics
    > ### Aliases: describe_data
    >
    > ### ** Examples
    >
    > # Load the dplyr package for access to the %>% operator and group_by()
    > library(dplyr)
    
    Attaching package: 'dplyr'
    
    The following objects are masked from 'package:stats':
    
     filter, lag
    
    The following objects are masked from 'package:base':
    
     intersect, setdiff, setequal, union
    
    >
    > # Inspect descriptives of the response column from the 'quote_source' data
    > # frame included in tidystats
    > describe_data(quote_source, response)
    # A tibble: 1 x 13
     variable missing N M SD SE min max range median mode
     <chr> <int> <int> <dbl> <dbl> <dbl> <dbl> <dbl> <dbl> <dbl> <dbl>
    1 response 18 6325 5.59 2.19 0.0275 1 9 8 5 5
    # ... with 2 more variables: skew <dbl>, kurtosis <dbl>
    >
    > # Repeat the former, now for each level of the source column
    > quote_source %>%
    + group_by(source) %>%
    + describe_data(response)
    Error: `x` must be a vector, not a `grouped_df/tbl_df/tbl/data.frame/tidystats_descriptives` object.
    Backtrace:
     x
     1. +-(function (x, ...) ...
     2. \-tibble:::print.tbl(x)
     3. +-cli::cat_line(format(x, ..., n = n, width = width, n_extra = n_extra))
     4. | \-base::paste0(..., collapse = "\n")
     5. +-base::format(x, ..., n = n, width = width, n_extra = n_extra)
     6. \-tibble:::format.tbl(x, ..., n = n, width = width, n_extra = n_extra)
     7. \-tibble::trunc_mat(x, n = n, width = width, n_extra = n_extra)
     8. +-base::as.data.frame(head(x, n))
     9. +-utils::head(x, n)
     10. \-utils:::head.data.frame(x, n)
     11. +-base::do.call("[", args)
     12. +-x[1:2, , drop = FALSE]
     13. \-dplyr:::`[.grouped_df`(x, 1:2, , drop = FALSE)
     14. \-dplyr::grouped_df(out, groups, group_by_drop_default(x))
     15. \-dplyr:::compute_groups(data, vars, drop = drop)
     16. +-tibble::as_tibble(data)
     17. \-dplyr::
    Execution halted
Flavor: r-release-windows-ix86+x86_64