CRAN Package Check Results for Package tidystats

Last updated on 2019-10-19 12:47:49 CEST.

Flavor Version Tinstall Tcheck Ttotal Status Flags
r-devel-linux-x86_64-debian-clang 0.4 3.65 32.46 36.11 OK
r-devel-linux-x86_64-debian-gcc 0.4 3.43 25.28 28.71 OK
r-devel-linux-x86_64-fedora-clang 0.4 47.07 NOTE
r-devel-linux-x86_64-fedora-gcc 0.4 43.16 NOTE
r-devel-windows-ix86+x86_64 0.4 11.00 69.00 80.00 OK
r-patched-linux-x86_64 0.4 3.63 31.18 34.81 OK
r-patched-solaris-x86 0.4 65.90 NOTE
r-release-linux-x86_64 0.4 4.16 31.63 35.79 OK
r-release-windows-ix86+x86_64 0.4 8.00 72.00 80.00 OK
r-release-osx-x86_64 0.4 NOTE
r-oldrel-windows-ix86+x86_64 0.4 5.00 38.00 43.00 OK
r-oldrel-osx-x86_64 0.4 NOTE

Check Details

Version: 0.4
Check: dependencies in R code
Result: NOTE
    Namespace in Imports field not imported from: ‘tidyr’
     All declared Imports should be used.
Flavors: r-devel-linux-x86_64-fedora-clang, r-devel-linux-x86_64-fedora-gcc, r-patched-solaris-x86, r-release-osx-x86_64, r-oldrel-osx-x86_64

Version: 0.4
Check: data for non-ASCII characters
Result: NOTE
     Note: found 113 marked UTF-8 strings
Flavors: r-devel-linux-x86_64-fedora-clang, r-devel-linux-x86_64-fedora-gcc, r-patched-solaris-x86, r-release-osx-x86_64, r-oldrel-osx-x86_64