CRAN Package Check Results for Package tidystopwords

Last updated on 2019-10-22 12:48:19 CEST.

Flavor Version Tinstall Tcheck Ttotal Status Flags
r-devel-linux-x86_64-debian-clang 0.9.0 3.35 85.02 88.37 OK
r-devel-linux-x86_64-debian-gcc 0.9.0 2.94 70.16 73.10 OK
r-devel-linux-x86_64-fedora-clang 0.9.0 109.64 NOTE
r-devel-linux-x86_64-fedora-gcc 0.9.0 107.36 NOTE
r-devel-windows-ix86+x86_64 0.9.0 10.00 129.00 139.00 OK
r-patched-linux-x86_64 0.9.0 3.15 84.17 87.32 OK
r-patched-solaris-x86 0.9.0 182.10 NOTE
r-release-linux-x86_64 0.9.0 3.37 82.69 86.06 OK
r-release-windows-ix86+x86_64 0.9.0 15.00 89.00 104.00 OK
r-release-osx-x86_64 0.9.0 NOTE
r-oldrel-windows-ix86+x86_64 0.9.0 7.00 127.00 134.00 OK
r-oldrel-osx-x86_64 0.9.0 NOTE

Check Details

Version: 0.9.0
Check: data for non-ASCII characters
Result: NOTE
     Note: found 229801 marked UTF-8 strings
Flavors: r-devel-linux-x86_64-fedora-clang, r-devel-linux-x86_64-fedora-gcc, r-patched-solaris-x86, r-release-osx-x86_64, r-oldrel-osx-x86_64