CRAN Package Check Results for Package tidystringdist

Last updated on 2025-01-19 05:49:23 CET.

Flavor Version Tinstall Tcheck Ttotal Status Flags
r-devel-linux-x86_64-debian-clang 0.1.4 3.34 39.32 42.66 OK
r-devel-linux-x86_64-debian-gcc 0.1.4 2.45 29.18 31.63 OK
r-devel-linux-x86_64-fedora-clang 0.1.4 75.31 OK
r-devel-linux-x86_64-fedora-gcc 0.1.4 76.52 OK
r-devel-windows-x86_64 0.1.4 4.00 63.00 67.00 OK
r-patched-linux-x86_64 0.1.4 3.16 35.90 39.06 NOTE
r-release-linux-x86_64 0.1.4 2.99 35.84 38.83 NOTE
r-release-macos-arm64 0.1.4 31.00 NOTE
r-release-macos-x86_64 0.1.4 45.00 NOTE
r-release-windows-x86_64 0.1.4 5.00 63.00 68.00 NOTE
r-oldrel-macos-arm64 0.1.4 32.00 NOTE
r-oldrel-macos-x86_64 0.1.4 48.00 NOTE
r-oldrel-windows-x86_64 0.1.4 8.00 65.00 73.00 NOTE

Check Details

Version: 0.1.4
Check: LazyData
Result: NOTE 'LazyData' is specified without a 'data' directory Flavors: r-patched-linux-x86_64, r-release-linux-x86_64, r-release-macos-arm64, r-release-macos-x86_64, r-release-windows-x86_64, r-oldrel-macos-arm64, r-oldrel-macos-x86_64, r-oldrel-windows-x86_64