Last updated on 2024-04-17 13:57:46 CEST.
Flavor | Version | Tinstall | Tcheck | Ttotal | Status | Flags |
---|---|---|---|---|---|---|
r-devel-linux-x86_64-debian-clang | 1.6.1 | 10.21 | 174.75 | 184.96 | OK | |
r-devel-linux-x86_64-debian-gcc | 1.6.1 | 8.47 | 137.70 | 146.17 | OK | |
r-devel-linux-x86_64-fedora-clang | 1.6.1 | 243.37 | NOTE | |||
r-devel-linux-x86_64-fedora-gcc | 1.6.1 | 242.01 | OK | |||
r-prerel-macos-arm64 | 1.6.1 | 73.00 | NOTE | |||
r-prerel-windows-x86_64 | 1.6.1 | 12.00 | 149.00 | 161.00 | NOTE | |
r-patched-linux-x86_64 | 1.6.1 | 12.19 | 171.21 | 183.40 | OK | |
r-release-linux-x86_64 | 1.6.1 | 12.46 | 175.46 | 187.92 | OK | |
r-release-macos-arm64 | 1.6.1 | 91.00 | NOTE | |||
r-release-macos-x86_64 | 1.6.1 | 156.00 | NOTE | |||
r-release-windows-x86_64 | 1.6.1 | 17.00 | 181.00 | 198.00 | NOTE | |
r-oldrel-macos-arm64 | 1.6.1 | 99.00 | NOTE | |||
r-oldrel-windows-x86_64 | 1.6.1 | 17.00 | 179.00 | 196.00 | NOTE |
Version: 1.6.1
Check: installed package size
Result: NOTE
installed size is 6.9Mb
sub-directories of 1Mb or more:
doc 2.0Mb
extdata 4.5Mb
Flavors: r-devel-linux-x86_64-fedora-clang, r-prerel-macos-arm64, r-prerel-windows-x86_64, r-release-macos-arm64, r-release-macos-x86_64, r-release-windows-x86_64, r-oldrel-macos-arm64, r-oldrel-windows-x86_64