Last updated on 2024-04-17 13:57:46 CEST.
Flavor | Version | Tinstall | Tcheck | Ttotal | Status | Flags |
---|---|---|---|---|---|---|
r-devel-linux-x86_64-debian-clang | 0.3.2 | 22.60 | 141.72 | 164.32 | NOTE | |
r-devel-linux-x86_64-debian-gcc | 0.3.2 | 14.39 | 104.13 | 118.52 | NOTE | |
r-devel-linux-x86_64-fedora-clang | 0.3.2 | 204.76 | NOTE | |||
r-devel-linux-x86_64-fedora-gcc | 0.3.2 | 191.78 | NOTE | |||
r-prerel-macos-arm64 | 0.3.2 | 53.00 | NOTE | |||
r-prerel-windows-x86_64 | 0.3.2 | 18.00 | 129.00 | 147.00 | NOTE | |
r-patched-linux-x86_64 | 0.3.2 | 18.93 | 136.29 | 155.22 | NOTE | |
r-release-linux-x86_64 | 0.3.2 | 16.04 | 137.04 | 153.08 | OK | |
r-release-macos-arm64 | 0.3.2 | 62.00 | OK | |||
r-release-macos-x86_64 | 0.3.2 | 114.00 | OK | |||
r-release-windows-x86_64 | 0.3.2 | 23.00 | 163.00 | 186.00 | OK | |
r-oldrel-macos-arm64 | 0.3.2 | 56.00 | OK | |||
r-oldrel-windows-x86_64 | 0.3.2 | 24.00 | 139.00 | 163.00 | OK |
Version: 0.3.2
Check: Rd files
Result: NOTE
checkRd: (-1) music.Rd:19: Lost braces in \itemize; meant \describe ?
checkRd: (-1) music.Rd:20: Lost braces in \itemize; meant \describe ?
checkRd: (-1) music.Rd:21: Lost braces in \itemize; meant \describe ?
checkRd: (-1) music.Rd:22: Lost braces in \itemize; meant \describe ?
checkRd: (-1) temperature.Rd:17: Lost braces in \itemize; meant \describe ?
checkRd: (-1) temperature.Rd:18: Lost braces in \itemize; meant \describe ?
checkRd: (-1) temperature.Rd:19: Lost braces in \itemize; meant \describe ?
checkRd: (-1) temperature.Rd:20: Lost braces in \itemize; meant \describe ?
checkRd: (-1) temperature.Rd:21: Lost braces in \itemize; meant \describe ?
checkRd: (-1) tips.Rd:21: Lost braces in \itemize; meant \describe ?
checkRd: (-1) tips.Rd:22: Lost braces in \itemize; meant \describe ?
checkRd: (-1) tips.Rd:23: Lost braces in \itemize; meant \describe ?
checkRd: (-1) tips.Rd:24: Lost braces in \itemize; meant \describe ?
checkRd: (-1) tips.Rd:25: Lost braces in \itemize; meant \describe ?
checkRd: (-1) tips.Rd:26: Lost braces in \itemize; meant \describe ?
checkRd: (-1) tips.Rd:27: Lost braces in \itemize; meant \describe ?
checkRd: (-1) tips.Rd:28: Lost braces in \itemize; meant \describe ?
checkRd: (-1) tornado.Rd:17: Lost braces in \itemize; meant \describe ?
checkRd: (-1) tornado.Rd:18: Lost braces in \itemize; meant \describe ?
checkRd: (-1) ucdavis1.Rd:17: Lost braces in \itemize; meant \describe ?
checkRd: (-1) ucdavis1.Rd:18: Lost braces in \itemize; meant \describe ?
checkRd: (-1) ucdavis1.Rd:19: Lost braces in \itemize; meant \describe ?
checkRd: (-1) ucdavis1.Rd:20: Lost braces in \itemize; meant \describe ?
checkRd: (-1) ucdavis1.Rd:21-22: Lost braces in \itemize; meant \describe ?
checkRd: (-1) ucdavis1.Rd:23: Lost braces in \itemize; meant \describe ?
checkRd: (-1) ucdavis1.Rd:24: Lost braces in \itemize; meant \describe ?
checkRd: (-1) ucdavis1.Rd:25: Lost braces in \itemize; meant \describe ?
checkRd: (-1) ucdavis1.Rd:26: Lost braces in \itemize; meant \describe ?
checkRd: (-1) ucdavis1.Rd:27: Lost braces in \itemize; meant \describe ?
checkRd: (-1) ucdavis1.Rd:28: Lost braces in \itemize; meant \describe ?
checkRd: (-1) ucdavis1.Rd:29-30: Lost braces in \itemize; meant \describe ?
Flavors: r-devel-linux-x86_64-debian-clang, r-devel-linux-x86_64-debian-gcc, r-devel-linux-x86_64-fedora-clang, r-devel-linux-x86_64-fedora-gcc, r-prerel-macos-arm64, r-prerel-windows-x86_64, r-patched-linux-x86_64