CRAN Package Check Results for Package tigger

Last updated on 2025-01-19 05:49:23 CET.

Flavor Version Tinstall Tcheck Ttotal Status Flags
r-devel-linux-x86_64-debian-clang 1.1.0 50.65 451.39 502.04 OK
r-devel-linux-x86_64-debian-gcc 1.1.0 33.43 358.67 392.10 OK
r-devel-linux-x86_64-fedora-clang 1.1.0 835.63 OK
r-devel-linux-x86_64-fedora-gcc 1.1.0 635.28 OK
r-devel-windows-x86_64 1.1.0 44.00 416.00 460.00 OK
r-patched-linux-x86_64 1.1.0 46.67 430.13 476.80 OK
r-release-linux-x86_64 1.1.0 45.81 419.91 465.72 OK
r-release-macos-arm64 1.1.0 211.00 NOTE
r-release-macos-x86_64 1.1.0 299.00 OK
r-release-windows-x86_64 1.1.0 44.00 411.00 455.00 OK
r-oldrel-macos-arm64 1.1.0 206.00 NOTE
r-oldrel-macos-x86_64 1.1.0 457.00 OK
r-oldrel-windows-x86_64 1.1.0 63.00 527.00 590.00 OK

Check Details

Version: 1.1.0
Check: installed package size
Result: NOTE installed size is 5.1Mb sub-directories of 1Mb or more: data 4.5Mb Flavors: r-release-macos-arm64, r-oldrel-macos-arm64