Last updated on 2024-04-21 13:55:49 CEST.
Flavor | Version | Tinstall | Tcheck | Ttotal | Status | Flags |
---|---|---|---|---|---|---|
r-devel-linux-x86_64-debian-clang | 0.2.0 | 5.47 | 51.08 | 56.55 | OK | |
r-devel-linux-x86_64-debian-gcc | 0.2.0 | 4.34 | 38.32 | 42.66 | OK | |
r-devel-linux-x86_64-fedora-clang | 0.2.0 | 70.46 | NOTE | |||
r-devel-linux-x86_64-fedora-gcc | 0.2.0 | 79.38 | NOTE | |||
r-prerel-macos-arm64 | 0.2.0 | 30.00 | OK | |||
r-prerel-windows-x86_64 | 0.2.0 | 8.00 | 61.00 | 69.00 | OK | |
r-patched-linux-x86_64 | 0.2.0 | 5.24 | 47.37 | 52.61 | OK | |
r-release-linux-x86_64 | 0.2.0 | 5.26 | 47.62 | 52.88 | OK | |
r-release-macos-arm64 | 0.2.0 | 37.00 | OK | |||
r-release-macos-x86_64 | 0.2.0 | 55.00 | OK | |||
r-release-windows-x86_64 | 0.2.0 | 9.00 | 66.00 | 75.00 | OK | |
r-oldrel-macos-arm64 | 0.2.0 | 26.00 | NOTE | |||
r-oldrel-windows-x86_64 | 0.2.0 | 11.00 | 69.00 | 80.00 | OK |
Version: 0.2.0
Check: dependencies in R code
Result: NOTE
Namespace in Imports field not imported from: ‘sp’
All declared Imports should be used.
Flavors: r-devel-linux-x86_64-fedora-clang, r-devel-linux-x86_64-fedora-gcc, r-oldrel-macos-arm64
Version: 0.2.0
Check: data for non-ASCII characters
Result: NOTE
Note: found 341 marked UTF-8 strings
Flavors: r-devel-linux-x86_64-fedora-clang, r-devel-linux-x86_64-fedora-gcc, r-oldrel-macos-arm64