Last updated on 2025-01-19 05:49:23 CET.
Flavor | Version | Tinstall | Tcheck | Ttotal | Status | Flags |
---|---|---|---|---|---|---|
r-devel-linux-x86_64-debian-clang | 0.2.0 | 2.60 | 102.09 | 104.69 | OK | |
r-devel-linux-x86_64-debian-gcc | 0.2.0 | 2.02 | 65.26 | 67.28 | OK | |
r-devel-linux-x86_64-fedora-clang | 0.2.0 | 196.65 | NOTE | |||
r-devel-linux-x86_64-fedora-gcc | 0.2.0 | 201.80 | NOTE | |||
r-devel-windows-x86_64 | 0.2.0 | 5.00 | 115.00 | 120.00 | OK | |
r-patched-linux-x86_64 | 0.2.0 | 2.30 | 98.96 | 101.26 | OK | |
r-release-linux-x86_64 | 0.2.0 | 2.35 | 102.31 | 104.66 | OK | |
r-release-macos-arm64 | 0.2.0 | 50.00 | OK | |||
r-release-macos-x86_64 | 0.2.0 | 81.00 | OK | |||
r-release-windows-x86_64 | 0.2.0 | 6.00 | 118.00 | 124.00 | OK | |
r-oldrel-macos-arm64 | 0.2.0 | 56.00 | OK | |||
r-oldrel-macos-x86_64 | 0.2.0 | 88.00 | OK | |||
r-oldrel-windows-x86_64 | 0.2.0 | 5.00 | 142.00 | 147.00 | OK |
Version: 0.2.0
Check: dependencies in R code
Result: NOTE
Namespace in Imports field not imported from: ‘lwgeom’
All declared Imports should be used.
Flavors: r-devel-linux-x86_64-fedora-clang, r-devel-linux-x86_64-fedora-gcc