Last updated on 2024-04-17 13:57:46 CEST.
Flavor | Version | Tinstall | Tcheck | Ttotal | Status | Flags |
---|---|---|---|---|---|---|
r-devel-linux-x86_64-debian-clang | 2.9.0 | 27.07 | 355.10 | 382.17 | OK | |
r-devel-linux-x86_64-debian-gcc | 2.9.0 | 19.51 | 253.04 | 272.55 | OK | |
r-devel-linux-x86_64-fedora-clang | 2.9.0 | 466.05 | NOTE | |||
r-devel-linux-x86_64-fedora-gcc | 2.9.0 | 486.27 | NOTE | |||
r-prerel-macos-arm64 | 2.9.0 | 120.00 | OK | |||
r-prerel-windows-x86_64 | 2.9.0 | 21.00 | 275.00 | 296.00 | OK | |
r-patched-linux-x86_64 | 2.9.0 | 30.66 | 307.71 | 338.37 | NOTE | |
r-release-linux-x86_64 | 2.9.0 | 16.73 | 308.98 | 325.71 | OK | |
r-release-macos-arm64 | 2.9.0 | 177.00 | OK | |||
r-release-macos-x86_64 | 2.9.0 | 273.00 | OK | |||
r-release-windows-x86_64 | 2.9.0 | 31.00 | 354.00 | 385.00 | OK | |
r-oldrel-macos-arm64 | 2.9.0 | 133.00 | OK | |||
r-oldrel-windows-x86_64 | 2.9.0 | 31.00 | 316.00 | 347.00 | OK |
Version: 2.9.0
Check: package dependencies
Result: NOTE
Imports includes 25 non-default packages.
Importing from so many packages makes the package vulnerable to any of
them becoming unavailable. Move as many as possible to Suggests and
use conditionally.
Flavor: r-devel-linux-x86_64-fedora-clang
Version: 2.9.0
Check: data for non-ASCII characters
Result: NOTE
Note: found 2750 marked UTF-8 strings
Flavors: r-devel-linux-x86_64-fedora-clang, r-devel-linux-x86_64-fedora-gcc
Version: 2.9.0
Check: package dependencies
Result: NOTE
Package suggested but not available for checking: ‘modeltime’
Flavor: r-patched-linux-x86_64