Last updated on 2024-04-17 13:57:46 CEST.
Flavor | Version | Tinstall | Tcheck | Ttotal | Status | Flags |
---|---|---|---|---|---|---|
r-devel-linux-x86_64-debian-clang | 1.15.3 | 10.41 | 62.21 | 72.62 | NOTE | |
r-devel-linux-x86_64-debian-gcc | 1.15.3 | 8.12 | 45.78 | 53.90 | NOTE | |
r-devel-linux-x86_64-fedora-clang | 1.15.3 | 91.78 | NOTE | |||
r-devel-linux-x86_64-fedora-gcc | 1.15.3 | 85.34 | NOTE | |||
r-prerel-macos-arm64 | 1.15.3 | 34.00 | NOTE | |||
r-prerel-windows-x86_64 | 1.15.3 | 12.00 | 70.00 | 82.00 | NOTE | |
r-patched-linux-x86_64 | 1.15.3 | 11.28 | 59.12 | 70.40 | NOTE | |
r-release-linux-x86_64 | 1.15.3 | 8.52 | 59.17 | 67.69 | OK | |
r-release-macos-arm64 | 1.15.3 | 34.00 | OK | |||
r-release-macos-x86_64 | 1.15.3 | 66.00 | OK | |||
r-release-windows-x86_64 | 1.15.3 | 13.00 | 80.00 | 93.00 | OK | |
r-oldrel-macos-arm64 | 1.15.3 | 35.00 | OK | |||
r-oldrel-windows-x86_64 | 1.15.3 | 15.00 | 77.00 | 92.00 | OK |
Version: 1.15.3
Check: Rd files
Result: NOTE
checkRd: (-1) POSIXst-class.Rd:247: Lost braces
247 | do any conversion on the POSIX{l,c}t objects).
| ^
Flavors: r-devel-linux-x86_64-debian-clang, r-devel-linux-x86_64-debian-gcc, r-devel-linux-x86_64-fedora-clang, r-devel-linux-x86_64-fedora-gcc, r-prerel-macos-arm64, r-prerel-windows-x86_64, r-patched-linux-x86_64