Last updated on 2024-05-01 16:53:15 CEST.
Flavor | Version | Tinstall | Tcheck | Ttotal | Status | Flags |
---|---|---|---|---|---|---|
r-devel-linux-x86_64-debian-clang | 0.1.1 | 2.58 | 71.30 | 73.88 | OK | |
r-devel-linux-x86_64-debian-gcc | 0.1.1 | 2.36 | 51.49 | 53.85 | OK | |
r-devel-linux-x86_64-fedora-clang | 0.1.1 | 89.92 | NOTE | |||
r-devel-linux-x86_64-fedora-gcc | 0.1.1 | 87.26 | OK | |||
r-devel-windows-x86_64 | 0.1.1 | 3.00 | 73.00 | 76.00 | OK | |
r-patched-linux-x86_64 | 0.1.1 | 2.25 | 68.55 | 70.80 | OK | |
r-release-linux-x86_64 | 0.1.1 | 2.37 | 67.01 | 69.38 | OK | |
r-release-macos-arm64 | 0.1.1 | 32.00 | OK | |||
r-release-windows-x86_64 | 0.1.1 | 5.00 | 73.00 | 78.00 | OK | |
r-oldrel-macos-arm64 | 0.1.1 | 31.00 | OK | |||
r-oldrel-macos-x86_64 | 0.1.1 | 79.00 | OK | |||
r-oldrel-windows-x86_64 | 0.1.1 | 4.00 | 82.00 | 86.00 | OK |
Version: 0.1.1
Check: Rd cross-references
Result: NOTE
Undeclared package ‘pkgdown’ in Rd xrefs
Flavor: r-devel-linux-x86_64-fedora-clang