Last updated on 2024-03-27 20:50:13 CET.
Flavor | Version | Tinstall | Tcheck | Ttotal | Status | Flags |
---|---|---|---|---|---|---|
r-devel-linux-x86_64-debian-clang | 1.4.1 | 4.21 | 45.80 | 50.01 | OK | |
r-devel-linux-x86_64-debian-gcc | 1.4.1 | 3.06 | 35.74 | 38.80 | OK | |
r-devel-linux-x86_64-fedora-clang | 1.4.1 | 63.72 | OK | |||
r-devel-linux-x86_64-fedora-gcc | 1.4.1 | 74.05 | OK | |||
r-devel-windows-x86_64 | 1.4.1 | 6.00 | 241.00 | 247.00 | ERROR | |
r-patched-linux-x86_64 | 1.4.1 | 4.24 | 43.81 | 48.05 | OK | |
r-release-linux-x86_64 | 1.4.1 | 3.74 | 42.69 | 46.43 | OK | |
r-release-macos-arm64 | 1.4.1 | 33.00 | OK | |||
r-release-macos-x86_64 | 1.4.1 | 50.00 | OK | |||
r-release-windows-x86_64 | 1.4.1 | 5.00 | 77.00 | 82.00 | OK | |
r-oldrel-macos-arm64 | 1.4.1 | 29.00 | OK | |||
r-oldrel-windows-x86_64 | 1.4.1 | 29.00 | 84.00 | 113.00 | OK |
Version: 1.4.1
Check: tests
Result: ERROR
Running 'tinytest.R' [164s]
Running the tests in 'tests/tinytest.R' failed.
Complete output:
> if ( requireNamespace("tinytest", quietly=TRUE) ){
+ tinytest::test_package("tinytest")
+ }
test_RUnit_style.R............ 1 tests <1b>[0;32mOK<1b>[0m
test_RUnit_style.R............ 2 tests <1b>[0;32mOK<1b>[0m
test_RUnit_style.R............ 3 tests <1b>[0;32mOK<1b>[0m
test_RUnit_style.R............ 4 tests <1b>[0;32mOK<1b>[0m
test_RUnit_style.R............ 5 tests <1b>[0;32mOK<1b>[0m <1b>[0;36m72ms<1b>[0m
test_call_wd.R................ 0 tests <1b>[0;36m2ms<1b>[0m
test_env_A.R.................. 0 tests
test_env_A.R.................. 1 tests <1b>[0;32mOK<1b>[0m
test_env_A.R.................. 1 tests <1b>[0;32mOK<1b>[0m
test_env_A.R.................. 2 tests <1b>[0;32mOK<1b>[0m
test_env_A.R.................. 2 tests <1b>[0;32mOK<1b>[0m
test_env_A.R.................. 2 tests <1b>[0;32mOK<1b>[0m
test_env_A.R.................. 2 tests <1b>[0;32mOK<1b>[0m
test_env_A.R.................. 2 tests <1b>[0;32mOK<1b>[0m
test_env_A.R.................. 2 tests <1b>[0;32mOK<1b>[0m
test_env_A.R.................. 2 tests <1b>[0;32mOK<1b>[0m
test_env_A.R.................. 2 tests <1b>[0;32mOK<1b>[0m
test_env_A.R.................. 2 tests <1b>[0;32mOK<1b>[0m <1b>[0;36m3ms<1b>[0m
test_env_B.R.................. 1 tests <1b>[0;32mOK<1b>[0m
test_env_B.R.................. 2 tests <1b>[0;32mOK<1b>[0m
test_env_B.R.................. 3 tests <1b>[0;32mOK<1b>[0m
test_env_B.R.................. 4 tests <1b>[0;32mOK<1b>[0m
test_env_B.R.................. 5 tests <1b>[0;32mOK<1b>[0m
test_env_B.R.................. 5 tests <1b>[0;32mOK<1b>[0m
test_env_B.R.................. 6 tests <1b>[0;32mOK<1b>[0m
test_env_B.R.................. 6 tests <1b>[0;32mOK<1b>[0m <1b>[0;36m3ms<1b>[0m
test_extensibility.R.......... 0 tests
test_extensibility.R.......... 0 tests
test_extensibility.R.......... 1 tests <1b>[0;32mOK<1b>[0m <1b>[0;36m2ms<1b>[0m
test_file.R................... 0 tests
test_file.R................... 0 tests
test_file.R................... 1 tests <1b>[0;32mOK<1b>[0m
test_file.R................... 1 tests <1b>[0;32mOK<1b>[0m
test_file.R................... 2 tests <1b>[0;32mOK<1b>[0m
test_file.R................... 3 tests <1b>[0;32mOK<1b>[0m
test_file.R................... 4 tests <1b>[0;32mOK<1b>[0m
test_file.R................... 5 tests <1b>[0;32mOK<1b>[0m
test_file.R................... 6 tests <1b>[0;32mOK<1b>[0m
test_file.R................... 7 tests <1b>[0;32mOK<1b>[0m
test_file.R................... 8 tests <1b>[0;32mOK<1b>[0m
test_file.R................... 9 tests <1b>[0;32mOK<1b>[0m
test_file.R................... 10 tests <1b>[0;32mOK<1b>[0m
test_file.R................... 10 tests <1b>[0;32mOK<1b>[0m
test_file.R................... 11 tests <1b>[0;32mOK<1b>[0m
test_file.R................... 12 tests <1b>[0;32mOK<1b>[0m
test_file.R................... 12 tests <1b>[0;32mOK<1b>[0m
test_file.R................... 12 tests <1b>[0;32mOK<1b>[0m
test_file.R................... 13 tests <1b>[0;32mOK<1b>[0m
test_file.R................... 14 tests <1b>[0;32mOK<1b>[0m
test_file.R................... 14 tests <1b>[0;32mOK<1b>[0m
test_file.R................... 15 tests <1b>[0;32mOK<1b>[0m
test_file.R................... 16 tests <1b>[0;32mOK<1b>[0m
test_file.R................... 16 tests <1b>[0;32mOK<1b>[0m
test_file.R................... 17 tests <1b>[0;32mOK<1b>[0m
test_file.R................... 17 tests <1b>[0;32mOK<1b>[0m
test_file.R................... 18 tests <1b>[0;32mOK<1b>[0m
test_file.R................... 18 tests <1b>[0;32mOK<1b>[0m
test_file.R................... 19 tests <1b>[0;32mOK<1b>[0m
test_file.R................... 19 tests <1b>[0;32mOK<1b>[0m
test_file.R................... 20 tests <1b>[0;32mOK<1b>[0m
test_file.R................... 20 tests <1b>[0;32mOK<1b>[0m
test_file.R................... 21 tests <1b>[0;32mOK<1b>[0m
test_file.R................... 22 tests <1b>[0;32mOK<1b>[0m
test_file.R................... 23 tests <1b>[0;32mOK<1b>[0m <1b>[0;34m0.1s<1b>[0m
test_gh_issue_108.R........... 1 tests <1b>[0;32mOK<1b>[0m
test_gh_issue_108.R........... 2 tests <1b>[0;32mOK<1b>[0m
test_gh_issue_108.R........... 3 tests <1b>[0;32mOK<1b>[0m
test_gh_issue_108.R........... 4 tests <1b>[0;32mOK<1b>[0m
test_gh_issue_108.R........... 5 tests <1b>[0;32mOK<1b>[0m
test_gh_issue_108.R........... 6 tests <1b>[0;32mOK<1b>[0m
test_gh_issue_108.R........... 7 tests <1b>[0;32mOK<1b>[0m
test_gh_issue_108.R........... 8 tests <1b>[0;32mOK<1b>[0m
test_gh_issue_108.R........... 9 tests <1b>[0;32mOK<1b>[0m
test_gh_issue_108.R........... 10 tests <1b>[0;32mOK<1b>[0m
test_gh_issue_108.R........... 11 tests <1b>[0;32mOK<1b>[0m
test_gh_issue_108.R........... 12 tests <1b>[0;32mOK<1b>[0m
test_gh_issue_108.R........... 13 tests <1b>[0;32mOK<1b>[0m
test_gh_issue_108.R........... 14 tests <1b>[0;32mOK<1b>[0m
test_gh_issue_108.R........... 15 tests <1b>[0;32mOK<1b>[0m
test_gh_issue_108.R........... 16 tests <1b>[0;32mOK<1b>[0m
test_gh_issue_108.R........... 17 tests <1b>[0;32mOK<1b>[0m
test_gh_issue_108.R........... 18 tests <1b>[0;32mOK<1b>[0m
test_gh_issue_108.R........... 19 tests <1b>[0;32mOK<1b>[0m
test_gh_issue_108.R........... 20 tests <1b>[0;32mOK<1b>[0m
test_gh_issue_108.R........... 21 tests <1b>[0;32mOK<1b>[0m
test_gh_issue_108.R........... 22 tests <1b>[0;32mOK<1b>[0m
test_gh_issue_108.R........... 23 tests <1b>[0;32mOK<1b>[0m
test_gh_issue_108.R........... 24 tests <1b>[0;32mOK<1b>[0m <1b>[0;36m21ms<1b>[0m
test_gh_issue_17.R............ 1 tests <1b>[0;32mOK<1b>[0m
test_gh_issue_17.R............ 2 tests <1b>[0;32mOK<1b>[0m <1b>[0;36m3ms<1b>[0m
test_gh_issue_32.R............ 0 tests
test_gh_issue_32.R............ 1 tests <1b>[0;32mOK<1b>[0m
test_gh_issue_32.R............ 1 tests <1b>[0;32mOK<1b>[0m
test_gh_issue_32.R............ 2 tests <1b>[0;32mOK<1b>[0m
test_gh_issue_32.R............ 2 tests <1b>[0;32mOK<1b>[0m
test_gh_issue_32.R............ 3 tests <1b>[0;32mOK<1b>[0m <1b>[0;36m4ms<1b>[0m
test_gh_issue_51.R............ 1 tests <1b>[0;32mOK<1b>[0m <1b>[0;36m2ms<1b>[0m
test_gh_issue_58.R............ 1 tests <1b>[0;32mOK<1b>[0m
test_gh_issue_58.R............ 2 tests <1b>[0;32mOK<1b>[0m <1b>[0;36m15ms<1b>[0m
test_gh_issue_86.R............ 1 tests <1b>[0;32mOK<1b>[0m
test_gh_issue_86.R............ 2 tests <1b>[0;32mOK<1b>[0m
test_gh_issue_86.R............ 3 tests <1b>[0;32mOK<1b>[0m
test_gh_issue_86.R............ 4 tests <1b>[0;32mOK<1b>[0m <1b>[0;36m3ms<1b>[0m
test_init.R................... 0 tests
test_init.R................... 0 tests
test_init.R................... 0 tests
test_init.R................... 1 tests <1b>[0;32mOK<1b>[0m
test_init.R................... 1 tests <1b>[0;32mOK<1b>[0m <1b>[0;36m3ms<1b>[0m
test_tiny.R................... 1 tests <1b>[0;32mOK<1b>[0m
test_tiny.R................... 2 tests <1b>[0;32mOK<1b>[0m
test_tiny.R................... 3 tests <1b>[0;32mOK<1b>[0m
test_tiny.R................... 4 tests <1b>[0;32mOK<1b>[0m
test_tiny.R................... 5 tests <1b>[0;32mOK<1b>[0m
test_tiny.R................... 6 tests <1b>[0;32mOK<1b>[0m
test_tiny.R................... 7 tests <1b>[0;32mOK<1b>[0m
test_tiny.R................... 8 tests <1b>[0;32mOK<1b>[0m
test_tiny.R................... 9 tests <1b>[0;32mOK<1b>[0m
test_tiny.R................... 10 tests <1b>[0;32mOK<1b>[0m
test_tiny.R................... 11 tests <1b>[0;32mOK<1b>[0m
test_tiny.R................... 12 tests <1b>[0;32mOK<1b>[0m
test_tiny.R................... 13 tests <1b>[0;32mOK<1b>[0m
test_tiny.R................... 14 tests <1b>[0;32mOK<1b>[0m
test_tiny.R................... 15 tests <1b>[0;32mOK<1b>[0m
test_tiny.R................... 16 tests <1b>[0;32mOK<1b>[0m
test_tiny.R................... 17 tests <1b>[0;32mOK<1b>[0m
test_tiny.R................... 18 tests <1b>[0;32mOK<1b>[0m
test_tiny.R................... 19 tests <1b>[0;32mOK<1b>[0m
test_tiny.R................... 19 tests <1b>[0;32mOK<1b>[0m
test_tiny.R................... 20 tests <1b>[0;32mOK<1b>[0m
test_tiny.R................... 21 tests <1b>[0;32mOK<1b>[0m
test_tiny.R................... 22 tests <1b>[0;32mOK<1b>[0m
test_tiny.R................... 22 tests <1b>[0;32mOK<1b>[0m
test_tiny.R................... 23 tests <1b>[0;32mOK<1b>[0m
test_tiny.R................... 24 tests <1b>[0;32mOK<1b>[0m
test_tiny.R................... 25 tests <1b>[0;32mOK<1b>[0m
test_tiny.R................... 26 tests <1b>[0;32mOK<1b>[0m
test_tiny.R................... 27 tests <1b>[0;32mOK<1b>[0m
test_tiny.R................... 28 tests <1b>[0;32mOK<1b>[0m
test_tiny.R................... 29 tests <1b>[0;32mOK<1b>[0m
test_tiny.R................... 29 tests <1b>[0;32mOK<1b>[0m
test_tiny.R................... 30 tests <1b>[0;32mOK<1b>[0m
test_tiny.R................... 31 tests <1b>[0;32mOK<1b>[0m
test_tiny.R................... 32 tests <1b>[0;32mOK<1b>[0m
test_tiny.R................... 36 tests <1b>[0;32mOK<1b>[0m
test_tiny.R................... 37 tests <1b>[0;32mOK<1b>[0m
test_tiny.R................... 38 tests <1b>[0;32mOK<1b>[0m
test_tiny.R................... 39 tests <1b>[0;32mOK<1b>[0m
test_tiny.R................... 40 tests <1b>[0;32mOK<1b>[0m
test_tiny.R................... 41 tests <1b>[0;32mOK<1b>[0m
test_tiny.R................... 42 tests <1b>[0;32mOK<1b>[0m
test_tiny.R................... 43 tests <1b>[0;32mOK<1b>[0m
test_tiny.R................... 44 tests <1b>[0;32mOK<1b>[0m
test_tiny.R................... 44 tests <1b>[0;32mOK<1b>[0m
test_tiny.R................... 45 tests <1b>[0;32mOK<1b>[0m
test_tiny.R................... 46 tests <1b>[0;32mOK<1b>[0m
test_tiny.R................... 47 tests <1b>[0;32mOK<1b>[0m
test_tiny.R................... 48 tests <1b>[0;32mOK<1b>[0m
test_tiny.R................... 49 tests <1b>[0;32mOK<1b>[0m
test_tiny.R................... 50 tests <1b>[0;32mOK<1b>[0m
test_tiny.R................... 51 tests <1b>[0;32mOK<1b>[0m
test_tiny.R................... 52 tests <1b>[0;32mOK<1b>[0m
test_tiny.R................... 53 tests <1b>[0;32mOK<1b>[0m
test_tiny.R................... 54 tests <1b>[0;32mOK<1b>[0m
test_tiny.R................... 54 tests <1b>[0;32mOK<1b>[0m
test_tiny.R................... 55 tests <1b>[0;32mOK<1b>[0m
test_tiny.R................... 56 tests <1b>[0;32mOK<1b>[0m
test_tiny.R................... 57 tests <1b>[0;32mOK<1b>[0m
test_tiny.R................... 58 tests <1b>[0;32mOK<1b>[0m
test_tiny.R................... 59 tests <1b>[0;32mOK<1b>[0m
test_tiny.R................... 60 tests <1b>[0;32mOK<1b>[0m
test_tiny.R................... 60 tests <1b>[0;32mOK<1b>[0m
test_tiny.R................... 60 tests <1b>[0;32mOK<1b>[0m
test_tiny.R................... 79 tests <1b>[0;32mOK<1b>[0m <1b>[0;36m40ms<1b>[0m
test_utils.R.................. 1 tests <1b>[0;32mOK<1b>[0m
test_utils.R.................. 2 tests <1b>[0;32mOK<1b>[0m
test_utils.R.................. 3 tests <1b>[0;32mOK<1b>[0m
test_utils.R.................. 4 tests <1b>[0;32mOK<1b>[0m <1b>[0;36m4ms<1b>[0m
All ok, 157 results (0.3s)
>
> proc.time()
user system elapsed
0.45 0.09 0.54
Flavor: r-devel-windows-x86_64