Last updated on 2025-01-19 05:49:24 CET.
Flavor | Version | Tinstall | Tcheck | Ttotal | Status | Flags |
---|---|---|---|---|---|---|
r-devel-linux-x86_64-debian-clang | 1.0.3 | 274.81 | 154.28 | 429.09 | OK | |
r-devel-linux-x86_64-debian-gcc | 1.0.3 | 179.33 | 119.95 | 299.28 | OK | |
r-devel-linux-x86_64-fedora-clang | 1.0.3 | 686.00 | NOTE | |||
r-devel-linux-x86_64-fedora-gcc | 1.0.3 | 792.24 | NOTE | |||
r-devel-windows-x86_64 | 1.0.3 | 250.00 | 187.00 | 437.00 | OK | |
r-patched-linux-x86_64 | 1.0.3 | 261.68 | 163.44 | 425.12 | NOTE | |
r-release-linux-x86_64 | 1.0.3 | 232.50 | 163.98 | 396.48 | NOTE | |
r-release-macos-arm64 | 1.0.3 | 162.00 | NOTE | |||
r-release-macos-x86_64 | 1.0.3 | 233.00 | NOTE | |||
r-release-windows-x86_64 | 1.0.3 | 234.00 | 192.00 | 426.00 | NOTE | |
r-oldrel-macos-arm64 | 1.0.3 | 206.00 | NOTE | |||
r-oldrel-macos-x86_64 | 1.0.3 | 406.00 | NOTE | |||
r-oldrel-windows-x86_64 | 1.0.3 | 303.00 | 233.00 | 536.00 | NOTE |
Version: 1.0.3
Check: dependencies in R code
Result: NOTE
Namespace in Imports field not imported from: ‘sp’
All declared Imports should be used.
Flavors: r-devel-linux-x86_64-fedora-clang, r-devel-linux-x86_64-fedora-gcc
Version: 1.0.3
Check: for GNU extensions in Makefiles
Result: NOTE
GNU make is a SystemRequirements.
Flavors: r-patched-linux-x86_64, r-release-linux-x86_64, r-release-macos-arm64, r-release-macos-x86_64, r-release-windows-x86_64, r-oldrel-macos-arm64, r-oldrel-macos-x86_64, r-oldrel-windows-x86_64
Version: 1.0.3
Check: installed package size
Result: NOTE
installed size is 96.0Mb
sub-directories of 1Mb or more:
doc 1.9Mb
libs 92.1Mb
Flavors: r-release-macos-arm64, r-release-macos-x86_64, r-release-windows-x86_64, r-oldrel-macos-arm64, r-oldrel-macos-x86_64, r-oldrel-windows-x86_64