Last updated on 2025-01-19 05:49:24 CET.
Flavor | Version | Tinstall | Tcheck | Ttotal | Status | Flags |
---|---|---|---|---|---|---|
r-devel-linux-x86_64-debian-clang | 0.1.0 | 2.48 | 36.26 | 38.74 | OK | |
r-devel-linux-x86_64-debian-gcc | 0.1.0 | 2.00 | 29.11 | 31.11 | OK | |
r-devel-linux-x86_64-fedora-clang | 0.1.0 | 67.04 | OK | |||
r-devel-linux-x86_64-fedora-gcc | 0.1.0 | 75.02 | OK | |||
r-devel-windows-x86_64 | 0.1.0 | 3.00 | 120.00 | 123.00 | OK | |
r-patched-linux-x86_64 | 0.1.0 | 2.83 | 35.53 | 38.36 | NOTE | |
r-release-linux-x86_64 | 0.1.0 | 2.34 | 34.86 | 37.20 | NOTE | |
r-release-macos-arm64 | 0.1.0 | 27.00 | NOTE | |||
r-release-macos-x86_64 | 0.1.0 | 45.00 | NOTE | |||
r-release-windows-x86_64 | 0.1.0 | 4.00 | 125.00 | 129.00 | NOTE | |
r-oldrel-macos-arm64 | 0.1.0 | 30.00 | NOTE | |||
r-oldrel-macos-x86_64 | 0.1.0 | 37.00 | NOTE | |||
r-oldrel-windows-x86_64 | 0.1.0 | 3.00 | 98.00 | 101.00 | NOTE |
Version: 0.1.0
Check: LazyData
Result: NOTE
'LazyData' is specified without a 'data' directory
Flavors: r-patched-linux-x86_64, r-release-linux-x86_64, r-release-macos-arm64, r-release-macos-x86_64, r-release-windows-x86_64, r-oldrel-macos-arm64, r-oldrel-macos-x86_64, r-oldrel-windows-x86_64