CRAN Package Check Results for Package tkrgl

Last updated on 2020-08-12 12:50:33 CEST.

Flavor Version Tinstall Tcheck Ttotal Status Flags
r-devel-linux-x86_64-debian-clang 0.9 3.70 32.81 36.51 OK
r-devel-linux-x86_64-debian-gcc 0.9 3.21 26.13 29.34 OK
r-devel-linux-x86_64-fedora-clang 0.9 52.28 OK
r-devel-linux-x86_64-fedora-gcc 0.9 43.32 OK
r-devel-windows-ix86+x86_64 0.9 13.00 70.00 83.00 OK
r-patched-linux-x86_64 0.9 3.35 32.56 35.91 OK
r-patched-solaris-x86 0.9 67.60 OK
r-release-linux-x86_64 0.9 3.65 32.82 36.47 OK
r-release-macos-x86_64 0.9 OK
r-release-windows-ix86+x86_64 0.9 18.00 47.00 65.00 OK
r-oldrel-macos-x86_64 0.9 WARN
r-oldrel-windows-ix86+x86_64 0.9 10.00 58.00 68.00 OK

Check Details

Version: 0.9
Check: whether package can be installed
Result: WARN
    Found the following significant warnings:
     Warning: 'rgl.init' failed, running with 'rgl.useNULL = TRUE'.
Flavor: r-oldrel-macos-x86_64