CRAN Package Check Results for Package tlars

Last updated on 2025-01-19 05:49:24 CET.

Flavor Version Tinstall Tcheck Ttotal Status Flags
r-devel-linux-x86_64-debian-clang 1.0.1 37.68 93.35 131.03 OK
r-devel-linux-x86_64-debian-gcc 1.0.1 26.83 69.40 96.23 OK
r-devel-linux-x86_64-fedora-clang 1.0.1 229.41 OK
r-devel-linux-x86_64-fedora-gcc 1.0.1 253.29 OK
r-devel-windows-x86_64 1.0.1 42.00 131.00 173.00 OK
r-patched-linux-x86_64 1.0.1 38.73 92.06 130.79 OK
r-release-linux-x86_64 1.0.1 39.75 91.70 131.45 OK
r-release-macos-arm64 1.0.1 65.00 NOTE
r-release-macos-x86_64 1.0.1 99.00 NOTE
r-release-windows-x86_64 1.0.1 39.00 127.00 166.00 OK
r-oldrel-macos-arm64 1.0.1 84.00 NOTE
r-oldrel-macos-x86_64 1.0.1 179.00 NOTE
r-oldrel-windows-x86_64 1.0.1 45.00 154.00 199.00 OK

Check Details

Version: 1.0.1
Check: installed package size
Result: NOTE installed size is 7.3Mb sub-directories of 1Mb or more: doc 2.2Mb libs 4.7Mb Flavors: r-release-macos-arm64, r-release-macos-x86_64, r-oldrel-macos-arm64, r-oldrel-macos-x86_64