CRAN Package Check Results for Package tlrmvnmvt

Last updated on 2025-01-19 05:49:24 CET.

Flavor Version Tinstall Tcheck Ttotal Status Flags
r-devel-linux-x86_64-debian-clang 1.1.2 137.31 33.47 170.78 NOTE
r-devel-linux-x86_64-debian-gcc 1.1.2 90.30 28.92 119.22 NOTE
r-devel-linux-x86_64-fedora-clang 1.1.2 355.78 NOTE
r-devel-linux-x86_64-fedora-gcc 1.1.2 337.07 NOTE
r-devel-windows-x86_64 1.1.2 131.00 81.00 212.00 NOTE
r-patched-linux-x86_64 1.1.2 120.87 35.91 156.78 NOTE
r-release-linux-x86_64 1.1.2 128.68 35.62 164.30 NOTE
r-release-macos-arm64 1.1.2 77.00 NOTE
r-release-macos-x86_64 1.1.2 75.00 NOTE
r-release-windows-x86_64 1.1.2 125.00 74.00 199.00 NOTE
r-oldrel-macos-arm64 1.1.2 112.00 NOTE
r-oldrel-macos-x86_64 1.1.2 168.00 NOTE
r-oldrel-windows-x86_64 1.1.2 139.00 87.00 226.00 NOTE

Check Details

Version: 1.1.2
Check: C++ specification
Result: NOTE Specified C++14: please drop specification unless essential Flavors: r-devel-linux-x86_64-debian-clang, r-devel-linux-x86_64-debian-gcc, r-devel-linux-x86_64-fedora-clang, r-devel-linux-x86_64-fedora-gcc, r-devel-windows-x86_64, r-patched-linux-x86_64, r-release-linux-x86_64, r-release-macos-arm64, r-release-macos-x86_64, r-release-windows-x86_64, r-oldrel-macos-arm64, r-oldrel-macos-x86_64, r-oldrel-windows-x86_64

Version: 1.1.2
Check: Rd files
Result: NOTE checkRd: (-1) pmvn.Rd:21: Lost braces in \itemize; meant \describe ? checkRd: (-1) pmvn.Rd:22: Lost braces in \itemize; meant \describe ? checkRd: (-1) pmvn.Rd:23: Lost braces in \itemize; meant \describe ? checkRd: (-1) pmvt.Rd:23: Lost braces in \itemize; meant \describe ? checkRd: (-1) pmvt.Rd:24: Lost braces in \itemize; meant \describe ? checkRd: (-1) pmvt.Rd:25: Lost braces in \itemize; meant \describe ? Flavors: r-devel-linux-x86_64-debian-clang, r-devel-linux-x86_64-debian-gcc, r-devel-linux-x86_64-fedora-clang, r-devel-linux-x86_64-fedora-gcc, r-devel-windows-x86_64, r-patched-linux-x86_64, r-release-linux-x86_64, r-release-macos-arm64, r-release-macos-x86_64, r-release-windows-x86_64

Version: 1.1.2
Check: installed package size
Result: NOTE installed size is 11.9Mb sub-directories of 1Mb or more: libs 11.8Mb Flavors: r-release-macos-arm64, r-release-macos-x86_64, r-oldrel-macos-arm64, r-oldrel-macos-x86_64