CRAN Package Check Results for Package tm1r

Last updated on 2025-01-19 05:49:24 CET.

Flavor Version Tinstall Tcheck Ttotal Status Flags
r-devel-linux-x86_64-debian-clang 1.1.8 2.89 22.38 25.27 OK
r-devel-linux-x86_64-debian-gcc 1.1.8 2.33 17.32 19.65 OK
r-devel-linux-x86_64-fedora-clang 1.1.8 42.21 OK
r-devel-linux-x86_64-fedora-gcc 1.1.8 40.00 OK
r-devel-windows-x86_64 1.1.8 5.00 49.00 54.00 OK
r-patched-linux-x86_64 1.1.8 3.05 21.70 24.75 NOTE
r-release-linux-x86_64 1.1.8 2.59 21.81 24.40 NOTE
r-release-macos-arm64 1.1.8 16.00 NOTE
r-release-macos-x86_64 1.1.8 23.00 NOTE
r-release-windows-x86_64 1.1.8 4.00 51.00 55.00 NOTE
r-oldrel-macos-arm64 1.1.8 17.00 NOTE
r-oldrel-macos-x86_64 1.1.8 25.00 NOTE
r-oldrel-windows-x86_64 1.1.8 3.00 51.00 54.00 NOTE

Check Details

Version: 1.1.8
Check: LazyData
Result: NOTE 'LazyData' is specified without a 'data' directory Flavors: r-patched-linux-x86_64, r-release-linux-x86_64, r-release-macos-arm64, r-release-macos-x86_64, r-release-windows-x86_64, r-oldrel-macos-arm64, r-oldrel-macos-x86_64, r-oldrel-windows-x86_64