Last updated on 2025-01-19 05:49:24 CET.
Flavor | Version | Tinstall | Tcheck | Ttotal | Status | Flags |
---|---|---|---|---|---|---|
r-devel-linux-x86_64-debian-clang | 1.0.91 | 127.83 | 136.92 | 264.75 | OK | |
r-devel-linux-x86_64-debian-gcc | 1.0.91 | 115.61 | 107.76 | 223.37 | OK | |
r-devel-linux-x86_64-fedora-clang | 1.0.91 | 415.40 | OK | |||
r-devel-linux-x86_64-fedora-gcc | 1.0.91 | 528.45 | OK | |||
r-devel-windows-x86_64 | 1.0.91 | 114.00 | 151.00 | 265.00 | OK | |
r-patched-linux-x86_64 | 1.0.91 | 139.66 | 140.19 | 279.85 | NOTE | |
r-release-linux-x86_64 | 1.0.91 | 149.02 | 140.45 | 289.47 | NOTE | |
r-release-macos-arm64 | 1.0.91 | 105.00 | NOTE | |||
r-release-macos-x86_64 | 1.0.91 | 180.00 | NOTE | |||
r-release-windows-x86_64 | 1.0.91 | 122.00 | 150.00 | 272.00 | NOTE | |
r-oldrel-macos-arm64 | 1.0.91 | 84.00 | NOTE | |||
r-oldrel-macos-x86_64 | 1.0.91 | 214.00 | NOTE | |||
r-oldrel-windows-x86_64 | 1.0.91 | 159.00 | 189.00 | 348.00 | NOTE |
Version: 1.0.91
Check: for GNU extensions in Makefiles
Result: NOTE
GNU make is a SystemRequirements.
Flavors: r-patched-linux-x86_64, r-release-linux-x86_64, r-release-macos-arm64, r-release-macos-x86_64, r-release-windows-x86_64, r-oldrel-macos-arm64, r-oldrel-macos-x86_64, r-oldrel-windows-x86_64
Version: 1.0.91
Check: installed package size
Result: NOTE
installed size is 47.0Mb
sub-directories of 1Mb or more:
libs 46.7Mb
Flavors: r-release-macos-arm64, r-release-macos-x86_64, r-oldrel-macos-arm64, r-oldrel-macos-x86_64