CRAN Package Check Results for Package tmle

Last updated on 2019-11-15 12:48:16 CET.

Flavor Version Tinstall Tcheck Ttotal Status Flags
r-devel-linux-x86_64-debian-clang 1.4.0.1 8.48 62.06 70.54 OK
r-devel-linux-x86_64-debian-gcc 1.4.0.1 7.09 47.31 54.40 OK
r-devel-linux-x86_64-fedora-clang 1.4.0.1 86.24 OK
r-devel-linux-x86_64-fedora-gcc 1.4.0.1 83.98 OK
r-devel-windows-ix86+x86_64 1.4.0.1 24.00 73.00 97.00 OK
r-patched-linux-x86_64 1.4.0.1 7.79 58.41 66.20 OK
r-patched-solaris-x86 1.4.0.1 129.10 NOTE
r-release-linux-x86_64 1.4.0.1 7.31 58.22 65.53 OK
r-release-windows-ix86+x86_64 1.4.0.1 15.00 99.00 114.00 OK
r-release-osx-x86_64 1.4.0.1 OK
r-oldrel-windows-ix86+x86_64 1.4.0.1 9.00 98.00 107.00 OK

Check Details

Version: 1.4.0.1
Check: package dependencies
Result: NOTE
    Package suggested but not available for checking: ‘dbarts’
Flavor: r-patched-solaris-x86