Last updated on 2024-05-01 16:53:15 CEST.
Flavor | Version | Tinstall | Tcheck | Ttotal | Status | Flags |
---|---|---|---|---|---|---|
r-devel-linux-x86_64-debian-clang | 1.1.1 | 2.94 | 28.04 | 30.98 | NOTE | |
r-devel-linux-x86_64-debian-gcc | 1.1.1 | 2.26 | 21.69 | 23.95 | NOTE | |
r-devel-linux-x86_64-fedora-clang | 1.1.1 | 38.71 | NOTE | |||
r-devel-linux-x86_64-fedora-gcc | 1.1.1 | 36.83 | NOTE | |||
r-devel-windows-x86_64 | 1.1.1 | 4.00 | 44.00 | 48.00 | NOTE | |
r-patched-linux-x86_64 | 1.1.1 | 3.23 | 27.00 | 30.23 | NOTE | |
r-release-linux-x86_64 | 1.1.1 | 2.89 | 26.99 | 29.88 | NOTE | |
r-release-macos-arm64 | 1.1.1 | 15.00 | NOTE | |||
r-release-windows-x86_64 | 1.1.1 | 3.00 | 44.00 | 47.00 | NOTE | |
r-oldrel-macos-arm64 | 1.1.1 | 16.00 | NOTE | |||
r-oldrel-macos-x86_64 | 1.1.1 | 22.00 | NOTE | |||
r-oldrel-windows-x86_64 | 1.1.1 | 4.00 | 43.00 | 47.00 | NOTE |
Version: 1.1.1
Check: LazyData
Result: NOTE
'LazyData' is specified without a 'data' directory
Flavors: r-devel-linux-x86_64-debian-clang, r-devel-linux-x86_64-debian-gcc, r-devel-linux-x86_64-fedora-clang, r-devel-linux-x86_64-fedora-gcc, r-devel-windows-x86_64, r-patched-linux-x86_64, r-release-linux-x86_64, r-release-macos-arm64, r-release-windows-x86_64, r-oldrel-macos-arm64, r-oldrel-macos-x86_64, r-oldrel-windows-x86_64