Last updated on 2025-01-19 05:49:24 CET.
Flavor | Version | Tinstall | Tcheck | Ttotal | Status | Flags |
---|---|---|---|---|---|---|
r-devel-linux-x86_64-debian-clang | 1.6 | 10.35 | 90.69 | 101.04 | NOTE | |
r-devel-linux-x86_64-debian-gcc | 1.6 | 7.48 | 63.37 | 70.85 | NOTE | |
r-devel-linux-x86_64-fedora-clang | 1.6 | 163.65 | NOTE | |||
r-devel-linux-x86_64-fedora-gcc | 1.6 | 168.99 | NOTE | |||
r-devel-windows-x86_64 | 1.6 | 15.00 | 123.00 | 138.00 | NOTE | |
r-patched-linux-x86_64 | 1.6 | 12.39 | 85.84 | 98.23 | OK | |
r-release-linux-x86_64 | 1.6 | 9.59 | 84.56 | 94.15 | OK | |
r-release-macos-arm64 | 1.6 | 52.00 | OK | |||
r-release-macos-x86_64 | 1.6 | 79.00 | OK | |||
r-release-windows-x86_64 | 1.6 | 15.00 | 128.00 | 143.00 | OK | |
r-oldrel-macos-arm64 | 1.6 | 62.00 | OK | |||
r-oldrel-macos-x86_64 | 1.6 | 146.00 | OK | |||
r-oldrel-windows-x86_64 | 1.6 | 17.00 | 136.00 | 153.00 | OK |
Version: 1.6
Check: Rd cross-references
Result: NOTE
Found the following Rd file(s) with Rd \link{} targets missing package
anchors:
gmm.tmvnorm.Rd: gmm
Please provide package anchors for all Rd \link{} targets not in the
package itself and the base packages.
Flavors: r-devel-linux-x86_64-debian-clang, r-devel-linux-x86_64-debian-gcc, r-devel-windows-x86_64
Version: 1.6
Check: compiled code
Result: NOTE
File ‘tmvtnorm/libs/tmvtnorm.so’:
Found no calls to: ‘R_registerRoutines’, ‘R_useDynamicSymbols’
It is good practice to register native routines and to disable symbol
search.
See ‘Writing portable packages’ in the ‘Writing R Extensions’ manual.
Flavors: r-devel-linux-x86_64-fedora-clang, r-devel-linux-x86_64-fedora-gcc