CRAN Package Check Results for Package tomba

Last updated on 2025-01-19 05:49:24 CET.

Flavor Version Tinstall Tcheck Ttotal Status Flags
r-devel-linux-x86_64-debian-clang 1.0.1 2.23 21.77 24.00 OK
r-devel-linux-x86_64-debian-gcc 1.0.1 1.65 17.61 19.26 OK
r-devel-linux-x86_64-fedora-clang 1.0.1 38.68 NOTE
r-devel-linux-x86_64-fedora-gcc 1.0.1 38.09 NOTE
r-devel-windows-x86_64 1.0.1 3.00 46.00 49.00 OK
r-patched-linux-x86_64 1.0.1 2.40 20.81 23.21 OK
r-release-linux-x86_64 1.0.1 1.94 20.85 22.79 OK
r-release-macos-arm64 1.0.1 18.00 OK
r-release-macos-x86_64 1.0.1 33.00 OK
r-release-windows-x86_64 1.0.1 5.00 45.00 50.00 OK
r-oldrel-macos-arm64 1.0.1 19.00 OK
r-oldrel-macos-x86_64 1.0.1 23.00 OK
r-oldrel-windows-x86_64 1.0.1 6.00 50.00 56.00 OK

Check Details

Version: 1.0.1
Check: dependencies in R code
Result: NOTE Namespace in Imports field not imported from: ‘testthat’ All declared Imports should be used. Flavors: r-devel-linux-x86_64-fedora-clang, r-devel-linux-x86_64-fedora-gcc