Last updated on 2025-01-19 05:49:24 CET.
Flavor | Version | Tinstall | Tcheck | Ttotal | Status | Flags |
---|---|---|---|---|---|---|
r-devel-linux-x86_64-debian-clang | 0.1.2 | 5.50 | 57.45 | 62.95 | NOTE | |
r-devel-linux-x86_64-debian-gcc | 0.1.2 | 3.64 | 41.49 | 45.13 | NOTE | |
r-devel-linux-x86_64-fedora-clang | 0.1.2 | 100.74 | NOTE | |||
r-devel-linux-x86_64-fedora-gcc | 0.1.2 | 107.70 | NOTE | |||
r-devel-windows-x86_64 | 0.1.2 | 8.00 | 84.00 | 92.00 | NOTE | |
r-patched-linux-x86_64 | 0.1.2 | 5.16 | 52.55 | 57.71 | NOTE | |
r-release-linux-x86_64 | 0.1.2 | 4.86 | 52.73 | 57.59 | NOTE | |
r-release-macos-arm64 | 0.1.2 | 42.00 | NOTE | |||
r-release-macos-x86_64 | 0.1.2 | 61.00 | NOTE | |||
r-release-windows-x86_64 | 0.1.2 | 7.00 | 82.00 | 89.00 | NOTE | |
r-oldrel-macos-arm64 | 0.1.2 | 40.00 | OK | |||
r-oldrel-macos-x86_64 | 0.1.2 | 59.00 | OK | |||
r-oldrel-windows-x86_64 | 0.1.2 | 8.00 | 93.00 | 101.00 | OK |
Version: 0.1.2
Check: Rd files
Result: NOTE
checkRd: (-1) Data.Rd:10: Lost braces in \itemize; meant \describe ?
checkRd: (-1) Data.Rd:11: Lost braces in \itemize; meant \describe ?
checkRd: (-1) Data.Rd:12: Lost braces in \itemize; meant \describe ?
checkRd: (-1) Data.Rd:13: Lost braces in \itemize; meant \describe ?
checkRd: (-1) Data.Rd:14: Lost braces in \itemize; meant \describe ?
checkRd: (-1) Data.Rd:15: Lost braces in \itemize; meant \describe ?
checkRd: (-1) Data.Rd:16: Lost braces in \itemize; meant \describe ?
checkRd: (-1) Data.Rd:17: Lost braces in \itemize; meant \describe ?
Flavors: r-devel-linux-x86_64-debian-clang, r-devel-linux-x86_64-debian-gcc, r-devel-linux-x86_64-fedora-clang, r-devel-linux-x86_64-fedora-gcc, r-devel-windows-x86_64, r-patched-linux-x86_64, r-release-linux-x86_64, r-release-macos-arm64, r-release-macos-x86_64, r-release-windows-x86_64