Last updated on 2025-01-19 05:49:24 CET.
Flavor | Version | Tinstall | Tcheck | Ttotal | Status | Flags |
---|---|---|---|---|---|---|
r-devel-linux-x86_64-debian-clang | 0.1.1 | 4.31 | 89.86 | 94.17 | OK | |
r-devel-linux-x86_64-debian-gcc | 0.1.1 | 3.19 | 62.31 | 65.50 | OK | |
r-devel-linux-x86_64-fedora-clang | 0.1.1 | 158.49 | OK | |||
r-devel-linux-x86_64-fedora-gcc | 0.1.1 | 173.60 | OK | |||
r-devel-windows-x86_64 | 0.1.1 | 5.00 | 167.00 | 172.00 | OK | |
r-patched-linux-x86_64 | 0.1.1 | 3.39 | 88.17 | 91.56 | OK | |
r-release-linux-x86_64 | 0.1.1 | 3.63 | 89.00 | 92.63 | OK | |
r-release-macos-arm64 | 0.1.1 | 76.00 | OK | |||
r-release-macos-x86_64 | 0.1.1 | 98.00 | OK | |||
r-release-windows-x86_64 | 0.1.1 | 5.00 | 164.00 | 169.00 | OK | |
r-oldrel-macos-arm64 | 0.1.1 | 71.00 | OK | |||
r-oldrel-macos-x86_64 | 0.1.1 | 118.00 | NOTE | |||
r-oldrel-windows-x86_64 | 0.1.1 | 6.00 | 159.00 | 165.00 | OK |
Version: 0.1.1
Check: package dependencies
Result: NOTE
Package suggested but not available for checking: ‘stm’
Flavor: r-oldrel-macos-x86_64
Version: 0.1.1
Check: Rd cross-references
Result: NOTE
Package unavailable to check Rd xrefs: ‘stm’
Flavor: r-oldrel-macos-x86_64