CRAN Package Check Results for Package topicmodels.etm

Last updated on 2025-01-19 05:49:24 CET.

Flavor Version Tinstall Tcheck Ttotal Status Flags
r-devel-linux-x86_64-debian-clang 0.1.0 11.09 84.26 95.35 NOTE
r-devel-linux-x86_64-debian-gcc 0.1.0 8.16 65.45 73.61 NOTE
r-devel-linux-x86_64-fedora-clang 0.1.0 146.30 NOTE
r-devel-linux-x86_64-fedora-gcc 0.1.0 137.53 NOTE
r-devel-windows-x86_64 0.1.0 13.00 92.00 105.00 NOTE
r-patched-linux-x86_64 0.1.0 10.14 80.02 90.16 NOTE
r-release-linux-x86_64 0.1.0 10.39 78.43 88.82 NOTE
r-release-macos-arm64 0.1.0 47.00 NOTE
r-release-macos-x86_64 0.1.0 65.00 NOTE
r-release-windows-x86_64 0.1.0 10.00 93.00 103.00 NOTE
r-oldrel-macos-arm64 0.1.0 41.00 OK
r-oldrel-macos-x86_64 0.1.0 71.00 OK
r-oldrel-windows-x86_64 0.1.0 11.00 108.00 119.00 OK

Check Details

Version: 0.1.0
Check: Rd files
Result: NOTE checkRd: (-1) ETM.Rd:33: Lost braces in \itemize; \value handles \item{}{} directly checkRd: (-1) ETM.Rd:34: Lost braces in \itemize; \value handles \item{}{} directly checkRd: (-1) ETM.Rd:35: Lost braces in \itemize; \value handles \item{}{} directly checkRd: (-1) ETM.Rd:36: Lost braces in \itemize; \value handles \item{}{} directly checkRd: (-1) ETM.Rd:37: Lost braces in \itemize; \value handles \item{}{} directly Flavors: r-devel-linux-x86_64-debian-clang, r-devel-linux-x86_64-debian-gcc, r-devel-linux-x86_64-fedora-clang, r-devel-linux-x86_64-fedora-gcc, r-devel-windows-x86_64, r-patched-linux-x86_64, r-release-linux-x86_64, r-release-macos-arm64, r-release-macos-x86_64, r-release-windows-x86_64