Last updated on 2024-05-01 16:53:15 CEST.
Flavor | Version | Tinstall | Tcheck | Ttotal | Status | Flags |
---|---|---|---|---|---|---|
r-devel-linux-x86_64-debian-clang | 0.1.0 | 8.05 | 101.28 | 109.33 | NOTE | |
r-devel-linux-x86_64-debian-gcc | 0.1.0 | 9.69 | 79.21 | 88.90 | NOTE | |
r-devel-linux-x86_64-fedora-clang | 0.1.0 | 144.10 | NOTE | |||
r-devel-linux-x86_64-fedora-gcc | 0.1.0 | 147.69 | NOTE | |||
r-devel-windows-x86_64 | 0.1.0 | 10.00 | 89.00 | 99.00 | NOTE | |
r-patched-linux-x86_64 | 0.1.0 | 12.35 | 96.92 | 109.27 | NOTE | |
r-release-linux-x86_64 | 0.1.0 | 11.99 | 96.24 | 108.23 | NOTE | |
r-release-macos-arm64 | 0.1.0 | 47.00 | NOTE | |||
r-release-windows-x86_64 | 0.1.0 | 10.00 | 89.00 | 99.00 | NOTE | |
r-oldrel-macos-arm64 | 0.1.0 | 41.00 | OK | |||
r-oldrel-macos-x86_64 | 0.1.0 | 71.00 | OK | |||
r-oldrel-windows-x86_64 | 0.1.0 | 15.00 | 105.00 | 120.00 | OK |
Version: 0.1.0
Check: Rd files
Result: NOTE
checkRd: (-1) ETM.Rd:33: Lost braces in \itemize; \value handles \item{}{} directly
checkRd: (-1) ETM.Rd:34: Lost braces in \itemize; \value handles \item{}{} directly
checkRd: (-1) ETM.Rd:35: Lost braces in \itemize; \value handles \item{}{} directly
checkRd: (-1) ETM.Rd:36: Lost braces in \itemize; \value handles \item{}{} directly
checkRd: (-1) ETM.Rd:37: Lost braces in \itemize; \value handles \item{}{} directly
Flavors: r-devel-linux-x86_64-debian-clang, r-devel-linux-x86_64-debian-gcc, r-devel-linux-x86_64-fedora-clang, r-devel-linux-x86_64-fedora-gcc, r-devel-windows-x86_64, r-patched-linux-x86_64, r-release-linux-x86_64, r-release-macos-arm64, r-release-windows-x86_64