Last updated on 2025-01-19 05:49:24 CET.
Flavor | Version | Tinstall | Tcheck | Ttotal | Status | Flags |
---|---|---|---|---|---|---|
r-devel-linux-x86_64-debian-clang | 1.5.0 | 54.24 | 417.06 | 471.30 | OK | |
r-devel-linux-x86_64-debian-gcc | 1.5.0 | 40.85 | 311.26 | 352.11 | OK | |
r-devel-linux-x86_64-fedora-clang | 1.5.0 | 807.88 | OK | |||
r-devel-linux-x86_64-fedora-gcc | 1.5.0 | 585.19 | OK | |||
r-devel-windows-x86_64 | 1.5.0 | 49.00 | 335.00 | 384.00 | OK | |
r-patched-linux-x86_64 | 1.5.0 | 42.60 | 382.87 | 425.47 | OK | |
r-release-linux-x86_64 | 1.5.0 | 43.75 | 382.23 | 425.98 | OK | |
r-release-macos-arm64 | 1.5.0 | 191.00 | OK | |||
r-release-macos-x86_64 | 1.5.0 | 291.00 | OK | |||
r-release-windows-x86_64 | 1.5.0 | 50.00 | 342.00 | 392.00 | OK | |
r-oldrel-macos-arm64 | 1.5.0 | 206.00 | OK | |||
r-oldrel-macos-x86_64 | 1.5.0 | 419.00 | OK | |||
r-oldrel-windows-x86_64 | 1.5.0 | 30.00 | 8.00 | 38.00 | ERROR |
Version: 1.5.0
Check: whether package can be installed
Result: ERROR
Installation failed.
Flavor: r-oldrel-windows-x86_64