CRAN Package Check Results for Package toprdata

Last updated on 2025-01-19 05:49:24 CET.

Flavor Version Tinstall Tcheck Ttotal Status Flags
r-devel-linux-x86_64-debian-clang 1.0.2 46.40 23.67 70.07 OK
r-devel-linux-x86_64-debian-gcc 1.0.2 39.96 19.37 59.33 OK
r-devel-linux-x86_64-fedora-clang 1.0.2 102.62 OK
r-devel-linux-x86_64-fedora-gcc 1.0.2 103.05 OK
r-devel-windows-x86_64 1.0.2 43.00 46.00 89.00 OK
r-patched-linux-x86_64 1.0.2 46.13 23.24 69.37 OK
r-release-linux-x86_64 1.0.2 44.57 23.34 67.91 OK
r-release-macos-arm64 1.0.2 60.00 NOTE
r-release-macos-x86_64 1.0.2 65.00 NOTE
r-release-windows-x86_64 1.0.2 41.00 45.00 86.00 NOTE
r-oldrel-macos-arm64 1.0.2 55.00 NOTE
r-oldrel-macos-x86_64 1.0.2 73.00 NOTE
r-oldrel-windows-x86_64 1.0.2 48.00 50.00 98.00 NOTE

Check Details

Version: 1.0.2
Check: installed package size
Result: NOTE installed size is 7.4Mb sub-directories of 1Mb or more: data 7.3Mb Flavors: r-release-macos-arm64, r-release-macos-x86_64, r-release-windows-x86_64, r-oldrel-macos-arm64, r-oldrel-macos-x86_64, r-oldrel-windows-x86_64