CRAN Package Check Results for Package tosca

Last updated on 2020-02-23 12:47:36 CET.

Flavor Version Tinstall Tcheck Ttotal Status Flags
r-devel-linux-x86_64-debian-clang 0.1-4 11.58 184.45 196.03 ERROR
r-devel-linux-x86_64-debian-gcc 0.1-4 9.27 157.36 166.63 OK
r-devel-linux-x86_64-fedora-clang 0.1-4 234.73 NOTE
r-devel-linux-x86_64-fedora-gcc 0.1-4 222.14 NOTE
r-devel-windows-ix86+x86_64 0.1-4 18.00 216.00 234.00 NOTE
r-devel-windows-ix86+x86_64-gcc8 0.1-4 28.00 216.00 244.00 NOTE
r-patched-linux-x86_64 0.1-4 OK
r-patched-solaris-x86 0.1-4 397.70 NOTE
r-release-linux-x86_64 0.1-4 10.55 198.14 208.69 OK
r-release-windows-ix86+x86_64 0.1-4 18.00 219.00 237.00 NOTE
r-release-osx-x86_64 0.1-4 NOTE
r-oldrel-windows-ix86+x86_64 0.1-4 13.00 217.00 230.00 NOTE
r-oldrel-osx-x86_64 0.1-4 NOTE

Check Details

Version: 0.1-4
Check: tests
Result: ERROR
     Running 'run-all.R' [36s/51s]
    Running the tests in 'tests/run-all.R' failed.
    Complete output:
     > # setting R_TESTS to empty string because of
     > # https://github.com/hadley/testthat/issues/144
     > # revert this when that issue in R is fixed.
     > Sys.setenv("R_TESTS" = "")
     > Sys.setlocale('LC_ALL','C')
     [1] "LC_CTYPE=C;LC_NUMERIC=C;LC_TIME=C;LC_COLLATE=C;LC_MONETARY=C;LC_MESSAGES=en_US.iso885915;LC_PAPER=en_US.iso885915;LC_NAME=C;LC_ADDRESS=C;LC_TELEPHONE=C;LC_MEASUREMENT=en_US.iso885915;LC_IDENTIFICATION=C"
     >
     > library(testthat)
     > library(tosca)
     >
     > test_check("tosca")
     number of observations in text: 3
    
     NAs in text:
     NA.abs NA.rel
     0 0
     ----------------------------------------------------------------------
    
     meta: 3 observations of 3 variables
    
     NAs in meta:
     abs rel
     id 0 0
     date 3 1
     title 3 1
     ----------------------------------------------------------------------
    
     NAs in date: 3 (1)
     number of observations in text: 3
    
     NAs in text:
     NA.abs NA.rel
     0 0
     ----------------------------------------------------------------------
    
     meta: 3 observations of 6 variables
    
     NAs in meta:
     abs rel
     id 0 0
     source 0 0
     created 0 0
     additionalVariable 0 0
     date 0 0
     title 0 0
     ----------------------------------------------------------------------
    
     range of date: 1885-01-02 till 1979-03-04
     duplist, list of (lists of) IDs with names:
     "uniqueTexts", "notDuplicatedTexts", "idFakeDups", "idRealDups",
     "allTextDups", "textMetaDups".
     6 unique texts
     4 not-duplicated texts
     2 texts with 1 different Fake-Dup IDs (ID equals, text differs)
     5 texts with 2 different Real-Dup IDs (ID and text equals, meta differs)
     5 text-duplicates with 2 different texts
     2 (text and meta)-duplicates with 1 different (text and meta) combinations, excluding ID
     duplist, list of (lists of) IDs with names:
     "uniqueTexts", "notDuplicatedTexts", "idFakeDups", "idRealDups",
     "allTextDups", "textMetaDups".
     6 unique texts
     4 not-duplicated texts
     2 texts with 1 different Fake-Dup IDs (ID equals, text differs)
     5 texts with 2 different Real-Dup IDs (ID and text equals, meta differs)
     5 text-duplicates with 2 different texts
     2 (text and meta)-duplicates with 1 different (text and meta) combinations, excluding ID
     duplist, list of (lists of) IDs with names:
     "uniqueTexts", "notDuplicatedTexts", "idFakeDups", "idRealDups",
     "allTextDups", "textMetaDups".
     3 unique texts
     3 not-duplicated texts
     0 texts with 0 different Fake-Dup IDs (ID equals, text differs)
     0 texts with 0 different Real-Dup IDs (ID and text equals, meta differs)
     0 text-duplicates with 0 different texts
     0 (text and meta)-duplicates with 0 different (text and meta) combinations, excluding ID
     duplist, list of (lists of) IDs with names:
     "uniqueTexts", "notDuplicatedTexts", "idFakeDups", "idRealDups",
     "allTextDups", "textMetaDups".
     3 unique texts
     3 not-duplicated texts
     2 texts with 1 different Fake-Dup IDs (ID equals, text differs)
     0 texts with 0 different Real-Dup IDs (ID and text equals, meta differs)
     0 text-duplicates with 0 different texts
     0 (text and meta)-duplicates with 0 different (text and meta) combinations, excluding ID
     [1] "a"
     counter = 1
     1 Wort 4 Wort 69 Wort 143 Wort 100 Wort 14 Wort 88 Wort 107 Wort 94 Wort 170 Wort 131
     2 Wort 122 Wort 106 Wort 108 Wort 179 Wort 87 Wort 53 Wort 68 Wort 20 Wort 164 Wort 65
     3 Wort 164 Wort 174 Wort 149 Wort 100 Wort 151 Wort 114 Wort 8 Wort 72 Wort 14 Wort 87
     4 Wort 9 Wort 96 Wort 187 Wort 189 Wort 156 Wort 27 Wort 158 Wort 116 Wort 154 Wort 90
     h for help
     q for quit
    
     byScore = TRUE
     numIntruder = 1
     numOuttopics = 4
    
     h for help
     q for quit
    
     byScore = TRUE
     numIntruder = 2
     numOuttopics = 4
    
     1 Wort 4 Wort 69 Wort 143 Wort 100 Wort 14 Wort 88 Wort 107 Wort 94 Wort 170 Wort 131
     2 Wort 122 Wort 106 Wort 108 Wort 179 Wort 87 Wort 53 Wort 68 Wort 20 Wort 164 Wort 65
     3 Wort 164 Wort 174 Wort 149 Wort 100 Wort 151 Wort 114 Wort 8 Wort 72 Wort 14 Wort 87
     4 Wort 9 Wort 96 Wort 187 Wort 189 Wort 156 Wort 27 Wort 158 Wort 116 Wort 154 Wort 90
     80 left
     counter = 2
     1 Wort 145 Wort 64 Wort 165 Wort 115 Wort 25 Wort 127 Wort 113 Wort 102 Wort 20 Wort 131
     2 Wort 122 Wort 106 Wort 108 Wort 179 Wort 87 Wort 53 Wort 68 Wort 20 Wort 164 Wort 65
     3 Wort 169 Wort 67 Wort 81 Wort 186 Wort 29 Wort 39 Wort 134 Wort 66 Wort 87 Wort 183
     4 Wort 195 Wort 186 Wort 95 Wort 159 Wort 160 Wort 46 Wort 2 Wort 9 Wort 141 Wort 85
     Only space seperated input of line number or 0
    
     1 Wort 145 Wort 64 Wort 165 Wort 115 Wort 25 Wort 127 Wort 113 Wort 102 Wort 20 Wort 131
     2 Wort 122 Wort 106 Wort 108 Wort 179 Wort 87 Wort 53 Wort 68 Wort 20 Wort 164 Wort 65
     3 Wort 169 Wort 67 Wort 81 Wort 186 Wort 29 Wort 39 Wort 134 Wort 66 Wort 87 Wort 183
     4 Wort 195 Wort 186 Wort 95 Wort 159 Wort 160 Wort 46 Wort 2 Wort 9 Wort 141 Wort 85
     79 left
     counter = 3
     1 Wort 171 Wort 117 Wort 15 Wort 187 Wort 176 Wort 121 Wort 183 Wort 127 Wort 69 Wort 175
     2 Wort 169 Wort 67 Wort 81 Wort 186 Wort 29 Wort 39 Wort 134 Wort 66 Wort 87 Wort 183
     3 Wort 195 Wort 186 Wort 95 Wort 159 Wort 160 Wort 46 Wort 2 Wort 9 Wort 141 Wort 85
     4 Wort 4 Wort 69 Wort 143 Wort 100 Wort 14 Wort 88 Wort 107 Wort 94 Wort 170 Wort 131
     Only space seperated input of line number or 0
    
     1 Wort 171 Wort 117 Wort 15 Wort 187 Wort 176 Wort 121 Wort 183 Wort 127 Wort 69 Wort 175
     2 Wort 169 Wort 67 Wort 81 Wort 186 Wort 29 Wort 39 Wort 134 Wort 66 Wort 87 Wort 183
     3 Wort 195 Wort 186 Wort 95 Wort 159 Wort 160 Wort 46 Wort 2 Wort 9 Wort 141 Wort 85
     4 Wort 4 Wort 69 Wort 143 Wort 100 Wort 14 Wort 88 Wort 107 Wort 94 Wort 170 Wort 131
     parameter from old result used
     byScore = TRUE
     numIntruder = 1 2
     numOuttopics = 4
     minWords = 1
     minOuttopics = 1
    
     counter = 3
     1 Wort 164 Wort 174 Wort 149 Wort 100 Wort 151 Wort 114 Wort 8 Wort 72 Wort 14 Wort 87
     2 Wort 195 Wort 186 Wort 95 Wort 159 Wort 160 Wort 46 Wort 2 Wort 9 Wort 141 Wort 85
     3 Wort 145 Wort 64 Wort 165 Wort 115 Wort 25 Wort 127 Wort 113 Wort 102 Wort 20 Wort 131
     4 Wort 169 Wort 67 Wort 81 Wort 186 Wort 29 Wort 39 Wort 134 Wort 66 Wort 87 Wort 183
     78 left
     counter = 4
     1 Wort 164 Wort 174 Wort 149 Wort 100 Wort 151 Wort 114 Wort 8 Wort 72 Wort 14 Wort 87
     2 Wort 4 Wort 69 Wort 143 Wort 100 Wort 14 Wort 88 Wort 107 Wort 94 Wort 170 Wort 131
     3 Wort 122 Wort 106 Wort 108 Wort 179 Wort 87 Wort 53 Wort 68 Wort 20 Wort 164 Wort 65
     4 Wort 169 Wort 67 Wort 81 Wort 186 Wort 29 Wort 39 Wort 134 Wort 66 Wort 87 Wort 183
     77 left
     counter = 5
     1 Wort 145 Wort 64 Wort 165 Wort 115 Wort 25 Wort 127 Wort 113 Wort 102 Wort 20 Wort 131
     2 Wort 195 Wort 186 Wort 95 Wort 159 Wort 160 Wort 46 Wort 2 Wort 9 Wort 141 Wort 85
     3 Wort 122 Wort 106 Wort 108 Wort 179 Wort 87 Wort 53 Wort 68 Wort 20 Wort 164 Wort 65
     4 Wort 150 Wort 34 Wort 58 Wort 135 Wort 169 Wort 3 Wort 173 Wort 57 Wort 130 Wort 156
     counter = 1
     1 Wort 169 Wort 67 Wort 81 Wort 29 Wort 186 Wort 39 Wort 134 Wort 8 Wort 66 Wort 183
     2 Wort 69 Wort 4 Wort 143 Wort 100 Wort 14 Wort 107 Wort 131 Wort 94 Wort 88 Wort 170
     3 Wort 9 Wort 187 Wort 96 Wort 189 Wort 156 Wort 27 Wort 158 Wort 181 Wort 116 Wort 154
     4 Wort 164 Wort 174 Wort 149 Wort 100 Wort 8 Wort 151 Wort 114 Wort 85 Wort 122 Wort 163
     80 left
     counter = 2
     1 Wort 69 Wort 4 Wort 143 Wort 100 Wort 14 Wort 107 Wort 131 Wort 94 Wort 88 Wort 170
     2 Wort 122 Wort 106 Wort 108 Wort 179 Wort 87 Wort 53 Wort 154 Wort 113 Wort 20 Wort 18
     3 Wort 145 Wort 64 Wort 165 Wort 25 Wort 115 Wort 113 Wort 131 Wort 127 Wort 20 Wort 129
     4 Wort 164 Wort 174 Wort 149 Wort 100 Wort 8 Wort 151 Wort 114 Wort 85 Wort 122 Wort 163
     79 left
     counter = 3
     1 Wort 171 Wort 117 Wort 187 Wort 15 Wort 183 Wort 176 Wort 121 Wort 127 Wort 69 Wort 175
     2 Wort 164 Wort 174 Wort 149 Wort 100 Wort 8 Wort 151 Wort 114 Wort 85 Wort 122 Wort 163
     3 Wort 122 Wort 106 Wort 108 Wort 179 Wort 87 Wort 53 Wort 154 Wort 113 Wort 20 Wort 18
     4 Wort 169 Wort 67 Wort 81 Wort 29 Wort 186 Wort 39 Wort 134 Wort 8 Wort 66 Wort 183
     counter = 1
     1 Wort 9 Wort 187 Wort 96 Wort 189 Wort 156 Wort 27 Wort 158 Wort 181 Wort 116 Wort 154
     2 Wort 195 Wort 186 Wort 95 Wort 46 Wort 160 Wort 159 Wort 2 Wort 85 Wort 141 Wort 132
     3 Wort 122 Wort 106 Wort 108 Wort 179 Wort 87 Wort 53 Wort 154 Wort 113 Wort 20 Wort 18
     4 Wort 171 Wort 117 Wort 187 Wort 15 Wort 183 Wort 176 Wort 121 Wort 127 Wort 69 Wort 175
     80 left
     counter = 2
     1 Wort 150 Wort 34 Wort 58 Wort 169 Wort 135 Wort 3 Wort 173 Wort 57 Wort 130 Wort 156
     2 Wort 171 Wort 117 Wort 187 Wort 15 Wort 183 Wort 176 Wort 121 Wort 127 Wort 69 Wort 175
     3 Wort 195 Wort 186 Wort 95 Wort 46 Wort 160 Wort 159 Wort 2 Wort 85 Wort 141 Wort 132
     4 Wort 169 Wort 67 Wort 81 Wort 29 Wort 186 Wort 39 Wort 134 Wort 8 Wort 66 Wort 183
     79 left
     counter = 3
     1 Wort 122 Wort 106 Wort 108 Wort 179 Wort 87 Wort 53 Wort 154 Wort 113 Wort 20 Wort 18
     2 Wort 69 Wort 4 Wort 143 Wort 100 Wort 14 Wort 107 Wort 131 Wort 94 Wort 88 Wort 170
     3 Wort 9 Wort 187 Wort 96 Wort 189 Wort 156 Wort 27 Wort 158 Wort 181 Wort 116 Wort 154
     4 Wort 164 Wort 174 Wort 149 Wort 100 Wort 8 Wort 151 Wort 114 Wort 85 Wort 122 Wort 163
     78 left
     counter = 4
     1 Wort 164 Wort 174 Wort 149 Wort 100 Wort 8 Wort 151 Wort 114 Wort 85 Wort 122 Wort 163
     2 Wort 169 Wort 67 Wort 81 Wort 29 Wort 186 Wort 39 Wort 134 Wort 8 Wort 66 Wort 183
     3 Wort 171 Wort 117 Wort 187 Wort 15 Wort 183 Wort 176 Wort 121 Wort 127 Wort 69 Wort 175
     4 Wort 69 Wort 4 Wort 143 Wort 100 Wort 14 Wort 107 Wort 131 Wort 94 Wort 88 Wort 170
     77 left
     counter = 5
     1 Wort 150 Wort 34 Wort 58 Wort 169 Wort 135 Wort 3 Wort 173 Wort 57 Wort 130 Wort 156
     2 Wort 145 Wort 64 Wort 165 Wort 25 Wort 115 Wort 113 Wort 131 Wort 127 Wort 20 Wort 129
     3 Wort 195 Wort 186 Wort 95 Wort 46 Wort 160 Wort 159 Wort 2 Wort 85 Wort 141 Wort 132
     4 Wort 164 Wort 174 Wort 149 Wort 100 Wort 8 Wort 151 Wort 114 Wort 85 Wort 122 Wort 163
     76 left
     counter = 6
     1 Wort 69 Wort 4 Wort 143 Wort 100 Wort 14 Wort 107 Wort 131 Wort 94 Wort 88 Wort 170
     2 Wort 150 Wort 34 Wort 58 Wort 169 Wort 135 Wort 3 Wort 173 Wort 57 Wort 130 Wort 156
     3 Wort 169 Wort 67 Wort 81 Wort 29 Wort 186 Wort 39 Wort 134 Wort 8 Wort 66 Wort 183
     4 Wort 122 Wort 106 Wort 108 Wort 179 Wort 87 Wort 53 Wort 154 Wort 113 Wort 20 Wort 18
     75 left
     counter = 7
     1 Wort 195 Wort 186 Wort 95 Wort 46 Wort 160 Wort 159 Wort 2 Wort 85 Wort 141 Wort 132
     2 Wort 145 Wort 64 Wort 165 Wort 25 Wort 115 Wort 113 Wort 131 Wort 127 Wort 20 Wort 129
     3 Wort 9 Wort 187 Wort 96 Wort 189 Wort 156 Wort 27 Wort 158 Wort 181 Wort 116 Wort 154
     4 Wort 122 Wort 106 Wort 108 Wort 179 Wort 87 Wort 53 Wort 154 Wort 113 Wort 20 Wort 18
     74 left
     counter = 8
     1 Wort 122 Wort 106 Wort 108 Wort 179 Wort 87 Wort 53 Wort 154 Wort 113 Wort 20 Wort 18
     2 Wort 69 Wort 4 Wort 143 Wort 100 Wort 14 Wort 107 Wort 131 Wort 94 Wort 88 Wort 170
     3 Wort 150 Wort 34 Wort 58 Wort 169 Wort 135 Wort 3 Wort 173 Wort 57 Wort 130 Wort 156
     4 Wort 195 Wort 186 Wort 95 Wort 46 Wort 160 Wort 159 Wort 2 Wort 85 Wort 141 Wort 132
     73 left
     counter = 9
     1 Wort 122 Wort 106 Wort 108 Wort 179 Wort 87 Wort 53 Wort 154 Wort 113 Wort 20 Wort 18
     2 Wort 195 Wort 186 Wort 95 Wort 46 Wort 160 Wort 159 Wort 2 Wort 85 Wort 141 Wort 132
     3 Wort 150 Wort 34 Wort 58 Wort 169 Wort 135 Wort 3 Wort 173 Wort 57 Wort 130 Wort 156
     4 Wort 164 Wort 174 Wort 149 Wort 100 Wort 8 Wort 151 Wort 114 Wort 85 Wort 122 Wort 163
     72 left
     counter = 10
     1 Wort 164 Wort 174 Wort 149 Wort 100 Wort 8 Wort 151 Wort 114 Wort 85 Wort 122 Wort 163
     2 Wort 171 Wort 117 Wort 187 Wort 15 Wort 183 Wort 176 Wort 121 Wort 127 Wort 69 Wort 175
     3 Wort 169 Wort 67 Wort 81 Wort 29 Wort 186 Wort 39 Wort 134 Wort 8 Wort 66 Wort 183
     4 Wort 195 Wort 186 Wort 95 Wort 46 Wort 160 Wort 159 Wort 2 Wort 85 Wort 141 Wort 132
     71 left
     counter = 11
     1 Wort 69 Wort 4 Wort 143 Wort 100 Wort 14 Wort 107 Wort 131 Wort 94 Wort 88 Wort 170
     2 Wort 122 Wort 106 Wort 108 Wort 179 Wort 87 Wort 53 Wort 154 Wort 113 Wort 20 Wort 18
     3 Wort 195 Wort 186 Wort 95 Wort 46 Wort 160 Wort 159 Wort 2 Wort 85 Wort 141 Wort 132
     4 Wort 145 Wort 64 Wort 165 Wort 25 Wort 115 Wort 113 Wort 131 Wort 127 Wort 20 Wort 129
     70 left
     counter = 12
     1 Wort 171 Wort 117 Wort 187 Wort 15 Wort 183 Wort 176 Wort 121 Wort 127 Wort 69 Wort 175
     2 Wort 145 Wort 64 Wort 165 Wort 25 Wort 115 Wort 113 Wort 131 Wort 127 Wort 20 Wort 129
     3 Wort 195 Wort 186 Wort 95 Wort 46 Wort 160 Wort 159 Wort 2 Wort 85 Wort 141 Wort 132
     4 Wort 169 Wort 67 Wort 81 Wort 29 Wort 186 Wort 39 Wort 134 Wort 8 Wort 66 Wort 183
     69 left
     counter = 13
     1 Wort 69 Wort 4 Wort 143 Wort 100 Wort 14 Wort 107 Wort 131 Wort 94 Wort 88 Wort 170
     2 Wort 150 Wort 34 Wort 58 Wort 169 Wort 135 Wort 3 Wort 173 Wort 57 Wort 130 Wort 156
     3 Wort 145 Wort 64 Wort 165 Wort 25 Wort 115 Wort 113 Wort 131 Wort 127 Wort 20 Wort 129
     4 Wort 171 Wort 117 Wort 187 Wort 15 Wort 183 Wort 176 Wort 121 Wort 127 Wort 69 Wort 175
     68 left
     counter = 14
     1 Wort 69 Wort 4 Wort 143 Wort 100 Wort 14 Wort 107 Wort 131 Wort 94 Wort 88 Wort 170
     2 Wort 171 Wort 117 Wort 187 Wort 15 Wort 183 Wort 176 Wort 121 Wort 127 Wort 69 Wort 175
     3 Wort 122 Wort 106 Wort 108 Wort 179 Wort 87 Wort 53 Wort 154 Wort 113 Wort 20 Wort 18
     4 Wort 9 Wort 187 Wort 96 Wort 189 Wort 156 Wort 27 Wort 158 Wort 181 Wort 116 Wort 154
     Parameters:
     byScore numIntruder numOuttopics minWords minOuttopics stopTopics
     FALSE 1 2 4 1 1 2
    
     Results:
     $id
     [1] "T 83" "T 81" "T 89" "T 21" "T 91" "T 33" "T 36" "T 37" "T 22" "T 23"
     [11] "T 70" "T 92" "T 48"
    
     $numIntruder
     [1] 1 2 2 1 1 2 1 2 1 1 1 2 2
    
     $missIntruder
     [1] 0 1 1 1 0 2 1 2 1 1 1 2 1
    
     $falseIntruder
     [1] 0 1 0 1 0 1 1 1 1 1 1 1 0
    
     attr(,"class")
     [1] "data.frame"
     Parameters:
     byScore numIntruder numOuttopics minWords minOuttopics stopTopics
     FALSE 1 2 4 1 1 2
    
     13 evaluated texts
     2 correct topics (15.38 %)
    
     Table of Intruders:
     1 2
     7 6
    
     Mean number of missed Intruders: 1.076923
     Table of missed Intruders:
     0 1 2
     2 8 3
    
     Mean number of false Intruders: 0.6923077
     Table of false Intruders:
     0 1
     4 9
     counter 1
     1 Wort 177
     2 Wort 174
     3 Wort 66
     4 Wort 93
     5 Wort 77
     6 Wort 16
     7 Wort 193
     8 Wort 56
     counter 2
     1 Wort 7
     2 Wort 160
     3 Wort 123
     4 Wort 167
     5 Wort 21
     6 Wort 26
     7 Wort 47
     8 Wort 71
     counter 3
     1 Wort 132
     2 Wort 118
     3 Wort 168
     4 Wort 112
     5 Wort 22
     6 Wort 38
     7 Wort 58
     8 Wort 128
     h for help
     q for quit
     x for no topic identifiable
    
     byScore = TRUE
     numTopwords = 10
     numIntruder = 1
     numOutwords = 8
     noTopicTRUE
    
     h for help
     q for quit
     x for no topic identifiable
    
     byScore = TRUE
     numTopwords = 10
     numIntruder = 2
     numOutwords = 8
     noTopicTRUE
    
     1 Wort 132
     2 Wort 118
     3 Wort 168
     4 Wort 112
     5 Wort 22
     6 Wort 38
     7 Wort 58
     8 Wort 128
     counter 4
     1 Wort 176
     2 Wort 161
     3 Wort 59
     4 Wort 98
     5 Wort 121
     6 Wort 165
     7 Wort 58
     8 Wort 93
     counter 5
     1 Wort 45
     2 Wort 104
     3 Wort 99
     4 Wort 150
     5 Wort 54
     6 Wort 48
     7 Wort 190
     8 Wort 154
     parameter from old result used
     byScore = TRUE
     numTopwords = 10
     numIntruder = 1 2
     numOutwords = 8
     noTopic = TRUE
    
     counter 5
     1 Wort 35
     2 Wort 128
     3 Wort 131
     4 Wort 114
     5 Wort 44
     6 Wort 41
     7 Wort 6
     8 Wort 64
     counter 6
     1 Wort 197
     2 Wort 191
     3 Wort 128
     4 Wort 77
     5 Wort 11
     6 Wort 140
     7 Wort 141
     8 Wort 177
     counter 7
     1 Wort 12
     2 Wort 167
     3 Wort 103
     4 Wort 154
     5 Wort 14
     6 Wort 83
     7 Wort 144
     8 Wort 6
     counter 8
     1 Wort 150
     2 Wort 190
     3 Wort 40
     4 Wort 104
     5 Wort 99
     6 Wort 45
     7 Wort 132
     8 Wort 54
     counter 9
     1 Wort 26
     2 Wort 115
     3 Wort 34
     4 Wort 27
     5 Wort 136
     6 Wort 169
     7 Wort 92
     8 Wort 45
     counter 10
     1 Wort 11
     2 Wort 154
     3 Wort 85
     4 Wort 166
     5 Wort 130
     6 Wort 25
     7 Wort 123
     8 Wort 182
     counter 1
     1 Wort 58
     2 Wort 59
     3 Wort 142
     4 Wort 152
     5 Wort 98
     6 Wort 93
     7 Wort 121
     8 Wort 150
     Only space seperated input of line number or 0
     1 Wort 58
     2 Wort 59
     3 Wort 142
     4 Wort 152
     5 Wort 98
     6 Wort 93
     7 Wort 121
     8 Wort 150
     counter 2
     1 Wort 26
     2 Wort 122
     3 Wort 21
     4 Wort 160
     5 Wort 125
     6 Wort 7
     7 Wort 167
     8 Wort 71
     h for help
     q for quit
     x for no topic identifiable
    
     byScore = FALSE
     numTopwords = 10
     numIntruder = 1
     numOutwords = 8
     noTopicTRUE
    
     h for help
     q for quit
     x for no topic identifiable
    
     byScore = FALSE
     numTopwords = 10
     numIntruder = 2
     numOutwords = 8
     noTopicTRUE
    
     1 Wort 26
     2 Wort 122
     3 Wort 21
     4 Wort 160
     5 Wort 125
     6 Wort 7
     7 Wort 167
     8 Wort 71
     counter 3
     1 Wort 27
     2 Wort 136
     3 Wort 115
     4 Wort 92
     5 Wort 34
     6 Wort 26
     7 Wort 169
     8 Wort 71
     counter 4
     1 Wort 198
     2 Wort 41
     3 Wort 114
     4 Wort 40
     5 Wort 64
     6 Wort 128
     7 Wort 89
     8 Wort 131
     counter 1
     1 Wort 99
     2 Wort 170
     3 Wort 150
     4 Wort 190
     5 Wort 45
     6 Wort 93
     7 Wort 36
     8 Wort 54
     counter 2
     1 Wort 56
     2 Wort 170
     3 Wort 167
     4 Wort 26
     5 Wort 71
     6 Wort 160
     7 Wort 21
     8 Wort 7
     counter 3
     1 Wort 97
     2 Wort 85
     3 Wort 166
     4 Wort 40
     5 Wort 25
     6 Wort 154
     7 Wort 11
     8 Wort 123
     counter 4
     1 Wort 71
     2 Wort 93
     3 Wort 59
     4 Wort 121
     5 Wort 152
     6 Wort 9
     7 Wort 98
     8 Wort 142
     counter 5
     1 Wort 103
     2 Wort 170
     3 Wort 14
     4 Wort 162
     5 Wort 12
     6 Wort 198
     7 Wort 154
     8 Wort 6
     counter 6
     1 Wort 34
     2 Wort 27
     3 Wort 152
     4 Wort 6
     5 Wort 169
     6 Wort 136
     7 Wort 26
     8 Wort 92
     counter 7
     1 Wort 41
     2 Wort 64
     3 Wort 198
     4 Wort 114
     5 Wort 131
     6 Wort 128
     7 Wort 193
     8 Wort 89
     counter 8
     1 Wort 132
     2 Wort 168
     3 Wort 38
     4 Wort 112
     5 Wort 22
     6 Wort 6
     7 Wort 118
     8 Wort 58
     counter 9
     1 Wort 40
     2 Wort 177
     3 Wort 193
     4 Wort 16
     5 Wort 58
     6 Wort 66
     7 Wort 93
     8 Wort 176
     counter 10
     1 Wort 112
     2 Wort 141
     3 Wort 177
     4 Wort 77
     5 Wort 197
     6 Wort 152
     7 Wort 128
     8 Wort 166
     Parameters:
     byScore numTopwords numIntruder numOutwords noTopic
     FALSE 10 1 2 8 TRUE
    
     Results:
     numIntruder missIntruder falseIntruder
     [1,] 2 2 0
     [2,] 2 2 1
     [3,] 1 1 1
     [4,] 2 1 0
     [5,] 2 2 0
     [6,] 1 1 1
     [7,] 2 1 0
     [8,] 2 1 0
     [9,] 1 1 1
     [10,] 1 1 0
     0 not interpretable topics
     0 not evaluated topics
    
     Parameters:
     byScore numTopwords numIntruder numOutwords noTopic
     FALSE 10 1 2 8 TRUE
     10 out of 10 meaningful topics (100 %)
     0 correct Topics (0 %)
    
     Table of Intruders:
     1 2
     4 6
    
     Mean number of missed Intruders: 1.3
     Table of missed Intruders:
     1 2
     7 3
    
     Mean number of false Intruders: 0.4
     Table of false Intruders:
     0 1
     6 4
     number of observations in text: 3
    
     NAs in text:
     NA.abs NA.rel
     0 0
     ----------------------------------------------------------------------
    
     meta: 3 observations of 12 variables
    
     NAs in meta:
     abs rel
     id 0 0
     link 0 0
     title 0 0
     date 0 0
     year 0 0
     comment_status 0 0
     comment_count 0 0
     author_id 0 0
     author_name 0 0
     categories 0 0
     tags 0 0
     comments 0 0
     ----------------------------------------------------------------------
    
     range of date: 1990-12-12 till 2008-03-22
     number of observations in text: 3
    
     NAs in text:
     NA.abs NA.rel
     3 1
     ----------------------------------------------------------------------
    
     meta: 3 observations of 3 variables
    
     NAs in meta:
     abs rel
     id 0 0
     date 3 1
     title 3 1
     ----------------------------------------------------------------------
    
     NAs in date: 3 (1)
     number of observations in text: 3
    
     NAs in text:
     NA.abs NA.rel
     3 1
     ----------------------------------------------------------------------
    
     meta: 3 observations of 3 variables
    
     NAs in meta:
     abs rel
     id 0 0
     date 3 1
     title 3 1
     ----------------------------------------------------------------------
    
     NAs in date: 3 (1)
     Time for Reading Data: 0.02 secs
     ----------------------------------------------------------------------
     number of observations in text: 6
    
     NAs in text:
     NA.abs NA.rel
     0 0
     ----------------------------------------------------------------------
    
     meta: 6 observations of 22 variables
    
     NAs in meta:
     abs rel
     id 0 0.00
     title 6 1.00
     systemActivity 0 0.00
     systemDate 0 0.00
     systemSecurity 0 0.00
     systemInfo 0 0.00
     systemAccount 0 0.00
     userMessage 0 0.00
     textMessage 0 0.00
     imageMessage 0 0.00
     audioMessage 0 0.00
     videoMessage 0 0.00
     stickerMessage 0 0.00
     gifMessage 0 0.00
     posix 3 0.50
     date 3 0.50
     author 3 0.50
     forward 3 0.50
     cited 3 0.50
     citedAuthor 6 1.00
     citedText 5 0.83
     time 3 0.50
     ----------------------------------------------------------------------
    
     range of date: 2018-11-29 till 2018-11-30
     NAs in date: 3 (0.5)
     Time for Reading Data: 0.01 secs
     ----------------------------------------------------------------------
     number of observations in text: 2
    
     NAs in text:
     NA.abs NA.rel
     0 0
     ----------------------------------------------------------------------
    
     meta: 2 observations of 22 variables
    
     NAs in meta:
     abs rel
     id 0 0.0
     title 2 1.0
     systemActivity 0 0.0
     systemDate 0 0.0
     systemSecurity 0 0.0
     systemInfo 0 0.0
     systemAccount 0 0.0
     userMessage 0 0.0
     textMessage 0 0.0
     imageMessage 0 0.0
     audioMessage 0 0.0
     videoMessage 0 0.0
     stickerMessage 0 0.0
     gifMessage 0 0.0
     posix 1 0.5
     date 1 0.5
     author 1 0.5
     forward 1 0.5
     cited 1 0.5
     citedAuthor 2 1.0
     citedText 2 1.0
     time 1 0.5
     ----------------------------------------------------------------------
    
     range of date: 2018-11-29 till 2018-11-29
     NAs in date: 1 (0.5)
     Time for Reading Data: 0.01 secs
     ----------------------------------------------------------------------
     number of observations in text: 4
    
     NAs in text:
     NA.abs NA.rel
     0 0
     ----------------------------------------------------------------------
    
     meta: 4 observations of 22 variables
    
     NAs in meta:
     abs rel
     id 0 0.00
     title 4 1.00
     systemActivity 0 0.00
     systemDate 0 0.00
     systemSecurity 0 0.00
     systemInfo 0 0.00
     systemAccount 0 0.00
     userMessage 0 0.00
     textMessage 0 0.00
     imageMessage 0 0.00
     audioMessage 0 0.00
     videoMessage 0 0.00
     stickerMessage 0 0.00
     gifMessage 0 0.00
     posix 2 0.50
     date 2 0.50
     author 2 0.50
     forward 2 0.50
     cited 2 0.50
     citedAuthor 4 1.00
     citedText 3 0.75
     time 2 0.50
     ----------------------------------------------------------------------
    
     range of date: 2018-11-29 till 2018-11-30
     NAs in date: 2 (0.5)
     Wikinews1.xml
     Wikinews2.xml
     number of observations in text: 4
    
     NAs in text:
     NA.abs NA.rel
     0 0
     ----------------------------------------------------------------------
    
     meta: 4 observations of 3 variables
    
     NAs in meta:
     abs rel
     id 0 0
     date 0 0
     title 0 0
     ----------------------------------------------------------------------
    
     range of date: 2018-03-30 till 2018-04-07
     Wikinews1.xml
     number of observations in text: 3
    
     NAs in text:
     NA.abs NA.rel
     0 0
     ----------------------------------------------------------------------
    
     meta: 3 observations of 3 variables
    
     NAs in meta:
     abs rel
     id 0 0
     date 0 0
     title 0 0
     ----------------------------------------------------------------------
    
     range of date: 2018-03-30 till 2018-04-07
     Wikinews2.xml
     number of observations in text: 1
    
     NAs in text:
     NA.abs NA.rel
     0 0
     ----------------------------------------------------------------------
    
     meta: 1 observations of 3 variables
    
     NAs in meta:
     abs rel
     id 0 0
     date 0 0
     title 0 0
     ----------------------------------------------------------------------
    
     range of date: 2018-03-31 till 2018-03-31
     Entity html
     <U+00C0><U+00C1><U+00C2><U+00C3><U+00C4><U+00C5><U+00C6><U+00C7><U+00C8><U+00C9><U+00CA><U+00CB><U+00CC><U+00CD><U+00CE><U+00CF><U+00D0><U+00D1><U+00D2><U+00D3><U+00D4><U+00D5><U+00D6><U+00D8><U+00D9><U+00DA><U+00DB><U+00DC><U+00DD><U+00DE><U+00DF><U+00E0><U+00E1><U+00E2><U+00E3><U+00E4><U+00E5><U+00E6><U+00E7><U+00E8><U+00E9><U+00EA><U+00EB><U+00EC><U+00ED><U+00EE><U+00EF><U+00F0><U+00F1><U+00F2><U+00F3><U+00F4><U+00F5><U+00F6><U+00F8><U+00F9><U+00FA><U+00FB><U+00FC><U+00FD><U+00FE><U+00FF>
     Decimal html
     <U+00C0><U+00C1><U+00C2><U+00C3><U+00C4><U+00C5><U+00C6><U+00C7><U+00C8><U+00C9><U+00CA><U+00CB><U+00CC><U+00CD><U+00CE><U+00CF><U+00D0><U+00D1><U+00D2><U+00D3><U+00D4><U+00D5><U+00D6><U+00D8><U+00D9><U+00DA><U+00DB><U+00DC><U+00DD><U+00DE><U+00DF><U+00E0><U+00E1><U+00E2><U+00E3><U+00E4><U+00E5><U+00E6><U+00E7><U+00E8><U+00E9><U+00EA><U+00EB><U+00EC><U+00ED><U+00EE><U+00EF><U+00F0><U+00F1><U+00F2><U+00F3><U+00F4><U+00F5><U+00F6><U+00F8><U+00F9><U+00FA><U+00FB><U+00FC><U+00FD><U+00FE><U+00FF>
     Hex html
     <U+00C0><U+00C1><U+00C2><U+00C3><U+00C4><U+00C5><U+00C6><U+00C7><U+00C8><U+00C9><U+00CA><U+00CB><U+00CC><U+00CD><U+00CE><U+00CF><U+00D0><U+00D1><U+00D2><U+00D3><U+00D4><U+00D5><U+00D6><U+00D8><U+00D9><U+00DA><U+00DB><U+00DC><U+00DD><U+00DE><U+00DF><U+00E0><U+00E1><U+00E2><U+00E3><U+00E4><U+00E5><U+00E6><U+00E7><U+00E8><U+00E9><U+00EA><U+00EB><U+00EC><U+00ED><U+00EE><U+00EF><U+00F0><U+00F1><U+00F2><U+00F3><U+00F4><U+00F5><U+00F6><U+00F8><U+00F9><U+00FA><U+00FB><U+00FC><U+00FD><U+00FE><U+00FF>
     delete remaining entities
     Entity html
     <U+00C0><U+00C1><U+00C2><U+00C3><U+00C4><U+00C5><U+00C6><U+00C7><U+00C8><U+00C9><U+00CA><U+00CB><U+00CC><U+00CD><U+00CE><U+00CF><U+00D0><U+00D1><U+00D2><U+00D3><U+00D4><U+00D5><U+00D6><U+00D8><U+00D9><U+00DA><U+00DB><U+00DC><U+00DD><U+00DE><U+00DF><U+00E0><U+00E1><U+00E2><U+00E3><U+00E4><U+00E5><U+00E6><U+00E7><U+00E8><U+00E9><U+00EA><U+00EB><U+00EC><U+00ED><U+00EE><U+00EF><U+00F0><U+00F1><U+00F2><U+00F3><U+00F4><U+00F5><U+00F6><U+00F8><U+00F9><U+00FA><U+00FB><U+00FC><U+00FD><U+00FE><U+00FF>
     delete remaining entities
     Decimal html
     <U+00C0><U+00C1><U+00C2><U+00C3><U+00C4><U+00C5><U+00C6><U+00C7><U+00C8><U+00C9><U+00CA><U+00CB><U+00CC><U+00CD><U+00CE><U+00CF><U+00D0><U+00D1><U+00D2><U+00D3><U+00D4><U+00D5><U+00D6><U+00D8><U+00D9><U+00DA><U+00DB><U+00DC><U+00DD><U+00DE><U+00DF><U+00E0><U+00E1><U+00E2><U+00E3><U+00E4><U+00E5><U+00E6><U+00E7><U+00E8><U+00E9><U+00EA><U+00EB><U+00EC><U+00ED><U+00EE><U+00EF><U+00F0><U+00F1><U+00F2><U+00F3><U+00F4><U+00F5><U+00F6><U+00F8><U+00F9><U+00FA><U+00FB><U+00FC><U+00FD><U+00FE><U+00FF>
     delete remaining entities
     Hex html
     <U+00C0><U+00C1><U+00C2><U+00C3><U+00C4><U+00C5><U+00C6><U+00C7><U+00C8><U+00C9><U+00CA><U+00CB><U+00CC><U+00CD><U+00CE><U+00CF><U+00D0><U+00D1><U+00D2><U+00D3><U+00D4><U+00D5><U+00D6><U+00D8><U+00D9><U+00DA><U+00DB><U+00DC><U+00DD><U+00DE><U+00DF><U+00E0><U+00E1><U+00E2><U+00E3><U+00E4><U+00E5><U+00E6><U+00E7><U+00E8><U+00E9><U+00EA><U+00EB><U+00EC><U+00ED><U+00EE><U+00EF><U+00F0><U+00F1><U+00F2><U+00F3><U+00F4><U+00F5><U+00F6><U+00F8><U+00F9><U+00FA><U+00FB><U+00FC><U+00FD><U+00FE><U+00FF>
     delete remaining entities
     Decimal html
     <U+0100><U+0101><U+0102><U+0103><U+0104><U+0105><U+0106><U+0107><U+0108><U+0109><U+010A><U+010B><U+010C><U+010D><U+010E><U+010F><U+0110><U+0111><U+0112><U+0113><U+0116><U+0117><U+0118><U+0119><U+011A><U+011B><U+011C><U+011D><U+011E><U+011F><U+0120><U+0121><U+0122><U+0123><U+0124><U+0125><U+0126><U+0127><U+0128><U+0129><U+012A><U+012B><U+012E><U+012F><U+0130><U+0131><U+0134><U+0135><U+0136><U+0137><U+0138><U+0139><U+013A><U+013B><U+013C><U+013D><U+013E><U+0141><U+0142><U+0143><U+0144><U+0145><U+0146><U+0147><U+0148><U+014A><U+014B><U+014C><U+014D><U+0150><U+0151><U+0152><U+0153><U+0154><U+0155><U+0156><U+0157><U+0158><U+0159><U+015A><U+015B><U+015C><U+015D><U+015E><U+015F><U+0160><U+0161><U+0162><U+0163><U+0164><U+0165><U+0166><U+0167><U+0168><U+0169><U+016A><U+016B><U+016C><U+016D><U+016E><U+016F><U+0170><U+0171><U+0172><U+0173><U+0174><U+0175><U+0176><U+0177><U+0178><U+0179><U+017A><U+017B><U+017C><U+017D><U+017E><U+0183><U+1E02><U+1E03><U+1E0A><U+1E0B><U+1E1E><U+1E1F><U+1E40><U+1E41><U+1E56><U+1E57><U+1E60><U+1E61><U+1E6A><U+1E6B><U+1E80><U+1E81><U+1E82><U+1E83><U+1E84><U+1E85><U+1EF2><U+1EF3><U+2015><U+2017><U+2018><U+2019><U+201C><U+201D><U+201E><U+203E><U+20AC><U+20E1><U+2116><U+0218><U+0219><U+021A><U+021B><U+02C7><U+02D8><U+02D9><U+02DB><U+02DD><U+0338><U+0339><U+033A><U+033B><U+033C><U+033E><U+033F><U+034B><U+034C><U+034D><U+034E><U+034F><U+0384><U+0385><U+0386><U+0390><U+0391><U+0392><U+0393><U+0394><U+0395><U+0396><U+0397><U+0398><U+0399><U+039A><U+039B><U+039C><U+039D><U+039E><U+039F><U+03A0><U+03A1><U+03A3><U+03A4><U+03A5><U+03A6><U+03A7><U+03A8><U+03A9><U+03AA><U+03AB><U+03AC><U+03AD><U+03AE><U+03AF><U+03B0><U+03B1><U+03B2><U+03B3><U+03B4><U+03B5><U+03B6><U+03B7><U+03B8><U+03B9><U+03BA><U+03BB><U+03BC><U+03BD><U+03BE><U+03BF><U+03C0><U+03C1><U+03C2><U+03C3><U+03C4><U+03C5><U+03C6><U+03C7><U+03C8><U+03C9><U+03CA><U+03CB><U+03CC><U+03CD><U+03CE><U+0401><U+0402><U+0403><U+0404><U+0405><U+0406><U+0407><U+0408><U+040A><U+040B><U+040C><U+040E><U+040F><U+0410><U+0411><U+0412><U+0413><U+0414><U+0415><U+0416><U+0417><U+0418><U+0419><U+041A><U+041B><U+041C><U+041D><U+041E><U+041F><U+0420><U+0421><U+0422><U+0423><U+0424><U+0425><U+0426><U+0427><U+0428><U+0429><U+042A><U+042B><U+042C><U+042D><U+042E><U+042F><U+0430><U+0431><U+0432><U+0433><U+0434><U+0435><U+0436><U+0437><U+0438><U+0439><U+043A><U+0440><U+0441><U+0442><U+0443><U+0444><U+0445><U+0446><U+0447><U+0448><U+0449><U+044A><U+044B><U+044C><U+044D><U+044E><U+044F><U+0451><U+0452><U+0453><U+0454><U+0455><U+0456><U+0457><U+0458><U+0459><U+045A><U+045B><U+045C><U+045E><U+045F><U+04A9><U+05D0><U+05D1><U+05D2><U+05D3><U+05D4><U+05D5><U+05D6><U+05D7><U+05D8><U+05D9><U+05DA><U+05DB><U+05DC><U+05DD><U+05DE><U+05DF><U+05E0><U+05E1><U+05E2><U+05E3><U+05E4><U+05E5><U+05E6><U+05E7><U+05E8><U+05E9><U+05EA><U+060C><U+061B><U+061F><U+0621><U+0622><U+0623><U+0624><U+0625><U+0626><U+0627><U+0628><U+0629><U+062A><U+062B><U+062C><U+062D><U+062E><U+062F><U+0630><U+0631><U+0632><U+0633><U+0634><U+0635><U+0636><U+0637><U+0638><U+0639><U+063A><U+0640><U+0641><U+0642><U+0643><U+0644><U+0645><U+0646><U+0647><U+0648><U+0649><U+064A><U+064B><U+064C><U+064D><U+064E><U+064F><U+00A0><U+00A1><U+00A2><U+00A3><U+00A4><U+00A5><U+00A6><U+00A7><U+00A8><U+00A9><U+00AA><U+00AB><U+00AC><U+00AD><U+00AE><U+00AF><U+00B0><U+00B1><U+00B2><U+00B3><U+00B4><U+00B5><U+00B6><U+00B7><U+00B8><U+00B9><U+00BA><U+00BB><U+00BC><U+00BD><U+00BE><U+00BF><U+00C0><U+00C1><U+00C2><U+00C3><U+00C4><U+00C5><U+00C6><U+00C7><U+00C8><U+00C9><U+00CA><U+00CB><U+00CC><U+00CD><U+00CE><U+00CF><U+00D0><U+00D1><U+00D2><U+00D3><U+00D4><U+00D5><U+00D6><U+00D7><U+00D8><U+00D9><U+00DA><U+00DB><U+00DC><U+00DD><U+00DE><U+00DF><U+00E0><U+0E01><U+0E02><U+0E03><U+0E04><U+0E05><U+0E06><U+0E07><U+0E09><U+0E0A><U+0E0B><U+0E0C><U+0E0D><U+0E0E><U+0E0F><U+00E1><U+0E10><U+0E11><U+0E12><U+0E13><U+0E14><U+0E15><U+0E16><U+0E17><U+0E18><U+0E19><U+0E1A><U+0E1B><U+0E1C><U+0E1D><U+0E1E><U+0E1F><U+00E2><U+0E20><U+0E21><U+0E22><U+0E23><U+0E24><U+0E25><U+0E26><U+0E27><U+0E28><U+0E29><U+0E2A><U+0E2B><U+0E2C><U+0E2D><U+0E2E><U+0E2F><U+00E3><U+0E30><U+0E31><U+0E32><U+0E33><U+0E34><U+0E35><U+0E36><U+0E37><U+0E38><U+0E39><U+0E3A><U+0E3F><U+00E4><U+0E40><U+0E41><U+0E42><U+0E43><U+0E44><U+0E45><U+0E46><U+0E47><U+0E48><U+0E49><U+0E4A><U+0E4B><U+0E4C><U+0E4D><U+0E4E><U+0E4F><U+00E5><U+0E50><U+0E51><U+0E52><U+0E53><U+0E54><U+0E55><U+0E56><U+0E57><U+0E58><U+0E59><U+0E5A><U+0E5B><U+00E6><U+00E7><U+00E8><U+00E9><U+00EA><U+00EB><U+00EC><U+00ED><U+00EE><U+00EF><U+00F0><U+00F1><U+00F2><U+00F3><U+00F4><U+00F5><U+00F6><U+00F7><U+00F8><U+00F9><U+00FA><U+00FB><U+00FC><U+00FD><U+00FE><U+00FF>
     delete remaining entities
     Hex html
     <U+0100><U+0101><U+0102><U+0103><U+0104><U+0105><U+0106><U+0107><U+0108><U+0109><U+010A><U+010B><U+010C><U+010D><U+010E><U+010F><U+0110><U+0111><U+0112><U+0113><U+0116><U+0117><U+0118><U+0119><U+011A><U+011B><U+011C><U+011D><U+011E><U+011F><U+0120><U+0121><U+0122><U+0123><U+0124><U+0125><U+0126><U+0127><U+0128><U+0129><U+012A><U+012B><U+012E><U+012F><U+0130><U+0131><U+0134><U+0135><U+0136><U+0137><U+0138><U+0139><U+013A><U+013B><U+013C><U+013D><U+013E><U+0141><U+0142><U+0143><U+0144><U+0145><U+0146><U+0147><U+0148><U+014A><U+014B><U+014C><U+014D><U+0150><U+0151><U+0152><U+0153><U+0154><U+0155><U+0156><U+0157><U+0158><U+0159><U+015A><U+015B><U+015C><U+015D><U+015E><U+015F><U+0160><U+0161><U+0162><U+0163><U+0164><U+0165><U+0166><U+0167><U+0168><U+0169><U+016A><U+016B><U+016C><U+016D><U+016E><U+016F><U+0170><U+0171><U+0172><U+0173><U+0174><U+0175><U+0176><U+0177><U+0178><U+0179><U+017A><U+017B><U+017C><U+017D><U+017E><U+0183><U+1E02><U+1E03><U+1E0A><U+1E0B><U+1E1E><U+1E1F><U+1E40><U+1E41><U+1E56><U+1E57><U+1E60><U+1E61><U+1E6A><U+1E6B><U+1E80><U+1E81><U+1E82><U+1E83><U+1E84><U+1E85><U+1EF2><U+1EF3><U+2015><U+2017><U+2018><U+2019><U+201C><U+201D><U+201E><U+203E><U+20AC><U+20E1><U+2116><U+0218><U+0219><U+021A><U+021B><U+02C7><U+02D8><U+02D9><U+02DB><U+02DD><U+0338><U+0339><U+033A><U+033B><U+033C><U+033E><U+033F><U+034B><U+034C><U+034D><U+034E><U+034F><U+0384><U+0385><U+0386><U+0390><U+0391><U+0392><U+0393><U+0394><U+0395><U+0396><U+0397><U+0398><U+0399><U+039A><U+039B><U+039C><U+039D><U+039E><U+039F><U+03A0><U+03A1><U+03A3><U+03A4><U+03A5><U+03A6><U+03A7><U+03A8><U+03A9><U+03AA><U+03AB><U+03AC><U+03AD><U+03AE><U+03AF><U+03B0><U+03B1><U+03B2><U+03B3><U+03B4><U+03B5><U+03B6><U+03B7><U+03B8><U+03B9><U+03BA><U+03BB><U+03BC><U+03BD><U+03BE><U+03BF><U+03C0><U+03C1><U+03C2><U+03C3><U+03C4><U+03C5><U+03C6><U+03C7><U+03C8><U+03C9><U+03CA><U+03CB><U+03CC><U+03CD><U+03CE><U+0401><U+0402><U+0403><U+0404><U+0405><U+0406><U+0407><U+0408><U+040A><U+040B><U+040C><U+040E><U+040F><U+0410><U+0411><U+0412><U+0413><U+0414><U+0415><U+0416><U+0417><U+0418><U+0419><U+041A><U+041B><U+041C><U+041D><U+041E><U+041F><U+0420><U+0421><U+0422><U+0423><U+0424><U+0425><U+0426><U+0427><U+0428><U+0429><U+042A><U+042B><U+042C><U+042D><U+042E><U+042F><U+0430><U+0431><U+0432><U+0433><U+0434><U+0435><U+0436><U+0437><U+0438><U+0439><U+043A><U+0440><U+0441><U+0442><U+0443><U+0444><U+0445><U+0446><U+0447><U+0448><U+0449><U+044A><U+044B><U+044C><U+044D><U+044E><U+044F><U+0451><U+0452><U+0453><U+0454><U+0455><U+0456><U+0457><U+0458><U+0459><U+045A><U+045B><U+045C><U+045E><U+045F><U+04A9><U+05D0><U+05D1><U+05D2><U+05D3><U+05D4><U+05D5><U+05D6><U+05D7><U+05D8><U+05D9><U+05DA><U+05DB><U+05DC><U+05DD><U+05DE><U+05DF><U+05E0><U+05E1><U+05E2><U+05E3><U+05E4><U+05E5><U+05E6><U+05E7><U+05E8><U+05E9><U+05EA><U+060C><U+061B><U+061F><U+0621><U+0622><U+0623><U+0624><U+0625><U+0626><U+0627><U+0628><U+0629><U+062A><U+062B><U+062C><U+062D><U+062E><U+062F><U+0630><U+0631><U+0632><U+0633><U+0634><U+0635><U+0636><U+0637><U+0638><U+0639><U+063A><U+0640><U+0641><U+0642><U+0643><U+0644><U+0645><U+0646><U+0647><U+0648><U+0649><U+064A><U+064B><U+064C><U+064D><U+064E><U+064F><U+00A0><U+00A1><U+00A2><U+00A3><U+00A4><U+00A5><U+00A6><U+00A7><U+00A8><U+00A9><U+00AA><U+00AB><U+00AC><U+00AD><U+00AE><U+00AF><U+00B0><U+00B1><U+00B2><U+00B3><U+00B4><U+00B5><U+00B6><U+00B7><U+00B8><U+00B9><U+00BA><U+00BB><U+00BC><U+00BD><U+00BE><U+00BF><U+00C0><U+00C1><U+00C2><U+00C3><U+00C4><U+00C5><U+00C6><U+00C7><U+00C8><U+00C9><U+00CA><U+00CB><U+00CC><U+00CD><U+00CE><U+00CF><U+00D0><U+00D1><U+00D2><U+00D3><U+00D4><U+00D5><U+00D6><U+00D7><U+00D8><U+00D9><U+00DA><U+00DB><U+00DC><U+00DD><U+00DE><U+00DF><U+00E0><U+0E01><U+0E02><U+0E03><U+0E04><U+0E05><U+0E06><U+0E07><U+0E09><U+0E0A><U+0E0B><U+0E0C><U+0E0D><U+0E0E><U+0E0F><U+00E1><U+0E10><U+0E11><U+0E12><U+0E13><U+0E14><U+0E15><U+0E16><U+0E17><U+0E18><U+0E19><U+0E1A><U+0E1B><U+0E1C><U+0E1D><U+0E1E><U+0E1F><U+00E2><U+0E20><U+0E21><U+0E22><U+0E23><U+0E24><U+0E25><U+0E26><U+0E27><U+0E28><U+0E29><U+0E2A><U+0E2B><U+0E2C><U+0E2D><U+0E2E><U+0E2F><U+00E3><U+0E30><U+0E31><U+0E32><U+0E33><U+0E34><U+0E35><U+0E36><U+0E37><U+0E38><U+0E39><U+0E3A><U+0E3F><U+00E4><U+0E40><U+0E41><U+0E42><U+0E43><U+0E44><U+0E45><U+0E46><U+0E47><U+0E48><U+0E49><U+0E4A><U+0E4B><U+0E4C><U+0E4D><U+0E4E><U+0E4F><U+00E5><U+0E50><U+0E51><U+0E52><U+0E53><U+0E54><U+0E55><U+0E56><U+0E57><U+0E58><U+0E59><U+0E5A><U+0E5B><U+00E6><U+00E7><U+00E8><U+00E9><U+00EA><U+00EB><U+00EC><U+00ED><U+00EE><U+00EF><U+00F0><U+00F1><U+00F2><U+00F3><U+00F4><U+00F5><U+00F6><U+00F7><U+00F8><U+00F9><U+00FA><U+00FB><U+00FC><U+00FD><U+00FE><U+00FF>
     delete remaining entities
     Entity html
     <U+0100><U+0101><U+0102><U+0103><U+0104><U+0105><U+0106><U+0107><U+0108><U+0109><U+010A><U+010B><U+010C><U+010D><U+010E><U+010F><U+0110><U+0111><U+0112><U+0113><U+0116><U+0117><U+0118><U+0119><U+011A><U+011B><U+011C><U+011D><U+011E><U+011F><U+0120><U+0121><U+0122><U+0124><U+0125><U+0126><U+0127><U+0128><U+0129><U+012A><U+012B><U+012E><U+012F><U+0130><U+0131><U+0134><U+0135><U+0136><U+0137><U+0138><U+0139><U+013A><U+013B><U+013C><U+013D><U+013E><U+0141><U+0142><U+0143><U+0144><U+0145><U+0146><U+0147><U+0148><U+014A><U+014B><U+014C><U+014D><U+0150><U+0151><U+0152><U+0153><U+0154><U+0155><U+0156><U+0157><U+0158><U+0159><U+015A><U+015B><U+015C><U+015D><U+015E><U+015F><U+0160><U+0161><U+0162><U+0163><U+0164><U+0165><U+0166><U+0167><U+0168><U+0169><U+016A><U+016B><U+016C><U+016D><U+016E><U+016F><U+0170><U+0171><U+0172><U+0173><U+0174><U+0175><U+0176><U+0177><U+0178><U+0179><U+017A><U+017B><U+017C><U+017D><U+017E><U+2015><U+2018><U+2019><U+201C><U+201D><U+201E><U+203E><U+20AC><U+2116><U+02C7><U+02D8><U+02D9><U+02DB><U+02DD><U+0391><U+0392><U+0393><U+0394><U+0395><U+0396><U+0397><U+0398><U+0399><U+039A><U+039B><U+039C><U+039D><U+039E><U+039F><U+03A0><U+03A1><U+03A3><U+03A4><U+03A5><U+03A6><U+03A7><U+03A8><U+03A9><U+03B1><U+03B2><U+03B3><U+03B4><U+03B5><U+03B6><U+03B7><U+03B8><U+03B9><U+03BA><U+03BB><U+03BC><U+03BD><U+03BE><U+03BF><U+03C0><U+03C1><U+03C2><U+03C3><U+03C4><U+03C5><U+03C6><U+03C7><U+03C8><U+03C9><U+0401><U+0402><U+0403><U+0404><U+0405><U+0406><U+0407><U+0408><U+040A><U+040B><U+040C><U+040E><U+040F><U+0410><U+0411><U+0412><U+0413><U+0414><U+0415><U+0416><U+0417><U+0418><U+0419><U+041A><U+041B><U+041C><U+041D><U+041E><U+041F><U+0420><U+0421><U+0422><U+0423><U+0424><U+0425><U+0426><U+0427><U+0428><U+0429><U+042A><U+042B><U+042C><U+042D><U+042E><U+042F><U+0430><U+0431><U+0432><U+0433><U+0434><U+0435><U+0436><U+0437><U+0438><U+0439><U+043A><U+0440><U+0441><U+0442><U+0443><U+0444><U+0445><U+0446><U+0447><U+0448><U+0449><U+044A><U+044B><U+044C><U+044D><U+044E><U+044F><U+0451><U+0452><U+0453><U+0454><U+0455><U+0456><U+0457><U+0458><U+0459><U+045A><U+045B><U+045C><U+045E><U+045F><U+00A0><U+00A1><U+00A2><U+00A3><U+00A4><U+00A5><U+00A6><U+00A7><U+00A8><U+00A9><U+00AA><U+00AB><U+00AC><U+00AD><U+00AE><U+00AF><U+00B0><U+00B1><U+00B2><U+00B3><U+00B4><U+00B5><U+00B6><U+00B7><U+00B8><U+00B9><U+00BA><U+00BB><U+00BC><U+00BD><U+00BE><U+00BF><U+00C0><U+00C1><U+00C2><U+00C3><U+00C4><U+00C5><U+00C6><U+00C7><U+00C8><U+00C9><U+00CA><U+00CB><U+00CC><U+00CD><U+00CE><U+00CF><U+00D0><U+00D1><U+00D2><U+00D3><U+00D4><U+00D5><U+00D6><U+00D7><U+00D8><U+00D9><U+00DA><U+00DB><U+00DC><U+00DD><U+00DE><U+00DF><U+00E0><U+00E1><U+00E2><U+00E3><U+00E4><U+00E5><U+00E6><U+00E7><U+00E8><U+00E9><U+00EA><U+00EB><U+00EC><U+00ED><U+00EE><U+00EF><U+00F0><U+00F1><U+00F2><U+00F3><U+00F4><U+00F5><U+00F6><U+00F7><U+00F8><U+00F9><U+00FA><U+00FB><U+00FC><U+00FD><U+00FE><U+00FF>
     delete remaining entities
     Decimal html
     <U+0100><U+0101><U+0102><U+0103><U+0104><U+0105><U+0106><U+0107><U+0108><U+0109><U+010A><U+010B><U+010C><U+010D><U+010E><U+010F><U+0110><U+0111><U+0112><U+0113><U+0116><U+0117><U+0118><U+0119><U+011A><U+011B><U+011C><U+011D><U+011E><U+011F><U+0120><U+0121><U+0122><U+0123><U+0124><U+0125><U+0126><U+0127><U+0128><U+0129><U+012A><U+012B><U+012E><U+012F><U+0130><U+0131><U+0134><U+0135><U+0136><U+0137><U+0138><U+0139><U+013A><U+013B><U+013C><U+013D><U+013E><U+0141><U+0142><U+0143><U+0144><U+0145><U+0146><U+0147><U+0148><U+014A><U+014B><U+014C><U+014D><U+0150><U+0151><U+0152><U+0153><U+0154><U+0155><U+0156><U+0157><U+0158><U+0159><U+015A><U+015B><U+015C><U+015D><U+015E><U+015F><U+0160><U+0161><U+0162><U+0163><U+0164><U+0165><U+0166><U+0167><U+0168><U+0169><U+016A><U+016B><U+016C><U+016D><U+016E><U+016F><U+0170><U+0171><U+0172><U+0173><U+0174><U+0175><U+0176><U+0177><U+0178><U+0179><U+017A><U+017B><U+017C><U+017D><U+017E><U+0183><U+1E02><U+1E03><U+1E0A><U+1E0B><U+1E1E><U+1E1F><U+1E40><U+1E41><U+1E56><U+1E57><U+1E60><U+1E61><U+1E6A><U+1E6B><U+1E80><U+1E81><U+1E82><U+1E83><U+1E84><U+1E85><U+1EF2><U+1EF3><U+0218><U+0219><U+021A><U+021B><U+02C7><U+02D8><U+02D9><U+02DB><U+02DD><U+0338><U+0339><U+033A><U+033B><U+033C><U+033E><U+033F><U+034B><U+034C><U+034D><U+034E><U+034F><U+0384><U+0385><U+0386><U+0390><U+0391><U+0392><U+0393><U+0394><U+0395><U+0396><U+0397><U+0398><U+0399><U+039A><U+039B><U+039C><U+039D><U+039E><U+039F><U+03A0><U+03A1><U+03A3><U+03A4><U+03A5><U+03A6><U+03A7><U+03A8><U+03A9><U+03AA><U+03AB><U+03AC><U+03AD><U+03AE><U+03AF><U+03B0><U+03B1><U+03B2><U+03B3><U+03B4><U+03B5><U+03B6><U+03B7><U+03B8><U+03B9><U+03BA><U+03BB><U+03BC><U+03BD><U+03BE><U+03BF><U+03C0><U+03C1><U+03C2><U+03C3><U+03C4><U+03C5><U+03C6><U+03C7><U+03C8><U+03C9><U+03CA><U+03CB><U+03CC><U+03CD><U+03CE><U+0401><U+0402><U+0403><U+0404><U+0405><U+0406><U+0407><U+0408><U+040A><U+040B><U+040C><U+040E><U+040F><U+0410><U+0411><U+0412><U+0413><U+0414><U+0415><U+0416><U+0417><U+0418><U+0419><U+041A><U+041B><U+041C><U+041D><U+041E><U+041F><U+0420><U+0421><U+0422><U+0423><U+0424><U+0425><U+0426><U+0427><U+0428><U+0429><U+042A><U+042B><U+042C><U+042D><U+042E><U+042F><U+0430><U+0431><U+0432><U+0433><U+0434><U+0435><U+0436><U+0437><U+0438><U+0439><U+043A><U+0440><U+0441><U+0442><U+0443><U+0444><U+0445><U+0446><U+0447><U+0448><U+0449><U+044A><U+044B><U+044C><U+044D><U+044E><U+044F><U+0451><U+0452><U+0453><U+0454><U+0455><U+0456><U+0457><U+0458><U+0459><U+045A><U+045B><U+045C><U+045E><U+045F><U+04A9><U+05D0><U+05D1><U+05D2><U+05D3><U+05D4><U+05D5><U+05D6><U+05D7><U+05D8><U+05D9><U+05DA><U+05DB><U+05DC><U+05DD><U+05DE><U+05DF><U+05E0><U+05E1><U+05E2><U+05E3><U+05E4><U+05E5><U+05E6><U+05E7><U+05E8><U+05E9><U+05EA><U+060C><U+061B><U+061F><U+0621><U+0622><U+0623><U+0624><U+0625><U+0626><U+0627><U+0628><U+0629><U+062A><U+062B><U+062C><U+062D><U+062E><U+062F><U+0630><U+0631><U+0632><U+0633><U+0634><U+0635><U+0636><U+0637><U+0638><U+0639><U+063A><U+0640><U+0641><U+0642><U+0643><U+0644><U+0645><U+0646><U+0647><U+0648><U+0649><U+064A><U+064B><U+064C><U+064D><U+064E><U+064F><U+00C0><U+00C1><U+00C2><U+00C3><U+00C4><U+00C5><U+00C6><U+00C7><U+00C8><U+00C9><U+00CA><U+00CB><U+00CC><U+00CD><U+00CE><U+00CF><U+00D0><U+00D1><U+00D2><U+00D3><U+00D4><U+00D5><U+00D6><U+00D8><U+00D9><U+00DA><U+00DB><U+00DC><U+00DD><U+00DE><U+00DF><U+00E0><U+0E01><U+0E02><U+0E03><U+0E04><U+0E05><U+0E06><U+0E07><U+0E09><U+0E0A><U+0E0B><U+0E0C><U+0E0D><U+0E0E><U+0E0F><U+00E1><U+0E10><U+0E11><U+0E12><U+0E13><U+0E14><U+0E15><U+0E16><U+0E17><U+0E18><U+0E19><U+0E1A><U+0E1B><U+0E1C><U+0E1D><U+0E1E><U+0E1F><U+00E2><U+0E20><U+0E21><U+0E22><U+0E23><U+0E24><U+0E25><U+0E26><U+0E27><U+0E28><U+0E29><U+0E2A><U+0E2B><U+0E2C><U+0E2D><U+0E2E><U+0E2F><U+00E3><U+0E30><U+0E31><U+0E32><U+0E33><U+0E34><U+0E35><U+0E36><U+0E37><U+0E38><U+0E39><U+0E3A><U+0E3F><U+00E4><U+0E40><U+0E41><U+0E42><U+0E43><U+0E44><U+0E45><U+0E46><U+0E47><U+0E48><U+0E49><U+0E4A><U+0E4B><U+0E4C><U+0E4D><U+0E4E><U+0E4F><U+00E5><U+0E50><U+0E51><U+0E52><U+0E53><U+0E54><U+0E55><U+0E56><U+0E57><U+0E58><U+0E59><U+0E5A><U+0E5B><U+00E6><U+00E7><U+00E8><U+00E9><U+00EA><U+00EB><U+00EC><U+00ED><U+00EE><U+00EF><U+00F0><U+00F1><U+00F2><U+00F3><U+00F4><U+00F5><U+00F6><U+00F8><U+00F9><U+00FA><U+00FB><U+00FC><U+00FD><U+00FE><U+00FF>
     delete remaining entities
     Decimal html
     <U+0100><U+0101><U+0102><U+0103><U+0104><U+0105><U+0106><U+0107><U+0108><U+0109><U+010A><U+010B><U+010C><U+010D><U+010E><U+010F><U+0111><U+0112><U+0113><U+0116><U+0117><U+0118><U+0119><U+011A><U+011B><U+011C><U+011D><U+011E><U+011F><U+0120><U+0121><U+0122><U+0123><U+0124><U+0125><U+0126><U+0127><U+0128><U+0129><U+012A><U+012B><U+012E><U+012F><U+0130><U+0131><U+0134><U+0135><U+0136><U+0137><U+0139><U+013A><U+013B><U+013C><U+013D><U+013E><U+0141><U+0142><U+0143><U+0144><U+0145><U+0146><U+0147><U+0148><U+014A><U+014B><U+014C><U+014D><U+0150><U+0151><U+0152><U+0153><U+0154><U+0155><U+0156><U+0157><U+0158><U+0159><U+015A><U+015B><U+015C><U+015D><U+015E><U+015F><U+0160><U+0161><U+0162><U+0163><U+0164><U+0165><U+0166><U+0167><U+0168><U+0169><U+016A><U+016B><U+016C><U+016D><U+016E><U+016F><U+0170><U+0171><U+0172><U+0173><U+0178><U+0179><U+017A><U+017B><U+017C><U+017D><U+017E><U+0183><U+0218><U+0219><U+021A><U+021B><U+02C7><U+02D8><U+02D9><U+02DB><U+02DD><U+00C0><U+00C1><U+00C2><U+00C3><U+00C4><U+00C5><U+00C6><U+00C7><U+00C8><U+00C9><U+00CA><U+00CB><U+00CC><U+00CD><U+00CE><U+00CF><U+00D0><U+00D1><U+00D2><U+00D3><U+00D4><U+00D5><U+00D6><U+00D8><U+00D9><U+00DA><U+00DB><U+00DC><U+00DD><U+00DE><U+00DF><U+00E0><U+00E1><U+00E2><U+00E3><U+00E4><U+00E5><U+00E6><U+00E7><U+00E8><U+00E9><U+00EA><U+00EB><U+00EC><U+00ED><U+00EE><U+00EF><U+00F0><U+00F1><U+00F2><U+00F3><U+00F4><U+00F5><U+00F6><U+00F8><U+00F9><U+00FA><U+00FB><U+00FC><U+00FD><U+00FE><U+00FF>
     Hex html
     <U+0100><U+0101><U+0102><U+0103><U+0104><U+0105><U+0106><U+0107><U+0108><U+0109><U+010A><U+010B><U+010C><U+010D><U+010E><U+010F><U+0111><U+0112><U+0113><U+0116><U+0117><U+0118><U+0119><U+011A><U+011B><U+011C><U+011D><U+011E><U+011F><U+0120><U+0121><U+0122><U+0123><U+0124><U+0125><U+0126><U+0127><U+0128><U+0129><U+012A><U+012B><U+012E><U+012F><U+0130><U+0131><U+0134><U+0135><U+0136><U+0137><U+0139><U+013A><U+013B><U+013C><U+013D><U+013E><U+0141><U+0142><U+0143><U+0144><U+0145><U+0146><U+0147><U+0148><U+014A><U+014B><U+014C><U+014D><U+0150><U+0151><U+0152><U+0153><U+0154><U+0155><U+0156><U+0157><U+0158><U+0159><U+015A><U+015B><U+015C><U+015D><U+015E><U+015F><U+0160><U+0161><U+0162><U+0163><U+0164><U+0165><U+0166><U+0167><U+0168><U+0169><U+016A><U+016B><U+016C><U+016D><U+016E><U+016F><U+0170><U+0171><U+0172><U+0173><U+0178><U+0179><U+017A><U+017B><U+017C><U+017D><U+017E><U+0183><U+0218><U+0219><U+021A><U+021B><U+02C7><U+02D8><U+02D9><U+02DB><U+02DD><U+00C0><U+00C1><U+00C2><U+00C3><U+00C4><U+00C5><U+00C6><U+00C7><U+00C8><U+00C9><U+00CA><U+00CB><U+00CC><U+00CD><U+00CE><U+00CF><U+00D0><U+00D1><U+00D2><U+00D3><U+00D4><U+00D5><U+00D6><U+00D8><U+00D9><U+00DA><U+00DB><U+00DC><U+00DD><U+00DE><U+00DF><U+00E0><U+00E1><U+00E2><U+00E3><U+00E4><U+00E5><U+00E6><U+00E7><U+00E8><U+00E9><U+00EA><U+00EB><U+00EC><U+00ED><U+00EE><U+00EF><U+00F0><U+00F1><U+00F2><U+00F3><U+00F4><U+00F5><U+00F6><U+00F8><U+00F9><U+00FA><U+00FB><U+00FC><U+00FD><U+00FE><U+00FF>
     Entity html
     <U+0100><U+0101><U+0102><U+0103><U+0104><U+0105><U+0106><U+0107><U+0108><U+0109><U+010A><U+010B><U+010C><U+010D><U+010E><U+010F><U+0111><U+0112><U+0113><U+0116><U+0117><U+0118><U+0119><U+011A><U+011B><U+011C><U+011D><U+011E><U+011F><U+0120><U+0121><U+0122><U+0124><U+0125><U+0126><U+0127><U+0128><U+0129><U+012A><U+012B><U+012E><U+012F><U+0130><U+0131><U+0134><U+0135><U+0136><U+0137><U+0139><U+013A><U+013B><U+013C><U+013D><U+013E><U+0141><U+0142><U+0143><U+0144><U+0145><U+0146><U+0147><U+0148><U+014A><U+014B><U+014C><U+014D><U+0150><U+0151><U+0152><U+0153><U+0154><U+0155><U+0156><U+0157><U+0158><U+0159><U+015A><U+015B><U+015C><U+015D><U+015E><U+015F><U+0160><U+0161><U+0162><U+0163><U+0164><U+0165><U+0166><U+0167><U+0168><U+0169><U+016A><U+016B><U+016C><U+016D><U+016E><U+016F><U+0170><U+0171><U+0172><U+0173><U+0178><U+0179><U+017A><U+017B><U+017C><U+017D><U+017E><U+02C7><U+02D8><U+02D9><U+02DB><U+02DD><U+00C0><U+00C1><U+00C2><U+00C3><U+00C4><U+00C5><U+00C6><U+00C7><U+00C8><U+00C9><U+00CA><U+00CB><U+00CC><U+00CD><U+00CE><U+00CF><U+00D0><U+00D1><U+00D2><U+00D3><U+00D4><U+00D5><U+00D6><U+00D8><U+00D9><U+00DA><U+00DB><U+00DC><U+00DD><U+00DE><U+00DF><U+00E0><U+00E1><U+00E2><U+00E3><U+00E4><U+00E5><U+00E6><U+00E7><U+00E8><U+00E9><U+00EA><U+00EB><U+00EC><U+00ED><U+00EE><U+00EF><U+00F0><U+00F1><U+00F2><U+00F3><U+00F4><U+00F5><U+00F6><U+00F8><U+00F9><U+00FA><U+00FB><U+00FC><U+00FD><U+00FE><U+00FF>
     delete remaining entities
     Object of class "textmeta":
     number of observations in text: 0
     Object of class "textmeta":
     number of observations in text: 3
     meta: 3 observations of 4 variables
     metamult: 6 observations of 2 variables
     range of date: 1987-06-25 till 2014-08-06
     NAs in date: 1 (0.33)
     Object of class "textmeta":
     number of observations in text: 0
     Object of class "textmeta":
     number of observations in text: 0
     Object of class "textmeta":
     number of observations in text: 3
     meta: 3 observations of 4 variables
     metamult: 6 observations of 2 variables
     range of date: 1987-06-25 till 2014-08-06
     NAs in date: 1 (0.33)
     Object of class "textmeta":
     number of observations in text: 3
     meta: 3 observations of 4 variables
     metamult: 6 observations of 2 variables
     range of date: 1987-06-25 till 2014-08-06
     NAs in date: 1 (0.33)
     number of observations in text: 3
    
     NAs in text:
     NA.abs NA.rel
     0 0
     ----------------------------------------------------------------------
    
     meta: 3 observations of 4 variables
    
     NAs in meta:
     abs rel
     id 0 0.00
     date 1 0.33
     title 0 0.00
     page 0 0.00
     ----------------------------------------------------------------------
    
     range of date: 1987-06-25 till 2014-08-06
     NAs in date: 1 (0.33)
     ----------------------------------------------------------------------
    
     metamult:
     n NA.abs NA.rel
     metamult1 6 0 0
     metamult2 5 0 0
     number of observations in text: 3
    
     NAs in text:
     NA.abs NA.rel
     0 0
     ----------------------------------------------------------------------
    
     meta: 3 observations of 4 variables
    
     NAs in meta:
     abs rel
     id 0 0.00
     date 1 0.33
     title 0 0.00
     page 0 0.00
     ----------------------------------------------------------------------
    
     range of date: 1987-06-25 till 2014-08-06
     NAs in date: 1 (0.33)
     ----------------------------------------------------------------------
    
     metamult:
     n NA.abs NA.rel
     metamult1 6 0 0
     metamult2 5 0 0
     number of observations in text: 3
    
     NAs in text:
     NA.abs NA.rel
     0 0
     ----------------------------------------------------------------------
    
     meta: 3 observations of 4 variables
    
     NAs in meta:
     abs rel
     id 0 0.00
     date 1 0.33
     title 0 0.00
     page 0 0.00
     ----------------------------------------------------------------------
    
     range of date: 1987-06-25 till 2014-08-06
     NAs in date: 1 (0.33)
     ----------------------------------------------------------------------
    
     metamult:
     n NA.abs NA.rel
     metamult1 6 0 0
     metamult2 5 0 0
     number of observations in text: 3
    
     NAs in text:
     NA.abs NA.rel
     0 0
     ----------------------------------------------------------------------
    
     meta: 3 observations of 4 variables
    
     NAs in meta:
     abs rel
     id 0 0.00
     date 1 0.33
     title 0 0.00
     page 0 0.00
     ----------------------------------------------------------------------
    
     title:
     abs rel
     Title 1 1 0.33
     Title 2 1 0.33
     Title 3 1 0.33
     ----------------------------------------------------------------------
    
     range of date: 1987-06-25 till 2014-08-06
     NAs in date: 1 (0.33)
     ----------------------------------------------------------------------
    
     metamult:
     n NA.abs NA.rel
     metamult1 6 0 0
     metamult2 5 0 0
     Object of class "textmeta_tidy":
     number of observations in text: 3
     meta: 3 observations of 4 variables
     range of date: 1885-01-02 till 1979-03-04
     -- 1. Failure: topicsInText (@test_topicsInText.R#40) -------------------------
     Tall[89:107, 2] not equal to unname(T6).
     4/19 mismatches
     x[2]: "1"
     y[2]: "title 1"
    
     x[4]: "id: 1</br>"
     y[4]: "id: ID1</br>"
    
     x[6]: "title: 1</br>"
     y[6]: "title: title 1</br>"
    
     x[8]: "category: 1</br>"
     y[8]: "category: A</br>"
    
     -- 2. Failure: topicsInText (@test_topicsInText.R#41) -------------------------
     Tall[108:126, 2] not equal to unname(T7).
     4/19 mismatches
     x[2]: "1"
     y[2]: "title 1"
    
     x[4]: "id: 1</br>"
     y[4]: "id: ID1</br>"
    
     x[6]: "title: 1</br>"
     y[6]: "title: title 1</br>"
    
     x[8]: "category: 1</br>"
     y[8]: "category: A</br>"
    
     -- 3. Failure: topicsInText (@test_topicsInText.R#42) -------------------------
     Tall[127:145, 2] not equal to unname(T8).
     4/19 mismatches
     x[2]: "1"
     y[2]: "title 1"
    
     x[4]: "id: 1</br>"
     y[4]: "id: ID1</br>"
    
     x[6]: "title: 1</br>"
     y[6]: "title: title 1</br>"
    
     x[8]: "category: 1</br>"
     y[8]: "category: A</br>"
    
     == testthat results ===========================================================
     [ OK: 249 | SKIPPED: 0 | WARNINGS: 6 | FAILED: 3 ]
     1. Failure: topicsInText (@test_topicsInText.R#40)
     2. Failure: topicsInText (@test_topicsInText.R#41)
     3. Failure: topicsInText (@test_topicsInText.R#42)
    
     Error: testthat unit tests failed
     Execution halted
Flavor: r-devel-linux-x86_64-debian-clang

Version: 0.1-4
Check: installed package size
Result: NOTE
     installed size is 5.6Mb
     sub-directories of 1Mb or more:
     data 4.7Mb
Flavors: r-devel-linux-x86_64-fedora-clang, r-devel-windows-ix86+x86_64, r-devel-windows-ix86+x86_64-gcc8, r-patched-solaris-x86, r-release-windows-ix86+x86_64, r-release-osx-x86_64, r-oldrel-windows-ix86+x86_64, r-oldrel-osx-x86_64

Version: 0.1-4
Check: data for non-ASCII characters
Result: NOTE
     Note: found 1946 marked UTF-8 strings
Flavors: r-devel-linux-x86_64-fedora-clang, r-devel-linux-x86_64-fedora-gcc, r-patched-solaris-x86, r-release-osx-x86_64, r-oldrel-osx-x86_64