CRAN Package Check Results for Package tosr

Last updated on 2025-01-19 05:49:24 CET.

Flavor Version Tinstall Tcheck Ttotal Status Flags
r-devel-linux-x86_64-debian-clang 0.1.4 4.45 46.79 51.24 ERROR
r-devel-linux-x86_64-debian-gcc 0.1.4 2.98 34.61 37.59 ERROR
r-devel-linux-x86_64-fedora-clang 0.1.4 82.84 ERROR
r-devel-linux-x86_64-fedora-gcc 0.1.4 88.64 ERROR
r-devel-windows-x86_64 0.1.4 6.00 66.00 72.00 ERROR
r-patched-linux-x86_64 0.1.4 4.16 44.14 48.30 ERROR
r-release-linux-x86_64 0.1.4 3.68 44.37 48.05 ERROR
r-release-macos-arm64 0.1.4 33.00 OK
r-release-macos-x86_64 0.1.4 49.00 OK
r-release-windows-x86_64 0.1.4 6.00 66.00 72.00 ERROR
r-oldrel-macos-arm64 0.1.4 34.00 OK
r-oldrel-macos-x86_64 0.1.4 54.00 OK
r-oldrel-windows-x86_64 0.1.4 8.00 71.00 79.00 ERROR

Check Details

Version: 0.1.4
Check: tests
Result: ERROR Running ‘testthat.R’ [14s/18s] Running the tests in ‘tests/testthat.R’ failed. Complete output: > library(testthat) > library(tosr) > > test_check("tosr") [ FAIL 1 | WARN 230 | SKIP 0 | PASS 0 ] ══ Failed tests ════════════════════════════════════════════════════════════════ ── Failure ('test-tosr_load.R:4:3'): create ToS correctly ────────────────────── nrow(tosSAP(my_tosr_load$graph, my_tosr_load$df, my_tosr_load$nodes)) (`actual`) not equal to 128 (`expected`). `actual`: 127.0 `expected`: 128.0 [ FAIL 1 | WARN 230 | SKIP 0 | PASS 0 ] Error: Test failures Execution halted Flavor: r-devel-linux-x86_64-debian-clang

Version: 0.1.4
Check: tests
Result: ERROR Running ‘testthat.R’ [9s/13s] Running the tests in ‘tests/testthat.R’ failed. Complete output: > library(testthat) > library(tosr) > > test_check("tosr") [ FAIL 1 | WARN 230 | SKIP 0 | PASS 0 ] ══ Failed tests ════════════════════════════════════════════════════════════════ ── Failure ('test-tosr_load.R:4:3'): create ToS correctly ────────────────────── nrow(tosSAP(my_tosr_load$graph, my_tosr_load$df, my_tosr_load$nodes)) (`actual`) not equal to 128 (`expected`). `actual`: 127.0 `expected`: 128.0 [ FAIL 1 | WARN 230 | SKIP 0 | PASS 0 ] Error: Test failures Execution halted Flavor: r-devel-linux-x86_64-debian-gcc

Version: 0.1.4
Check: tests
Result: ERROR Running ‘testthat.R’ [22s/26s] Running the tests in ‘tests/testthat.R’ failed. Complete output: > library(testthat) > library(tosr) > > test_check("tosr") [ FAIL 1 | WARN 230 | SKIP 0 | PASS 0 ] ══ Failed tests ════════════════════════════════════════════════════════════════ ── Failure ('test-tosr_load.R:4:3'): create ToS correctly ────────────────────── nrow(tosSAP(my_tosr_load$graph, my_tosr_load$df, my_tosr_load$nodes)) (`actual`) not equal to 128 (`expected`). `actual`: 127.0 `expected`: 128.0 [ FAIL 1 | WARN 230 | SKIP 0 | PASS 0 ] Error: Test failures Execution halted Flavor: r-devel-linux-x86_64-fedora-clang

Version: 0.1.4
Check: tests
Result: ERROR Running ‘testthat.R’ [20s/22s] Running the tests in ‘tests/testthat.R’ failed. Complete output: > library(testthat) > library(tosr) > > test_check("tosr") [ FAIL 1 | WARN 230 | SKIP 0 | PASS 0 ] ══ Failed tests ════════════════════════════════════════════════════════════════ ── Failure ('test-tosr_load.R:4:3'): create ToS correctly ────────────────────── nrow(tosSAP(my_tosr_load$graph, my_tosr_load$df, my_tosr_load$nodes)) (`actual`) not equal to 128 (`expected`). `actual`: 127.0 `expected`: 128.0 [ FAIL 1 | WARN 230 | SKIP 0 | PASS 0 ] Error: Test failures Execution halted Flavor: r-devel-linux-x86_64-fedora-gcc

Version: 0.1.4
Check: tests
Result: ERROR Running 'testthat.R' [12s] Running the tests in 'tests/testthat.R' failed. Complete output: > library(testthat) > library(tosr) > > test_check("tosr") [ FAIL 1 | WARN 230 | SKIP 0 | PASS 0 ] ══ Failed tests ════════════════════════════════════════════════════════════════ ── Failure ('test-tosr_load.R:4:3'): create ToS correctly ────────────────────── nrow(tosSAP(my_tosr_load$graph, my_tosr_load$df, my_tosr_load$nodes)) (`actual`) not equal to 128 (`expected`). `actual`: 127.0 `expected`: 128.0 [ FAIL 1 | WARN 230 | SKIP 0 | PASS 0 ] Error: Test failures Execution halted Flavors: r-devel-windows-x86_64, r-release-windows-x86_64

Version: 0.1.4
Check: tests
Result: ERROR Running ‘testthat.R’ [13s/16s] Running the tests in ‘tests/testthat.R’ failed. Complete output: > library(testthat) > library(tosr) > > test_check("tosr") [ FAIL 1 | WARN 230 | SKIP 0 | PASS 0 ] ══ Failed tests ════════════════════════════════════════════════════════════════ ── Failure ('test-tosr_load.R:4:3'): create ToS correctly ────────────────────── nrow(tosSAP(my_tosr_load$graph, my_tosr_load$df, my_tosr_load$nodes)) (`actual`) not equal to 128 (`expected`). `actual`: 127.0 `expected`: 128.0 [ FAIL 1 | WARN 230 | SKIP 0 | PASS 0 ] Error: Test failures Execution halted Flavors: r-patched-linux-x86_64, r-release-linux-x86_64

Version: 0.1.4
Check: tests
Result: ERROR Running 'testthat.R' [15s] Running the tests in 'tests/testthat.R' failed. Complete output: > library(testthat) > library(tosr) > > test_check("tosr") [ FAIL 1 | WARN 230 | SKIP 0 | PASS 0 ] ══ Failed tests ════════════════════════════════════════════════════════════════ ── Failure ('test-tosr_load.R:4:3'): create ToS correctly ────────────────────── nrow(tosSAP(my_tosr_load$graph, my_tosr_load$df, my_tosr_load$nodes)) (`actual`) not equal to 128 (`expected`). `actual`: 127.0 `expected`: 128.0 [ FAIL 1 | WARN 230 | SKIP 0 | PASS 0 ] Error: Test failures Execution halted Flavor: r-oldrel-windows-x86_64