Last updated on 2025-01-19 05:49:24 CET.
Flavor | Version | Tinstall | Tcheck | Ttotal | Status | Flags |
---|---|---|---|---|---|---|
r-devel-linux-x86_64-debian-clang | 0.6.6 | 16.11 | 54.62 | 70.73 | OK | |
r-devel-linux-x86_64-debian-gcc | 0.6.6 | 10.21 | 37.46 | 47.67 | OK | |
r-devel-linux-x86_64-fedora-clang | 0.6.6 | 111.94 | OK | |||
r-devel-linux-x86_64-fedora-gcc | 0.6.6 | 108.04 | OK | |||
r-devel-windows-x86_64 | 0.6.6 | 17.00 | 80.00 | 97.00 | OK | |
r-patched-linux-x86_64 | 0.6.6 | 14.65 | 51.05 | 65.70 | OK | |
r-release-linux-x86_64 | 0.6.6 | 15.45 | 50.84 | 66.29 | OK | |
r-release-macos-arm64 | 0.6.6 | 33.00 | NOTE | |||
r-release-macos-x86_64 | 0.6.6 | 50.00 | NOTE | |||
r-release-windows-x86_64 | 0.6.6 | 17.00 | 83.00 | 100.00 | OK | |
r-oldrel-macos-arm64 | 0.6.6 | 35.00 | OK | |||
r-oldrel-macos-x86_64 | 0.6.6 | 53.00 | NOTE | |||
r-oldrel-windows-x86_64 | 0.6.6 | 16.00 | 86.00 | 102.00 | OK |
Version: 0.6.6
Check: installed package size
Result: NOTE
installed size is 5.6Mb
sub-directories of 1Mb or more:
data 5.2Mb
Flavors: r-release-macos-arm64, r-release-macos-x86_64, r-oldrel-macos-x86_64