CRAN Package Check Results for Package touchard

Last updated on 2020-07-09 12:48:19 CEST.

Flavor Version Tinstall Tcheck Ttotal Status Flags
r-devel-linux-x86_64-debian-clang 2.0.1 3.82 40.83 44.65 OK
r-devel-linux-x86_64-debian-gcc 2.0.1 3.27 31.40 34.67 OK
r-devel-linux-x86_64-fedora-clang 2.0.1 61.60 NOTE
r-devel-linux-x86_64-fedora-gcc 2.0.1 52.36 OK
r-devel-windows-ix86+x86_64 2.0.1 8.00 57.00 65.00 OK
r-patched-linux-x86_64 2.0.1 3.22 40.74 43.96 OK
r-patched-solaris-x86 2.0.1 75.30 OK
r-release-linux-x86_64 2.0.1 3.86 41.39 45.25 OK
r-release-osx-x86_64 2.0.1 OK
r-release-windows-ix86+x86_64 2.0.1 9.00 112.00 121.00 OK
r-oldrel-osx-x86_64 2.0.1 OK
r-oldrel-windows-ix86+x86_64 2.0.1 9.00 69.00 78.00 OK

Check Details

Version: 2.0.1
Check: Rd cross-references
Result: NOTE
    Undeclared package ‘vcd’ in Rd xrefs
Flavor: r-devel-linux-x86_64-fedora-clang