Last updated on 2024-04-17 13:57:47 CEST.
Flavor | Version | Tinstall | Tcheck | Ttotal | Status | Flags |
---|---|---|---|---|---|---|
r-devel-linux-x86_64-debian-clang | 0.3.3 | 10.06 | 126.11 | 136.17 | OK | |
r-devel-linux-x86_64-debian-gcc | 0.3.3 | 6.51 | 85.63 | 92.14 | OK | |
r-devel-linux-x86_64-fedora-clang | 0.3.3 | 154.95 | NOTE | |||
r-devel-linux-x86_64-fedora-gcc | 0.3.3 | 159.20 | OK | |||
r-prerel-macos-arm64 | 0.3.3 | 54.00 | OK | |||
r-prerel-macos-x86_64 | 0.3.3 | 136.00 | OK | |||
r-prerel-windows-x86_64 | 0.3.3 | 9.00 | 110.00 | 119.00 | OK | |
r-patched-linux-x86_64 | 0.3.3 | 10.09 | 108.05 | 118.14 | OK | |
r-release-linux-x86_64 | 0.3.3 | 10.13 | 107.09 | 117.22 | OK | |
r-release-macos-arm64 | 0.3.3 | 67.00 | OK | |||
r-release-macos-x86_64 | 0.3.3 | 117.00 | OK | |||
r-release-windows-x86_64 | 0.3.3 | 12.00 | 131.00 | 143.00 | OK | |
r-oldrel-macos-arm64 | 0.3.3 | 54.00 | OK | |||
r-oldrel-windows-x86_64 | 0.3.3 | 13.00 | 129.00 | 142.00 | OK |
Version: 0.3.3
Check: Rd cross-references
Result: NOTE
Undeclared package ‘rlang’ in Rd xrefs
Flavor: r-devel-linux-x86_64-fedora-clang