CRAN Package Check Results for Package trackdf

Last updated on 2020-07-12 12:47:48 CEST.

Flavor Version Tinstall Tcheck Ttotal Status Flags
r-devel-linux-x86_64-debian-clang 0.2.1 2.76 60.98 63.74 OK
r-devel-linux-x86_64-debian-gcc 0.2.1 2.54 46.61 49.15 OK
r-devel-linux-x86_64-fedora-clang 0.2.1 82.47 NOTE
r-devel-linux-x86_64-fedora-gcc 0.2.1 81.26 NOTE
r-devel-windows-ix86+x86_64 0.2.1 12.00 122.00 134.00 OK
r-patched-linux-x86_64 0.2.1 3.37 58.91 62.28 OK
r-patched-solaris-x86 0.2.1 112.10 NOTE
r-release-linux-x86_64 0.2.1 3.17 58.72 61.89 OK
r-release-macos-x86_64 0.2.1 NOTE
r-release-windows-ix86+x86_64 0.2.1 9.00 119.00 128.00 OK
r-oldrel-macos-x86_64 0.2.1 NOTE
r-oldrel-windows-ix86+x86_64 0.2.1 9.00 94.00 103.00 OK

Check Details

Version: 0.2.1
Check: dependencies in R code
Result: NOTE
    Namespace in Imports field not imported from: ‘rgdal’
     All declared Imports should be used.
Flavors: r-devel-linux-x86_64-fedora-clang, r-devel-linux-x86_64-fedora-gcc, r-patched-solaris-x86, r-release-macos-x86_64, r-oldrel-macos-x86_64

Version: 0.2.1
Check: Rd cross-references
Result: NOTE
    Undeclared package ‘rlang’ in Rd xrefs
Flavor: r-devel-linux-x86_64-fedora-clang

Version: 0.2.1
Check: package dependencies
Result: NOTE
    Package suggested but not available for checking: ‘moveVis’
Flavor: r-patched-solaris-x86

Version: 0.2.1
Check: installed package size
Result: NOTE
     installed size is 5.6Mb
     sub-directories of 1Mb or more:
     extdata 5.3Mb
Flavor: r-patched-solaris-x86