Last updated on 2024-04-21 13:55:49 CEST.
Flavor | Version | Tinstall | Tcheck | Ttotal | Status | Flags |
---|---|---|---|---|---|---|
r-devel-linux-x86_64-debian-clang | 1.6.0 | 14.60 | 290.26 | 304.86 | OK | |
r-devel-linux-x86_64-debian-gcc | 1.6.0 | 11.25 | 215.76 | 227.01 | OK | |
r-devel-linux-x86_64-fedora-clang | 1.6.0 | 380.06 | NOTE | |||
r-devel-linux-x86_64-fedora-gcc | 1.6.0 | 379.93 | OK | |||
r-prerel-macos-arm64 | 1.6.0 | 113.00 | NOTE | |||
r-prerel-windows-x86_64 | 1.6.0 | 14.00 | 262.00 | 276.00 | NOTE | |
r-patched-linux-x86_64 | 1.6.0 | 18.71 | 277.93 | 296.64 | OK | |
r-release-linux-x86_64 | 1.6.0 | 13.27 | 282.09 | 295.36 | OK | |
r-release-macos-arm64 | 1.6.0 | 145.00 | NOTE | |||
r-release-macos-x86_64 | 1.6.0 | 294.00 | NOTE | |||
r-release-windows-x86_64 | 1.6.0 | 17.00 | 300.00 | 317.00 | NOTE | |
r-oldrel-macos-arm64 | 1.6.0 | 140.00 | NOTE | |||
r-oldrel-windows-x86_64 | 1.6.0 | 19.00 | 293.00 | 312.00 | NOTE |
Version: 1.6.0
Check: installed package size
Result: NOTE
installed size is 6.2Mb
sub-directories of 1Mb or more:
data 2.2Mb
doc 2.8Mb
Flavors: r-devel-linux-x86_64-fedora-clang, r-prerel-macos-arm64, r-prerel-windows-x86_64, r-release-macos-arm64, r-release-macos-x86_64, r-release-windows-x86_64, r-oldrel-macos-arm64, r-oldrel-windows-x86_64