CRAN Package Check Results for Package trafo

Last updated on 2025-01-19 05:49:24 CET.

Flavor Version Tinstall Tcheck Ttotal Status Flags
r-devel-linux-x86_64-debian-clang 1.0.1 6.99 51.96 58.95 OK
r-devel-linux-x86_64-debian-gcc 1.0.1 4.34 36.97 41.31 OK
r-devel-linux-x86_64-fedora-clang 1.0.1 97.40 OK
r-devel-linux-x86_64-fedora-gcc 1.0.1 105.39 OK
r-devel-windows-x86_64 1.0.1 9.00 80.00 89.00 OK
r-patched-linux-x86_64 1.0.1 7.32 49.59 56.91 NOTE
r-release-linux-x86_64 1.0.1 5.80 49.21 55.01 NOTE
r-release-macos-arm64 1.0.1 31.00 NOTE
r-release-macos-x86_64 1.0.1 51.00 NOTE
r-release-windows-x86_64 1.0.1 9.00 76.00 85.00 NOTE
r-oldrel-macos-arm64 1.0.1 32.00 NOTE
r-oldrel-macos-x86_64 1.0.1 51.00 NOTE
r-oldrel-windows-x86_64 1.0.1 9.00 83.00 92.00 NOTE

Check Details

Version: 1.0.1
Check: LazyData
Result: NOTE 'LazyData' is specified without a 'data' directory Flavors: r-patched-linux-x86_64, r-release-linux-x86_64, r-release-macos-arm64, r-release-macos-x86_64, r-release-windows-x86_64, r-oldrel-macos-arm64, r-oldrel-macos-x86_64, r-oldrel-windows-x86_64