Last updated on 2025-01-19 05:49:24 CET.
Flavor | Version | Tinstall | Tcheck | Ttotal | Status | Flags |
---|---|---|---|---|---|---|
r-devel-linux-x86_64-debian-clang | 0.1.0 | 9.39 | 223.11 | 232.50 | NOTE | |
r-devel-linux-x86_64-debian-gcc | 0.1.0 | 7.40 | 154.22 | 161.62 | NOTE | |
r-devel-linux-x86_64-fedora-clang | 0.1.0 | 381.34 | NOTE | |||
r-devel-linux-x86_64-fedora-gcc | 0.1.0 | 351.74 | NOTE | |||
r-devel-windows-x86_64 | 0.1.0 | 11.00 | 223.00 | 234.00 | NOTE | |
r-patched-linux-x86_64 | 0.1.0 | 9.48 | 206.29 | 215.77 | NOTE | |
r-release-linux-x86_64 | 0.1.0 | 9.15 | 203.15 | 212.30 | NOTE | |
r-release-macos-arm64 | 0.1.0 | 110.00 | NOTE | |||
r-release-macos-x86_64 | 0.1.0 | 177.00 | NOTE | |||
r-release-windows-x86_64 | 0.1.0 | 11.00 | 218.00 | 229.00 | NOTE | |
r-oldrel-macos-arm64 | 0.1.0 | 102.00 | OK | |||
r-oldrel-macos-x86_64 | 0.1.0 | 274.00 | OK | |||
r-oldrel-windows-x86_64 | 0.1.0 | 12.00 | 273.00 | 285.00 | OK |
Version: 0.1.0
Check: Rd files
Result: NOTE
checkRd: (-1) trait_missing.Rd:17-18: Lost braces in \itemize; \value handles \item{}{} directly
checkRd: (-1) trait_missing.Rd:19-20: Lost braces in \itemize; \value handles \item{}{} directly
checkRd: (-1) trait_missing.Rd:21-22: Lost braces in \itemize; \value handles \item{}{} directly
checkRd: (-1) trait_missing.Rd:23-24: Lost braces in \itemize; \value handles \item{}{} directly
Flavors: r-devel-linux-x86_64-debian-clang, r-devel-linux-x86_64-debian-gcc, r-devel-linux-x86_64-fedora-clang, r-devel-linux-x86_64-fedora-gcc, r-devel-windows-x86_64, r-patched-linux-x86_64, r-release-linux-x86_64, r-release-macos-arm64, r-release-macos-x86_64, r-release-windows-x86_64