CRAN Package Check Results for Package trajectories

Last updated on 2020-05-28 12:48:53 CEST.

Flavor Version Tinstall Tcheck Ttotal Status Flags
r-devel-linux-x86_64-debian-clang 0.2-1 12.24 163.04 175.28 NOTE
r-devel-linux-x86_64-debian-gcc 0.2-1 9.93 124.52 134.45 NOTE
r-devel-linux-x86_64-fedora-clang 0.2-1 178.30 NOTE
r-devel-linux-x86_64-fedora-gcc 0.2-1 176.50 NOTE
r-devel-windows-ix86+x86_64 0.2-1 28.00 264.00 292.00 NOTE
r-patched-linux-x86_64 0.2-1 12.15 160.67 172.82 NOTE
r-patched-solaris-x86 0.2-1 286.20 NOTE
r-release-linux-x86_64 0.2-1 11.48 159.61 171.09 NOTE
r-release-osx-x86_64 0.2-1 NOTE
r-release-windows-ix86+x86_64 0.2-1 16.00 189.00 205.00 NOTE
r-oldrel-osx-x86_64 0.2-1 NOTE
r-oldrel-windows-ix86+x86_64 0.2-1 24.00 186.00 210.00 NOTE

Check Details

Version: 0.2-1
Check: package dependencies
Result: NOTE
    Package suggested but not available for checking: 'taxidata'
Flavors: r-devel-linux-x86_64-debian-clang, r-devel-linux-x86_64-debian-gcc, r-devel-linux-x86_64-fedora-clang, r-devel-linux-x86_64-fedora-gcc, r-devel-windows-ix86+x86_64, r-patched-linux-x86_64, r-patched-solaris-x86, r-release-linux-x86_64, r-release-osx-x86_64, r-release-windows-ix86+x86_64, r-oldrel-osx-x86_64, r-oldrel-windows-ix86+x86_64