Last updated on 2025-01-19 05:49:24 CET.
Flavor | Version | Tinstall | Tcheck | Ttotal | Status | Flags |
---|---|---|---|---|---|---|
r-devel-linux-x86_64-debian-clang | 1.0.7 | 130.21 | 245.61 | 375.82 | OK | |
r-devel-linux-x86_64-debian-gcc | 1.0.7 | 113.79 | 178.77 | 292.56 | OK | |
r-devel-linux-x86_64-fedora-clang | 1.0.7 | 440.79 | OK | |||
r-devel-linux-x86_64-fedora-gcc | 1.0.7 | 606.47 | OK | |||
r-devel-windows-x86_64 | 1.0.7 | 121.00 | 330.00 | 451.00 | OK | |
r-patched-linux-x86_64 | 1.0.7 | 151.29 | 239.30 | 390.59 | OK | |
r-release-linux-x86_64 | 1.0.7 | 151.57 | 240.13 | 391.70 | OK | |
r-release-macos-arm64 | 1.0.7 | 174.00 | NOTE | |||
r-release-macos-x86_64 | 1.0.7 | 342.00 | NOTE | |||
r-release-windows-x86_64 | 1.0.7 | 122.00 | 326.00 | 448.00 | NOTE | |
r-oldrel-macos-arm64 | 1.0.7 | 175.00 | NOTE | |||
r-oldrel-macos-x86_64 | 1.0.7 | 343.00 | NOTE | |||
r-oldrel-windows-x86_64 | 1.0.7 | 139.00 | 381.00 | 520.00 | NOTE |
Version: 1.0.7
Check: installed package size
Result: NOTE
installed size is 69.1Mb
sub-directories of 1Mb or more:
doc 2.3Mb
libs 66.2Mb
Flavors: r-release-macos-arm64, r-release-macos-x86_64, r-release-windows-x86_64, r-oldrel-macos-arm64, r-oldrel-macos-x86_64, r-oldrel-windows-x86_64