Last updated on 2025-02-08 20:48:37 CET.
Flavor | Version | Tinstall | Tcheck | Ttotal | Status | Flags |
---|---|---|---|---|---|---|
r-devel-linux-x86_64-debian-clang | 0.0.1 | 4.62 | 49.88 | 54.50 | NOTE | |
r-devel-linux-x86_64-debian-gcc | 0.0.1 | 3.15 | 33.91 | 37.06 | NOTE | |
r-devel-linux-x86_64-fedora-clang | 0.0.1 | 88.84 | NOTE | |||
r-devel-linux-x86_64-fedora-gcc | 0.0.1 | 80.11 | NOTE | |||
r-devel-windows-x86_64 | 0.0.1 | 4.00 | 73.00 | 77.00 | NOTE | |
r-patched-linux-x86_64 | 0.0.1 | 6.11 | 46.93 | 53.04 | OK | |
r-release-linux-x86_64 | 0.0.1 | 3.66 | 46.63 | 50.29 | OK | |
r-release-macos-arm64 | 0.0.1 | 32.00 | OK | |||
r-release-macos-x86_64 | 0.0.1 | 61.00 | OK | |||
r-release-windows-x86_64 | 0.0.1 | 5.00 | 70.00 | 75.00 | OK | |
r-oldrel-windows-x86_64 | 0.0.1 | 5.00 | 87.00 | 92.00 | OK |
Version: 0.0.1
Check: DESCRIPTION meta-information
Result: NOTE
Missing dependency on R >= 4.2.0 because package code uses the pipe
placeholder syntax added in R 4.2.0.
File(s) using such syntax:
‘normalize.R’
Flavors: r-devel-linux-x86_64-debian-clang, r-devel-linux-x86_64-debian-gcc, r-devel-linux-x86_64-fedora-clang, r-devel-linux-x86_64-fedora-gcc, r-devel-windows-x86_64