Last updated on 2024-05-01 16:53:15 CEST.
Flavor | Version | Tinstall | Tcheck | Ttotal | Status | Flags |
---|---|---|---|---|---|---|
r-devel-linux-x86_64-debian-clang | 0.1.0 | 63.60 | 38.99 | 102.59 | OK | |
r-devel-linux-x86_64-debian-gcc | 0.1.0 | 40.98 | 30.31 | 71.29 | OK | |
r-devel-linux-x86_64-fedora-clang | 0.1.0 | 141.02 | OK | |||
r-devel-linux-x86_64-fedora-gcc | 0.1.0 | 135.24 | OK | |||
r-devel-windows-x86_64 | 0.1.0 | 44.00 | 68.00 | 112.00 | OK | |
r-patched-linux-x86_64 | 0.1.0 | 54.89 | 39.46 | 94.35 | OK | |
r-release-linux-x86_64 | 0.1.0 | 57.74 | 39.06 | 96.80 | OK | |
r-release-macos-arm64 | 0.1.0 | 34.00 | NOTE | |||
r-release-windows-x86_64 | 0.1.0 | 44.00 | 66.00 | 110.00 | OK | |
r-oldrel-macos-arm64 | 0.1.0 | 39.00 | NOTE | |||
r-oldrel-macos-x86_64 | 0.1.0 | 57.00 | NOTE | |||
r-oldrel-windows-x86_64 | 0.1.0 | 55.00 | 76.00 | 131.00 | OK |
Version: 0.1.0
Check: installed package size
Result: NOTE
installed size is 7.9Mb
sub-directories of 1Mb or more:
libs 7.8Mb
Flavors: r-release-macos-arm64, r-oldrel-macos-arm64, r-oldrel-macos-x86_64