Last updated on 2024-04-17 13:57:47 CEST.
Flavor | Version | Tinstall | Tcheck | Ttotal | Status | Flags |
---|---|---|---|---|---|---|
r-devel-linux-x86_64-debian-clang | 0.15-0 | 101.95 | 84.18 | 186.13 | OK | |
r-devel-linux-x86_64-debian-gcc | 0.15-0 | 87.48 | 62.73 | 150.21 | OK | |
r-devel-linux-x86_64-fedora-clang | 0.15-0 | 306.26 | OK | |||
r-devel-linux-x86_64-fedora-gcc | 0.15-0 | 268.56 | OK | |||
r-prerel-macos-arm64 | 0.15-0 | 55.00 | NOTE | |||
r-prerel-macos-x86_64 | 0.15-0 | 126.00 | NOTE | |||
r-prerel-windows-x86_64 | 0.15-0 | 93.00 | 112.00 | 205.00 | OK | |
r-patched-linux-x86_64 | 0.15-0 | 113.99 | 83.79 | 197.78 | OK | |
r-release-linux-x86_64 | 0.15-0 | 113.03 | 84.78 | 197.81 | OK | |
r-release-macos-arm64 | 0.15-0 | 76.00 | NOTE | |||
r-release-macos-x86_64 | 0.15-0 | 127.00 | NOTE | |||
r-release-windows-x86_64 | 0.15-0 | 115.00 | 128.00 | 243.00 | OK | |
r-oldrel-macos-arm64 | 0.15-0 | 71.00 | NOTE | |||
r-oldrel-windows-x86_64 | 0.15-0 | 102.00 | 118.00 | 220.00 | OK |
Version: 0.15-0
Check: installed package size
Result: NOTE
installed size is 8.6Mb
sub-directories of 1Mb or more:
libs 8.0Mb
Flavors: r-prerel-macos-arm64, r-prerel-macos-x86_64, r-release-macos-arm64, r-release-macos-x86_64, r-oldrel-macos-arm64