Last updated on 2025-01-19 05:49:24 CET.
Flavor | Version | Tinstall | Tcheck | Ttotal | Status | Flags |
---|---|---|---|---|---|---|
r-devel-linux-x86_64-debian-clang | 1.0.3 | 2.99 | 108.06 | 111.05 | OK | |
r-devel-linux-x86_64-debian-gcc | 1.0.3 | 2.39 | 71.13 | 73.52 | OK | |
r-devel-linux-x86_64-fedora-clang | 1.0.3 | 195.85 | OK | |||
r-devel-linux-x86_64-fedora-gcc | 1.0.3 | 194.31 | OK | |||
r-devel-windows-x86_64 | 1.0.3 | 5.00 | 118.00 | 123.00 | OK | |
r-patched-linux-x86_64 | 1.0.3 | 3.61 | 104.32 | 107.93 | NOTE | |
r-release-linux-x86_64 | 1.0.3 | 2.70 | 105.81 | 108.51 | NOTE | |
r-release-macos-arm64 | 1.0.3 | 59.00 | NOTE | |||
r-release-macos-x86_64 | 1.0.3 | 107.00 | NOTE | |||
r-release-windows-x86_64 | 1.0.3 | 5.00 | 117.00 | 122.00 | NOTE | |
r-oldrel-macos-arm64 | 1.0.3 | 60.00 | NOTE | |||
r-oldrel-macos-x86_64 | 1.0.3 | 112.00 | NOTE | |||
r-oldrel-windows-x86_64 | 1.0.3 | 5.00 | 150.00 | 155.00 | NOTE |
Version: 1.0.3
Check: package dependencies
Result: NOTE
Package suggested but not available for checking: ‘fwelnet’
Flavors: r-patched-linux-x86_64, r-release-linux-x86_64, r-release-macos-arm64, r-release-macos-x86_64, r-oldrel-macos-arm64, r-oldrel-macos-x86_64
Version: 1.0.3
Check: package dependencies
Result: NOTE
Packages suggested but not available for checking: 'fwelnet', 'doMC'
Flavors: r-release-windows-x86_64, r-oldrel-windows-x86_64