Last updated on 2024-05-01 16:53:15 CEST.
Flavor | Version | Tinstall | Tcheck | Ttotal | Status | Flags |
---|---|---|---|---|---|---|
r-devel-linux-x86_64-debian-clang | 0.0.1 | 3.53 | 61.68 | 65.21 | NOTE | |
r-devel-linux-x86_64-debian-gcc | 0.0.1 | 3.03 | 48.26 | 51.29 | NOTE | |
r-devel-linux-x86_64-fedora-clang | 0.0.1 | 87.27 | NOTE | |||
r-devel-linux-x86_64-fedora-gcc | 0.0.1 | 95.06 | NOTE | |||
r-devel-windows-x86_64 | 0.0.1 | 4.00 | 83.00 | 87.00 | NOTE | |
r-patched-linux-x86_64 | 0.0.1 | 4.68 | 63.12 | 67.80 | NOTE | |
r-release-linux-x86_64 | 0.0.1 | 3.47 | 62.98 | 66.45 | NOTE | |
r-release-macos-arm64 | 0.0.1 | 30.00 | NOTE | |||
r-release-windows-x86_64 | 0.0.1 | 4.00 | 81.00 | 85.00 | NOTE | |
r-oldrel-macos-arm64 | 0.0.1 | 35.00 | NOTE | |||
r-oldrel-macos-x86_64 | 0.0.1 | 54.00 | NOTE | |||
r-oldrel-windows-x86_64 | 0.0.1 | 6.00 | 83.00 | 89.00 | NOTE |
Version: 0.0.1
Check: LazyData
Result: NOTE
'LazyData' is specified without a 'data' directory
Flavors: r-devel-linux-x86_64-debian-clang, r-devel-linux-x86_64-debian-gcc, r-devel-linux-x86_64-fedora-clang, r-devel-linux-x86_64-fedora-gcc, r-devel-windows-x86_64, r-patched-linux-x86_64, r-release-linux-x86_64, r-release-macos-arm64, r-release-windows-x86_64, r-oldrel-macos-arm64, r-oldrel-macos-x86_64, r-oldrel-windows-x86_64