Last updated on 2025-01-19 05:49:24 CET.
Flavor | Version | Tinstall | Tcheck | Ttotal | Status | Flags |
---|---|---|---|---|---|---|
r-devel-linux-x86_64-debian-clang | 1.70.5 | 57.73 | 189.23 | 246.96 | OK | |
r-devel-linux-x86_64-debian-gcc | 1.70.5 | 45.50 | 90.86 | 136.36 | OK | |
r-devel-linux-x86_64-fedora-clang | 1.70.5 | 273.76 | OK | |||
r-devel-linux-x86_64-fedora-gcc | 1.70.5 | 296.50 | OK | |||
r-devel-windows-x86_64 | 1.70.5 | 70.00 | 197.00 | 267.00 | OK | |
r-patched-linux-x86_64 | 1.70.5 | 66.87 | 129.29 | 196.16 | OK | |
r-release-linux-x86_64 | 1.70.5 | 65.05 | 128.19 | 193.24 | OK | |
r-release-macos-arm64 | 1.70.5 | 101.00 | NOTE | |||
r-release-macos-x86_64 | 1.70.5 | 168.00 | NOTE | |||
r-release-windows-x86_64 | 1.70.5 | 68.00 | 191.00 | 259.00 | OK | |
r-oldrel-macos-arm64 | 1.70.5 | 152.00 | NOTE | |||
r-oldrel-macos-x86_64 | 1.70.5 | 233.00 | NOTE | |||
r-oldrel-windows-x86_64 | 1.70.5 | 76.00 | 239.00 | 315.00 | OK |
Version: 1.70.5
Check: installed package size
Result: NOTE
installed size is 8.6Mb
sub-directories of 1Mb or more:
doc 3.1Mb
libs 5.0Mb
Flavors: r-release-macos-arm64, r-release-macos-x86_64, r-oldrel-macos-arm64, r-oldrel-macos-x86_64