Last updated on 2024-04-21 13:55:49 CEST.
Flavor | Version | Tinstall | Tcheck | Ttotal | Status | Flags |
---|---|---|---|---|---|---|
r-devel-linux-x86_64-debian-clang | 0.1.6 | 1116.08 | 605.71 | 1721.79 | NOTE | |
r-devel-linux-x86_64-debian-gcc | 0.1.6 | 1078.45 | 562.32 | 1640.77 | NOTE | |
r-devel-linux-x86_64-fedora-clang | 0.1.6 | 2199.18 | NOTE | |||
r-devel-linux-x86_64-fedora-gcc | 0.1.6 | 2836.16 | NOTE | |||
r-prerel-macos-arm64 | 0.1.6 | 603.00 | NOTE | |||
r-prerel-windows-x86_64 | 0.1.6 | 878.00 | 638.00 | 1516.00 | NOTE | |
r-patched-linux-x86_64 | 0.1.6 | 836.07 | 728.78 | 1564.85 | NOTE | |
r-release-linux-x86_64 | 0.1.6 | 931.75 | 722.20 | 1653.95 | NOTE | |
r-release-macos-arm64 | 0.1.6 | 579.00 | NOTE | |||
r-release-macos-x86_64 | 0.1.6 | 947.00 | NOTE | |||
r-release-windows-x86_64 | 0.1.6 | 1096.00 | 769.00 | 1865.00 | NOTE | |
r-oldrel-macos-arm64 | 0.1.6 | 354.00 | NOTE | |||
r-oldrel-windows-x86_64 | 0.1.6 | 1076.00 | 735.00 | 1811.00 | NOTE |
Version: 0.1.6
Check: for GNU extensions in Makefiles
Result: NOTE
GNU make is a SystemRequirements.
Flavors: r-devel-linux-x86_64-debian-clang, r-devel-linux-x86_64-debian-gcc, r-devel-linux-x86_64-fedora-clang, r-devel-linux-x86_64-fedora-gcc, r-prerel-macos-arm64, r-prerel-windows-x86_64, r-patched-linux-x86_64, r-release-linux-x86_64, r-release-macos-arm64, r-release-macos-x86_64, r-release-windows-x86_64, r-oldrel-macos-arm64, r-oldrel-windows-x86_64
Version: 0.1.6
Check: installed package size
Result: NOTE
installed size is 14.5Mb
sub-directories of 1Mb or more:
doc 3.9Mb
libs 9.5Mb
Flavors: r-devel-linux-x86_64-fedora-clang, r-prerel-macos-arm64, r-prerel-windows-x86_64, r-release-macos-arm64, r-release-macos-x86_64, r-release-windows-x86_64, r-oldrel-macos-arm64, r-oldrel-windows-x86_64