Last updated on 2024-04-21 13:55:49 CEST.
Flavor | Version | Tinstall | Tcheck | Ttotal | Status | Flags |
---|---|---|---|---|---|---|
r-devel-linux-x86_64-debian-clang | 0.5.0 | 2.37 | 21.80 | 24.17 | NOTE | |
r-devel-linux-x86_64-debian-gcc | 0.5.0 | 1.88 | 17.55 | 19.43 | NOTE | |
r-devel-linux-x86_64-fedora-clang | 0.5.0 | 30.72 | NOTE | |||
r-devel-linux-x86_64-fedora-gcc | 0.5.0 | 29.84 | NOTE | |||
r-prerel-macos-arm64 | 0.5.0 | 12.00 | NOTE | |||
r-prerel-windows-x86_64 | 0.5.0 | 3.00 | 37.00 | 40.00 | NOTE | |
r-patched-linux-x86_64 | 0.5.0 | 2.61 | 22.23 | 24.84 | NOTE | |
r-release-linux-x86_64 | 0.5.0 | 2.08 | 22.40 | 24.48 | NOTE | |
r-release-macos-arm64 | 0.5.0 | 15.00 | NOTE | |||
r-release-macos-x86_64 | 0.5.0 | 18.00 | NOTE | |||
r-release-windows-x86_64 | 0.5.0 | 3.00 | 36.00 | 39.00 | NOTE | |
r-oldrel-macos-arm64 | 0.5.0 | 14.00 | NOTE | |||
r-oldrel-windows-x86_64 | 0.5.0 | 5.00 | 43.00 | 48.00 | NOTE |
Version: 0.5.0
Check: LazyData
Result: NOTE
'LazyData' is specified without a 'data' directory
Flavors: r-devel-linux-x86_64-debian-clang, r-devel-linux-x86_64-debian-gcc, r-devel-linux-x86_64-fedora-clang, r-devel-linux-x86_64-fedora-gcc, r-prerel-macos-arm64, r-prerel-windows-x86_64, r-patched-linux-x86_64, r-release-linux-x86_64, r-release-macos-arm64, r-release-macos-x86_64, r-release-windows-x86_64, r-oldrel-macos-arm64, r-oldrel-windows-x86_64