CRAN Package Check Results for Package triplesmatch

Last updated on 2025-01-19 05:49:24 CET.

Flavor Version Tinstall Tcheck Ttotal Status Flags
r-devel-linux-x86_64-debian-clang 1.1.0 6.37 57.06 63.43 OK
r-devel-linux-x86_64-debian-gcc 1.1.0 4.78 40.67 45.45 OK
r-devel-linux-x86_64-fedora-clang 1.1.0 108.07 OK
r-devel-linux-x86_64-fedora-gcc 1.1.0 98.82 OK
r-devel-windows-x86_64 1.1.0 9.00 79.00 88.00 OK
r-patched-linux-x86_64 1.1.0 6.72 53.36 60.08 NOTE
r-release-linux-x86_64 1.1.0 6.11 54.15 60.26 NOTE
r-release-macos-arm64 1.1.0 32.00 NOTE
r-release-macos-x86_64 1.1.0 76.00 NOTE
r-release-windows-x86_64 1.1.0 8.00 77.00 85.00 NOTE
r-oldrel-macos-arm64 1.1.0 35.00 NOTE
r-oldrel-macos-x86_64 1.1.0 63.00 NOTE
r-oldrel-windows-x86_64 1.1.0 10.00 87.00 97.00 NOTE

Check Details

Version: 1.1.0
Check: package dependencies
Result: NOTE Packages suggested but not available for checking: 'rrelaxiv', 'gurobi' Flavors: r-patched-linux-x86_64, r-release-linux-x86_64, r-release-macos-arm64, r-release-macos-x86_64, r-release-windows-x86_64, r-oldrel-macos-arm64, r-oldrel-macos-x86_64, r-oldrel-windows-x86_64